-- Table structure for table `po_numbers`
--

CREATE TABLE `po_numbers` (
  `id` int NOT NULL AUTO_INCREMENT,
  `project_id` int NOT NULL,
  `user_id` int NOT NULL,
  `po_number` varchar(199) NOT NULL,
  `po_cost` bigint DEFAULT NULL,
  `created_at` timestamp NOT NULL DEFAULT CURRENT_TIMESTAMP,
  `updated_at` timestamp NULL DEFAULT NULL,
  `deleted_at` timestamp NULL DEFAULT NULL,
  PRIMARY KEY (`id`)
) ENGINE=InnoDB AUTO_INCREMENT=54 DEFAULT CHARSET=utf8mb3;

--
-- Dumping data for table `po_numbers`
--

INSERT INTO `po_numbers` VALUES (1,31,1524,'TEY89',NULL,'2021-06-09 09:01:26','2021-06-09 09:01:26',NULL),(2,44,1524,'9998887776',NULL,'2021-06-15 12:00:51','2021-06-15 12:00:51',NULL),(3,44,1524,'9998887777',NULL,'2021-06-15 12:01:04','2021-06-15 12:01:04',NULL),(4,44,1524,'12345',NULL,'2021-06-15 12:05:10','2021-06-15 12:05:10',NULL),(5,46,1524,'TWO90',NULL,'2021-06-17 09:04:47','2021-06-17 09:04:47',NULL),(6,47,1524,'123456',NULL,'2021-06-17 10:38:37','2021-06-17 10:38:37',NULL),(7,47,1524,'23466',NULL,'2021-06-19 12:56:51','2021-06-19 12:56:51',NULL),(8,51,1524,'0025188827',2025746,'2021-07-01 13:09:29','2021-07-07 06:14:59',NULL),(9,53,598,'0025199217',63989,'2021-07-06 13:49:53','2021-07-07 06:14:59',NULL),(10,53,598,'0025196621',1375820,'2021-07-06 13:50:03','2021-07-07 06:14:59',NULL),(11,53,598,'0015315160',100000,'2021-07-06 13:50:53','2021-07-07 06:14:59',NULL),(12,53,598,'0025198308',197504,'2021-07-06 13:51:01','2021-07-07 06:14:59',NULL),(13,53,598,'0015311980',40000,'2021-07-06 13:51:37','2021-07-07 06:14:59',NULL),(14,52,61,'0025198336',1503620,'2021-07-06 14:26:52','2021-07-07 06:14:59',NULL),(15,52,61,'0025199562',55187,'2021-07-06 14:27:00','2021-07-07 06:14:59',NULL),(16,52,61,'0025198314',401568,'2021-07-06 14:27:08','2021-07-07 06:14:59',NULL),(17,52,61,'0015316995',165000,'2021-07-06 14:27:19','2021-07-07 06:14:59',NULL),(18,51,1524,'0025188828',2606755,'2021-07-07 04:39:11','2021-07-07 06:14:59',NULL),(19,51,1524,'0025189119',1643080,'2021-07-07 04:39:21','2021-07-07 06:14:59',NULL),(20,51,1524,'0015303546',200000,'2021-07-07 04:39:30','2021-07-07 06:14:59',NULL),(21,51,1524,'0025189357',4658835,'2021-07-09 05:25:09','2021-07-09 07:29:02',NULL),(22,55,1524,'0015285962',90000,'2021-07-11 17:06:33','2021-07-12 11:29:04',NULL),(23,55,1524,'0015312439',30000,'2021-07-11 17:06:40','2021-07-12 11:29:04',NULL),(24,55,1524,'0015314137',200000,'2021-07-11 17:06:47','2021-07-12 11:29:04',NULL),(25,55,1524,'0015315258',66000,'2021-07-11 17:06:54','2021-07-12 11:29:04',NULL),(26,55,1524,'0025196666',1912170,'2021-07-11 17:07:00','2021-07-12 11:29:04',NULL),(27,55,1524,'0025200381',35000,'2021-07-11 17:07:13','2021-07-12 11:29:03',NULL),(28,54,1524,'0015310557',30000,'2021-07-11 17:08:37','2021-07-12 11:29:04',NULL),(29,54,1524,'0025196434',1770060,'2021-07-11 17:09:07','2021-07-12 11:29:04',NULL),(30,54,1524,'0025198509',504755,'2021-07-11 17:09:16','2021-07-12 11:29:04',NULL),(31,54,1524,'0015314754',195000,'2021-07-11 17:09:22','2022-03-25 14:30:08',NULL),(32,54,1524,'0025199092',4500,'2021-07-11 17:09:28','2021-07-12 11:29:03',NULL),(33,59,643,'0025201240',601024,'2021-07-15 09:24:47','2021-07-15 11:29:03',NULL),(34,58,643,'0025200656',4270878,'2021-07-16 04:51:01','2021-11-30 16:29:02',NULL),(35,59,643,'0025200527',1549279,'2021-07-16 04:56:24','2021-07-16 07:29:02',NULL),(36,58,643,'0025200531',65000,'2021-07-16 04:57:24','2021-07-16 07:29:02',NULL),(37,59,643,'0025200528',50000,'2021-07-16 04:58:09','2021-07-16 07:29:02',NULL),(38,58,643,'0015320300',220000,'2021-07-16 04:59:13','2021-07-16 07:29:02',NULL),(39,59,643,'0015320299',200000,'2021-07-16 04:59:57','2021-07-16 07:29:02',NULL),(40,58,643,'0025201535',633191,'2021-07-29 08:04:22','2021-11-30 16:29:02',NULL),(41,73,643,'0025201995',337454,'2021-08-02 04:58:48','2021-12-24 07:29:02',NULL),(42,73,643,'0025201994',285000,'2021-08-02 04:59:07','2021-08-02 06:29:02',NULL),(43,73,643,'0025201993',1455351,'2021-08-02 04:59:35','2021-08-02 06:29:02',NULL),(44,60,643,'0025200646',600338,'2021-10-28 04:52:28','2021-10-28 07:29:02',NULL),(45,92,643,'0025206477',200000,'2021-11-30 10:30:13','2021-11-30 12:29:02',NULL),(46,83,643,'0025203977',1682520,'2021-11-30 16:01:12','2021-11-30 16:29:02',NULL),(47,83,643,'0025203859',195000,'2021-11-30 16:13:06','2021-11-30 16:29:02',NULL),(48,82,643,'0025203429',1644576,'2021-12-07 14:03:34','2021-12-07 14:29:02',NULL),(49,82,643,'0025203430',220000,'2021-12-07 14:05:20','2021-12-07 14:29:02',NULL),(50,92,643,'0025207311',489301,'2021-12-23 05:54:59','2021-12-23 07:29:02',NULL),(51,96,643,'0025207875',160000,'2022-01-12 05:16:11','2022-01-12 07:29:02',NULL),(52,96,643,'0025207880',3719971,'2022-01-12 05:16:43','2022-03-25 14:30:06',NULL),(53,92,643,'0025206476',906780,'2022-01-14 15:54:23','2022-01-14 17:29:02',NULL);

--
-- Table structure for table `po_temp`
--

CREATE TABLE `po_temp` (
  `LANDEDCOST` varchar(20) DEFAULT NULL,
  `TOTAL` varchar(20) DEFAULT NULL,
  `PO_NUMBER` varchar(20) DEFAULT NULL,
  `PO_ITEM` varchar(20) DEFAULT NULL,
  `NETVALUE` varchar(20) DEFAULT NULL,
  `CHANGED_ON` timestamp NULL DEFAULT NULL,
  `SHORT_TEXT` varchar(50) DEFAULT NULL,
  `QUANTITY` varchar(20) DEFAULT NULL,
  `DELIVERY_ADDRESS` varchar(200) DEFAULT NULL,
  `VENDOR_CODE` varchar(20) DEFAULT NULL,
  `VENDOR_NAME` varchar(50) DEFAULT NULL,
  `DOCUMENT_DATE` timestamp NULL DEFAULT NULL,
  `Insert_Date` timestamp NULL DEFAULT CURRENT_TIMESTAMP ON UPDATE CURRENT_TIMESTAMP,
  `NETPRICE` varchar(20) DEFAULT NULL
) ENGINE=InnoDB DEFAULT CHARSET=utf8mb3;

--
-- Dumping data for table `po_temp`
--

INSERT INTO `po_temp` VALUES ('841500','993714.73','25189357','10','841500',NULL,'This PO was created for panels','1',NULL,'YFD01X','FOURTH DIMENSION INDIA PVT LTD',NULL,'2022-11-01 09:52:33','140250'),('140250','165619.12','25189357','20','140250',NULL,'This PO was created for panels','2',NULL,'YFD01X','FOURTH DIMENSION INDIA PVT LTD',NULL,'2022-11-01 09:52:33','140250'),('140250','165619.12','25189357','30','140250',NULL,'This PO was created for panels','3',NULL,'YFD01X','FOURTH DIMENSION INDIA PVT LTD',NULL,'2022-11-01 09:52:33','140250'),('140250','165619.12','25189357','40','140250',NULL,'This PO was created for panels','4',NULL,'YFD01X','FOURTH DIMENSION INDIA PVT LTD',NULL,'2022-11-01 09:52:33','140250'),('140250','165619.12','25189357','50','140250',NULL,'This PO was created for panels','5',NULL,'YFD01X','FOURTH DIMENSION INDIA PVT LTD',NULL,'2022-11-01 09:52:33','140250'),('140250','165619.12','25189357','60','140250',NULL,'This PO was created for panels','6',NULL,'YFD01X','FOURTH DIMENSION INDIA PVT LTD',NULL,'2022-11-01 09:52:33','140250'),('140250','165619.12','25189357','70','140250',NULL,'This PO was created for panels','7',NULL,'YFD01X','FOURTH DIMENSION INDIA PVT LTD',NULL,'2022-11-01 09:52:33','140250'),('140250','165619.12','25189357','80','140250',NULL,'This PO was created for panels','8',NULL,'YFD01X','FOURTH DIMENSION INDIA PVT LTD',NULL,'2022-11-01 09:52:33','140250'),('981750','1159333.85','25189357','90','981750',NULL,'This PO was created for panels','9',NULL,'YFD01X','FOURTH DIMENSION INDIA PVT LTD',NULL,'2022-11-01 09:52:33','140250'),('140250','165619.12','25189357','100','140250',NULL,'This PO was created for panels','10',NULL,'YFD01X','FOURTH DIMENSION INDIA PVT LTD',NULL,'2022-11-01 09:52:33','140250'),('140250','165619.12','25189357','110','140250',NULL,'This PO was created for panels','11',NULL,'YFD01X','FOURTH DIMENSION INDIA PVT LTD',NULL,'2022-11-01 09:52:33','140250'),('140250','165619.12','25189357','120','140250',NULL,'This PO was created for panels','12',NULL,'YFD01X','FOURTH DIMENSION INDIA PVT LTD',NULL,'2022-11-01 09:52:33','140250'),('140250','165619.12','25189357','130','140250',NULL,'This PO was created for panels','13',NULL,'YFD01X','FOURTH DIMENSION INDIA PVT LTD',NULL,'2022-11-01 09:52:33','140250'),('140250','165619.12','25189357','140','140250',NULL,'This PO was created for panels','14',NULL,'YFD01X','FOURTH DIMENSION INDIA PVT LTD',NULL,'2022-11-01 09:52:33','140250'),('140250','165619.12','25189357','150','140250',NULL,'This PO was created for panels','15',NULL,'YFD01X','FOURTH DIMENSION INDIA PVT LTD',NULL,'2022-11-01 09:52:33','140250'),('140250','165619.12','25189357','160','140250',NULL,'This PO was created for panels','16',NULL,'YFD01X','FOURTH DIMENSION INDIA PVT LTD',NULL,'2022-11-01 09:52:33','140250'),('93460','110365.51','25189357','170','93460',NULL,'This PO was created for panels','17',NULL,'YFD01X','FOURTH DIMENSION INDIA PVT LTD',NULL,'2022-11-01 09:52:33','93460'),('140250','165619.12','25189357','180','140250',NULL,'This PO was created for panels','18',NULL,'YFD01X','FOURTH DIMENSION INDIA PVT LTD',NULL,'2022-11-01 09:52:33','140250'),('134010','158250.4','25189357','190','134010',NULL,'This PO was created for panels','19',NULL,'YFD01X','FOURTH DIMENSION INDIA PVT LTD',NULL,'2022-11-01 09:52:33','134010'),('140250','165619.12','25189357','200','140250',NULL,'This PO was created for panels','20',NULL,'YFD01X','FOURTH DIMENSION INDIA PVT LTD',NULL,'2022-11-01 09:52:33','140250'),('100580','118773.41','25189357','210','100580',NULL,'This PO was created for panels','21',NULL,'YFD01X','FOURTH DIMENSION INDIA PVT LTD',NULL,'2022-11-01 09:52:33','100580'),('140250','165619.12','25189357','220','140250',NULL,'This PO was created for panels','22',NULL,'YFD01X','FOURTH DIMENSION INDIA PVT LTD',NULL,'2022-11-01 09:52:33','140250'),('200000','236000','15303546','10','200000',NULL,'This Po was created for electronics','2',NULL,'YXE05X','XEBEC DESIGN AND FACILITIES PVT LTD',NULL,'2022-11-01 09:52:33','200000');

--
-- Table structure for table `po_trigger`
--

CREATE TABLE `po_trigger` (
  `PO_NUMBER` varchar(10) NOT NULL
) ENGINE=InnoDB DEFAULT CHARSET=utf8mb3;

--
-- Dumping data for table `po_trigger`
--


--
-- Table structure for table `po_trigger1`
--

CREATE TABLE `po_trigger1` (
  `po_number` varchar(30) NOT NULL,
  `insertdate` timestamp NULL DEFAULT CURRENT_TIMESTAMP ON UPDATE CURRENT_TIMESTAMP
) ENGINE=InnoDB DEFAULT CHARSET=utf8mb3;

--
-- Dumping data for table `po_trigger1`
--

INSERT INTO `po_trigger1` VALUES ('15303546','2022-11-01 09:52:33'),('25188827','2022-11-01 09:52:33'),('25189357','2022-11-01 09:52:33'),('25189119','2022-11-01 09:52:33');

--
-- Table structure for table `products`
--

CREATE TABLE `products` (
  `id` bigint unsigned NOT NULL AUTO_INCREMENT,
  `name` varchar(255) NOT NULL,
  `detail` text NOT NULL,
  `created_at` timestamp NULL DEFAULT NULL,
  `updated_at` timestamp NULL DEFAULT NULL,
  PRIMARY KEY (`id`)
) ENGINE=InnoDB DEFAULT CHARSET=utf8mb3;

--
-- Dumping data for table `products`
--


--
-- Table structure for table `project_subtask_enddate`
--

CREATE TABLE `project_subtask_enddate` (
  `id` int NOT NULL AUTO_INCREMENT,
  `project_id` int NOT NULL,
  `subtask_id` int NOT NULL,
  `user_id` int NOT NULL COMMENT 'allocated vendor id',
  `action_done_by` int NOT NULL COMMENT 'owner id who assign update the subtask end date',
  `subtask_end_date` timestamp NULL DEFAULT NULL,
  `created_at` timestamp NOT NULL DEFAULT CURRENT_TIMESTAMP,
  `updated_at` timestamp NULL DEFAULT NULL,
  PRIMARY KEY (`id`)
) ENGINE=InnoDB AUTO_INCREMENT=22 DEFAULT CHARSET=utf8mb3;

--
-- Dumping data for table `project_subtask_enddate`
--

INSERT INTO `project_subtask_enddate` VALUES (1,47,54,630,1524,'2021-06-27 08:30:00','2021-06-18 09:32:44','2021-06-19 04:46:17'),(2,47,17,548,1524,'2021-06-23 08:31:00','2021-06-18 09:33:09',NULL),(3,47,18,548,1524,'2021-06-24 08:31:00','2021-06-18 09:33:15',NULL),(4,47,19,548,1524,'2021-06-25 08:31:00','2021-06-18 09:33:21',NULL),(5,47,20,548,1524,'2021-06-19 08:31:00','2021-06-18 09:33:27',NULL),(6,47,22,463,1524,'2021-06-23 09:01:00','2021-06-18 10:03:52',NULL),(7,47,56,463,1524,'2021-07-02 08:23:00','2021-06-18 10:32:12',NULL),(8,46,17,630,598,'2021-06-30 02:42:00','2021-06-21 03:42:45',NULL),(9,46,18,630,1524,'2021-07-02 17:30:00','2021-06-21 06:16:09',NULL),(10,46,19,630,1524,'2021-06-30 06:30:00','2021-06-21 06:16:18',NULL),(11,46,20,630,1524,'2021-07-03 07:30:00','2021-06-21 06:16:26',NULL),(12,46,24,463,1524,'2021-06-30 05:14:00','2021-06-21 06:16:44',NULL),(13,46,25,463,1524,'2021-07-03 08:30:00','2021-06-21 06:16:46',NULL),(14,43,17,630,1524,'2021-07-01 05:15:00','2021-06-21 06:17:56',NULL),(15,43,18,630,1524,'2021-07-02 05:15:00','2021-06-21 06:18:03',NULL),(16,43,19,630,1524,'2021-06-25 05:16:00','2021-06-21 06:18:08',NULL),(17,43,20,630,1524,'2021-06-30 05:16:00','2021-06-21 06:18:22',NULL),(18,43,22,463,1524,'2021-06-30 06:30:00','2021-06-21 06:18:32',NULL),(19,43,24,463,1524,'2021-07-01 05:16:00','2021-06-21 06:18:44',NULL),(20,43,25,463,1524,'2021-06-30 05:16:00','2021-06-21 06:18:52',NULL),(21,43,32,548,1524,'2021-06-30 05:16:00','2021-06-21 06:19:01',NULL);

--
-- Table structure for table `project_task`
--

CREATE TABLE `project_task` (
  `id` int NOT NULL AUTO_INCREMENT,
  `project_id` int NOT NULL,
  `task_id` int NOT NULL,
  `created_at` timestamp NOT NULL DEFAULT CURRENT_TIMESTAMP,
  `updated_at` timestamp NULL DEFAULT NULL,
  PRIMARY KEY (`id`)
) ENGINE=InnoDB AUTO_INCREMENT=574 DEFAULT CHARSET=latin1;

--
-- Dumping data for table `project_task`
--

INSERT INTO `project_task` VALUES (28,12,7,'2021-04-23 04:29:17',NULL),(29,13,7,'2021-04-24 12:35:49',NULL),(30,14,9,'2021-04-26 07:44:54',NULL),(31,14,8,'2021-04-26 07:44:54',NULL),(32,14,7,'2021-04-26 07:44:54',NULL),(33,14,6,'2021-04-26 07:44:54',NULL),(34,14,5,'2021-04-26 07:44:54',NULL),(35,14,4,'2021-04-26 07:44:54',NULL),(36,14,3,'2021-04-26 07:44:54',NULL),(37,14,2,'2021-04-26 07:44:54',NULL),(38,15,16,'2021-04-26 09:05:54',NULL),(39,16,46,'2021-04-28 11:03:16',NULL),(40,16,16,'2021-04-28 11:03:16',NULL),(41,16,9,'2021-04-28 11:03:16',NULL),(42,16,8,'2021-04-28 11:03:16',NULL),(43,17,7,'2021-05-12 14:38:48',NULL),(44,17,2,'2021-05-12 14:38:48',NULL),(45,17,50,'2021-05-13 04:59:48',NULL),(46,18,8,'2021-05-18 02:55:07',NULL),(47,19,16,'2021-05-18 09:10:50',NULL),(48,20,8,'2021-05-18 10:36:32',NULL),(49,21,8,'2021-05-25 05:49:56',NULL),(50,21,7,'2021-05-25 05:49:56',NULL),(51,22,9,'2021-05-25 08:09:11',NULL),(52,23,7,'2021-05-25 08:12:53',NULL),(53,24,7,'2021-05-25 08:13:48',NULL),(54,25,16,'2021-05-26 05:07:40',NULL),(55,25,9,'2021-05-26 05:07:40',NULL),(56,25,8,'2021-05-26 05:07:40',NULL),(57,26,16,'2021-05-26 05:08:12',NULL),(58,26,9,'2021-05-26 05:08:12',NULL),(59,26,8,'2021-05-26 05:08:12',NULL),(60,27,16,'2021-05-26 05:25:19',NULL),(61,27,8,'2021-05-26 05:25:19',NULL),(62,28,8,'2021-05-26 05:32:00',NULL),(63,28,6,'2021-05-26 05:32:00',NULL),(64,29,8,'2021-05-26 10:01:15',NULL),(65,29,7,'2021-05-26 10:06:15',NULL),(66,30,16,'2021-06-09 08:22:08',NULL),(67,31,46,'2021-06-09 08:24:55',NULL),(68,32,16,'2021-06-09 09:20:03',NULL),(69,33,8,'2021-06-09 10:08:07',NULL),(70,34,53,'2021-06-09 10:55:15',NULL),(71,34,16,'2021-06-09 10:55:15',NULL),(72,35,9,'2021-06-10 03:18:51',NULL),(73,35,7,'2021-06-10 03:18:51',NULL),(74,35,5,'2021-06-10 03:18:51',NULL),(75,35,4,'2021-06-10 03:18:51',NULL),(76,35,3,'2021-06-10 03:18:51',NULL),(77,35,2,'2021-06-10 03:18:51',NULL),(78,36,16,'2021-06-10 03:24:35',NULL),(79,37,53,'2021-06-10 09:40:09',NULL),(80,37,46,'2021-06-10 09:40:09',NULL),(81,38,46,'2021-06-10 14:50:35',NULL),(82,38,8,'2021-06-10 14:50:35',NULL),(83,39,16,'2021-06-11 08:25:28',NULL),(84,40,53,'2021-06-11 09:40:09',NULL),(85,40,46,'2021-06-11 09:40:09',NULL),(86,40,16,'2021-06-11 09:40:09',NULL),(87,40,9,'2021-06-11 09:40:09',NULL),(88,40,8,'2021-06-11 09:40:09',NULL),(89,40,7,'2021-06-11 09:40:09',NULL),(90,40,6,'2021-06-11 09:40:09',NULL),(91,41,53,'2021-06-11 10:48:51',NULL),(92,41,46,'2021-06-11 10:48:51',NULL),(93,41,16,'2021-06-11 10:48:51',NULL),(94,41,9,'2021-06-11 10:48:51',NULL),(95,41,7,'2021-06-11 10:48:51',NULL),(96,41,3,'2021-06-11 10:48:51',NULL),(97,42,53,'2021-06-11 11:20:47',NULL),(98,42,16,'2021-06-11 11:20:47',NULL),(99,42,9,'2021-06-11 11:20:47',NULL),(100,42,8,'2021-06-11 11:20:47',NULL),(101,42,3,'2021-06-11 11:20:47',NULL),(102,43,53,'2021-06-14 12:59:08',NULL),(103,43,46,'2021-06-14 12:59:08',NULL),(104,43,16,'2021-06-14 12:59:08',NULL),(105,43,9,'2021-06-14 12:59:08',NULL),(106,43,8,'2021-06-14 12:59:08',NULL),(107,43,7,'2021-06-14 12:59:08',NULL),(108,43,6,'2021-06-14 12:59:08',NULL),(109,43,5,'2021-06-14 12:59:08',NULL),(110,43,3,'2021-06-14 12:59:08',NULL),(111,44,3,'2021-06-14 22:34:00',NULL),(112,45,8,'2021-06-16 10:43:27',NULL),(113,45,7,'2021-06-16 10:43:27',NULL),(114,45,6,'2021-06-16 10:43:27',NULL),(115,45,5,'2021-06-16 10:43:27',NULL),(116,45,4,'2021-06-16 10:43:27',NULL),(117,45,3,'2021-06-16 10:43:27',NULL),(118,45,2,'2021-06-16 10:43:27',NULL),(119,46,53,'2021-06-16 11:09:00',NULL),(120,46,16,'2021-06-16 11:09:00',NULL),(121,46,8,'2021-06-16 11:09:00',NULL),(122,46,7,'2021-06-16 11:09:00',NULL),(123,47,53,'2021-06-17 10:25:04',NULL),(124,47,46,'2021-06-17 10:25:04',NULL),(125,47,16,'2021-06-17 10:25:04',NULL),(126,47,9,'2021-06-17 10:25:04',NULL),(127,47,57,'2021-06-21 06:13:45',NULL),(128,48,53,'2021-06-21 09:58:53',NULL),(129,48,46,'2021-06-21 09:58:53',NULL),(130,48,16,'2021-06-21 09:58:53',NULL),(131,48,9,'2021-06-21 09:58:53',NULL),(133,49,8,'2021-06-22 09:29:50',NULL),(136,49,5,'2021-06-22 09:29:50',NULL),(137,49,4,'2021-06-22 09:29:50',NULL),(138,49,3,'2021-06-22 09:29:50',NULL),(139,49,2,'2021-06-22 09:29:50',NULL),(140,50,75,'2021-06-24 03:18:51',NULL),(141,50,71,'2021-06-24 03:18:51',NULL),(142,50,68,'2021-06-24 03:18:51',NULL),(143,50,66,'2021-06-24 03:18:51',NULL),(144,50,61,'2021-06-24 03:18:51',NULL),(145,50,46,'2021-06-24 03:18:51',NULL),(146,50,8,'2021-06-24 03:18:51',NULL),(147,50,5,'2021-06-24 03:18:51',NULL),(148,50,4,'2021-06-24 03:18:51',NULL),(149,50,3,'2021-06-24 03:18:51',NULL),(150,50,2,'2021-06-24 03:18:51',NULL),(151,49,75,'2021-06-24 03:19:45',NULL),(152,49,71,'2021-06-24 03:19:45',NULL),(153,49,68,'2021-06-24 03:19:45',NULL),(154,49,66,'2021-06-24 03:19:45',NULL),(155,49,61,'2021-06-24 03:19:45',NULL),(156,49,46,'2021-06-24 03:19:45',NULL),(157,51,71,'2021-07-01 13:08:23',NULL),(158,52,75,'2021-07-06 02:41:41',NULL),(159,52,71,'2021-07-06 02:41:41',NULL),(160,52,68,'2021-07-06 02:41:41',NULL),(161,52,66,'2021-07-06 02:41:41',NULL),(162,52,61,'2021-07-06 02:41:41',NULL),(163,52,46,'2021-07-06 02:41:41',NULL),(164,52,8,'2021-07-06 02:41:41',NULL),(165,52,5,'2021-07-06 02:41:41',NULL),(166,52,4,'2021-07-06 02:41:41',NULL),(167,52,3,'2021-07-06 02:41:41',NULL),(168,52,2,'2021-07-06 02:41:41',NULL),(169,53,75,'2021-07-06 05:03:06',NULL),(170,53,71,'2021-07-06 05:03:06',NULL),(171,53,68,'2021-07-06 05:03:06',NULL),(172,53,66,'2021-07-06 05:03:06',NULL),(173,53,61,'2021-07-06 05:03:06',NULL),(174,53,8,'2021-07-06 05:03:06',NULL),(175,53,5,'2021-07-06 05:03:06',NULL),(176,53,4,'2021-07-06 05:03:06',NULL),(177,53,3,'2021-07-06 05:03:06',NULL),(178,53,2,'2021-07-06 05:03:06',NULL),(179,54,75,'2021-07-07 02:49:43',NULL),(180,54,71,'2021-07-07 02:49:43',NULL),(181,54,68,'2021-07-07 02:49:43',NULL),(182,54,66,'2021-07-07 02:49:43',NULL),(183,54,61,'2021-07-07 02:49:43',NULL),(184,54,8,'2021-07-07 02:49:43',NULL),(185,54,5,'2021-07-07 02:49:43',NULL),(186,54,4,'2021-07-07 02:49:43',NULL),(187,54,3,'2021-07-07 02:49:43',NULL),(188,54,2,'2021-07-07 02:49:43',NULL),(189,55,75,'2021-07-07 23:09:38',NULL),(190,55,71,'2021-07-07 23:09:38',NULL),(191,55,68,'2021-07-07 23:09:38',NULL),(192,55,66,'2021-07-07 23:09:38',NULL),(193,55,61,'2021-07-07 23:09:38',NULL),(194,55,8,'2021-07-07 23:09:38',NULL),(195,55,5,'2021-07-07 23:09:38',NULL),(196,55,4,'2021-07-07 23:09:38',NULL),(197,55,3,'2021-07-07 23:09:38',NULL),(198,55,2,'2021-07-07 23:09:38',NULL),(199,56,75,'2021-07-13 03:58:16',NULL),(200,56,71,'2021-07-13 03:58:16',NULL),(201,56,68,'2021-07-13 03:58:16',NULL),(202,56,66,'2021-07-13 03:58:16',NULL),(203,56,61,'2021-07-13 03:58:16',NULL),(204,56,46,'2021-07-13 03:58:16',NULL),(205,56,8,'2021-07-13 03:58:16',NULL),(206,56,5,'2021-07-13 03:58:16',NULL),(207,56,4,'2021-07-13 03:58:16',NULL),(208,56,3,'2021-07-13 03:58:16',NULL),(209,56,2,'2021-07-13 03:58:16',NULL),(210,57,75,'2021-07-15 08:57:49',NULL),(211,57,71,'2021-07-15 08:57:49',NULL),(212,57,68,'2021-07-15 08:57:49',NULL),(213,57,66,'2021-07-15 08:57:49',NULL),(214,57,8,'2021-07-15 08:57:49',NULL),(215,57,5,'2021-07-15 08:57:49',NULL),(216,57,4,'2021-07-15 08:57:49',NULL),(217,57,3,'2021-07-15 08:57:49',NULL),(218,57,2,'2021-07-15 08:57:49',NULL),(219,58,75,'2021-07-15 09:12:45',NULL),(220,58,71,'2021-07-15 09:12:45',NULL),(221,58,68,'2021-07-15 09:12:45',NULL),(222,58,66,'2021-07-15 09:12:45',NULL),(223,58,61,'2021-07-15 09:12:45',NULL),(224,58,8,'2021-07-15 09:12:45',NULL),(225,58,5,'2021-07-15 09:12:45',NULL),(226,58,4,'2021-07-15 09:12:45',NULL),(227,58,3,'2021-07-15 09:12:45',NULL),(228,58,2,'2021-07-15 09:12:45',NULL),(229,59,75,'2021-07-15 09:16:42',NULL),(230,59,71,'2021-07-15 09:16:42',NULL),(231,59,68,'2021-07-15 09:16:42',NULL),(232,59,66,'2021-07-15 09:16:42',NULL),(233,59,61,'2021-07-15 09:16:42',NULL),(234,59,8,'2021-07-15 09:16:42',NULL),(235,59,5,'2021-07-15 09:16:42',NULL),(236,59,4,'2021-07-15 09:16:42',NULL),(237,59,3,'2021-07-15 09:16:42',NULL),(238,59,2,'2021-07-15 09:16:42',NULL),(239,60,75,'2021-07-16 05:45:53',NULL),(240,60,71,'2021-07-16 05:45:53',NULL),(241,60,68,'2021-07-16 05:45:53',NULL),(242,60,66,'2021-07-16 05:45:53',NULL),(243,60,61,'2021-07-16 05:45:53',NULL),(244,60,8,'2021-07-16 05:45:53',NULL),(245,60,5,'2021-07-16 05:45:53',NULL),(246,60,4,'2021-07-16 05:45:53',NULL),(247,60,3,'2021-07-16 05:45:53',NULL),(248,60,2,'2021-07-16 05:45:53',NULL),(249,61,75,'2021-07-16 05:57:29',NULL),(250,61,71,'2021-07-16 05:57:29',NULL),(251,61,68,'2021-07-16 05:57:29',NULL),(252,61,66,'2021-07-16 05:57:29',NULL),(253,61,61,'2021-07-16 05:57:29',NULL),(254,61,46,'2021-07-16 05:57:29',NULL),(255,61,8,'2021-07-16 05:57:29',NULL),(256,61,5,'2021-07-16 05:57:29',NULL),(257,61,4,'2021-07-16 05:57:29',NULL),(258,61,3,'2021-07-16 05:57:29',NULL),(259,61,2,'2021-07-16 05:57:29',NULL),(260,62,75,'2021-07-16 16:42:27',NULL),(261,62,71,'2021-07-16 16:42:27',NULL),(262,62,68,'2021-07-16 16:42:27',NULL),(263,62,66,'2021-07-16 16:42:27',NULL),(264,62,61,'2021-07-16 16:42:27',NULL),(265,62,46,'2021-07-16 16:42:27',NULL),(266,62,8,'2021-07-16 16:42:27',NULL),(267,62,5,'2021-07-16 16:42:27',NULL),(268,62,4,'2021-07-16 16:42:27',NULL),(269,62,3,'2021-07-16 16:42:27',NULL),(270,62,2,'2021-07-16 16:42:27',NULL),(271,63,75,'2021-07-16 16:45:20',NULL),(272,63,71,'2021-07-16 16:45:20',NULL),(273,63,68,'2021-07-16 16:45:20',NULL),(274,63,66,'2021-07-16 16:45:20',NULL),(275,63,61,'2021-07-16 16:45:20',NULL),(276,63,46,'2021-07-16 16:45:20',NULL),(277,63,8,'2021-07-16 16:45:20',NULL),(278,63,5,'2021-07-16 16:45:20',NULL),(279,63,4,'2021-07-16 16:45:20',NULL),(280,63,3,'2021-07-16 16:45:20',NULL),(281,63,2,'2021-07-16 16:45:20',NULL),(282,64,75,'2021-07-17 17:07:12',NULL),(283,64,71,'2021-07-17 17:07:12',NULL),(284,64,68,'2021-07-17 17:07:12',NULL),(285,64,66,'2021-07-17 17:07:12',NULL),(286,64,61,'2021-07-17 17:07:12',NULL),(287,64,46,'2021-07-17 17:07:12',NULL),(288,64,8,'2021-07-17 17:07:12',NULL),(289,64,5,'2021-07-17 17:07:12',NULL),(290,64,4,'2021-07-17 17:07:12',NULL),(291,64,3,'2021-07-17 17:07:12',NULL),(292,64,2,'2021-07-17 17:07:12',NULL),(293,65,75,'2021-07-17 17:14:04',NULL),(294,65,71,'2021-07-17 17:14:04',NULL),(295,65,68,'2021-07-17 17:14:04',NULL),(296,65,66,'2021-07-17 17:14:04',NULL),(297,65,61,'2021-07-17 17:14:04',NULL),(298,65,46,'2021-07-17 17:14:04',NULL),(299,65,8,'2021-07-17 17:14:04',NULL),(300,65,5,'2021-07-17 17:14:04',NULL),(301,65,4,'2021-07-17 17:14:04',NULL),(302,65,3,'2021-07-17 17:14:04',NULL),(303,65,2,'2021-07-17 17:14:04',NULL),(304,66,75,'2021-07-17 17:22:26',NULL),(305,66,71,'2021-07-17 17:22:26',NULL),(306,66,68,'2021-07-17 17:22:26',NULL),(307,66,66,'2021-07-17 17:22:26',NULL),(308,66,61,'2021-07-17 17:22:26',NULL),(309,66,46,'2021-07-17 17:22:26',NULL),(310,66,8,'2021-07-17 17:22:26',NULL),(311,66,5,'2021-07-17 17:22:26',NULL),(312,66,4,'2021-07-17 17:22:26',NULL),(313,66,3,'2021-07-17 17:22:26',NULL),(314,66,2,'2021-07-17 17:22:26',NULL),(315,67,75,'2021-07-18 17:22:01',NULL),(316,67,71,'2021-07-18 17:22:01',NULL),(317,67,68,'2021-07-18 17:22:01',NULL),(318,67,66,'2021-07-18 17:22:01',NULL),(319,67,61,'2021-07-18 17:22:01',NULL),(320,67,8,'2021-07-18 17:22:01',NULL),(321,67,5,'2021-07-18 17:22:01',NULL),(322,67,4,'2021-07-18 17:22:01',NULL),(323,67,3,'2021-07-18 17:22:01',NULL),(324,67,2,'2021-07-18 17:22:01',NULL),(325,68,75,'2021-07-19 02:56:03',NULL),(326,68,71,'2021-07-19 02:56:03',NULL),(327,68,68,'2021-07-19 02:56:03',NULL),(328,68,66,'2021-07-19 02:56:03',NULL),(329,68,61,'2021-07-19 02:56:03',NULL),(330,68,8,'2021-07-19 02:56:03',NULL),(331,68,5,'2021-07-19 02:56:03',NULL),(332,68,4,'2021-07-19 02:56:03',NULL),(333,68,3,'2021-07-19 02:56:03',NULL),(334,68,2,'2021-07-19 02:56:03',NULL),(335,69,75,'2021-07-19 15:26:10',NULL),(336,69,68,'2021-07-19 15:26:10',NULL),(337,69,61,'2021-07-19 15:26:10',NULL),(338,70,75,'2021-07-21 01:26:24',NULL),(339,70,71,'2021-07-21 01:26:24',NULL),(340,70,68,'2021-07-21 01:26:24',NULL),(341,70,66,'2021-07-21 01:26:24',NULL),(342,70,61,'2021-07-21 01:26:24',NULL),(343,70,8,'2021-07-21 01:26:24',NULL),(344,70,5,'2021-07-21 01:26:24',NULL),(345,70,4,'2021-07-21 01:26:24',NULL),(346,70,3,'2021-07-21 01:26:24',NULL),(347,70,2,'2021-07-21 01:26:24',NULL),(348,71,75,'2021-07-21 01:30:17',NULL),(349,71,71,'2021-07-21 01:30:17',NULL),(350,71,68,'2021-07-21 01:30:17',NULL),(351,71,66,'2021-07-21 01:30:17',NULL),(352,71,61,'2021-07-21 01:30:17',NULL),(353,71,8,'2021-07-21 01:30:17',NULL),(354,71,5,'2021-07-21 01:30:17',NULL),(355,71,4,'2021-07-21 01:30:17',NULL),(356,71,3,'2021-07-21 01:30:17',NULL),(357,71,2,'2021-07-21 01:30:17',NULL),(358,72,75,'2021-07-23 00:31:52',NULL),(359,72,71,'2021-07-23 00:31:52',NULL),(360,72,68,'2021-07-23 00:31:52',NULL),(361,72,66,'2021-07-23 00:31:52',NULL),(362,72,61,'2021-07-23 00:31:52',NULL),(363,72,8,'2021-07-23 00:31:52',NULL),(364,72,5,'2021-07-23 00:31:52',NULL),(365,72,4,'2021-07-23 00:31:52',NULL),(366,72,3,'2021-07-23 00:31:52',NULL),(367,72,2,'2021-07-23 00:31:52',NULL),(368,73,75,'2021-07-30 03:45:59',NULL),(369,73,71,'2021-07-30 03:45:59',NULL),(370,73,68,'2021-07-30 03:45:59',NULL),(371,73,66,'2021-07-30 03:45:59',NULL),(372,73,61,'2021-07-30 03:45:59',NULL),(373,73,8,'2021-07-30 03:45:59',NULL),(374,73,5,'2021-07-30 03:45:59',NULL),(375,73,4,'2021-07-30 03:45:59',NULL),(376,73,3,'2021-07-30 03:45:59',NULL),(377,73,2,'2021-07-30 03:45:59',NULL),(378,74,75,'2021-09-02 13:01:56',NULL),(379,74,71,'2021-09-02 13:01:56',NULL),(380,74,68,'2021-09-02 13:01:56',NULL),(381,74,66,'2021-09-02 13:01:56',NULL),(382,74,61,'2021-09-02 13:01:56',NULL),(383,74,46,'2021-09-02 13:01:56',NULL),(384,74,8,'2021-09-02 13:01:56',NULL),(385,74,5,'2021-09-02 13:01:56',NULL),(386,74,4,'2021-09-02 13:01:56',NULL),(387,74,3,'2021-09-02 13:01:56',NULL),(388,74,2,'2021-09-02 13:01:56',NULL),(389,75,68,'2021-09-06 15:25:00',NULL),(390,75,66,'2021-09-06 15:25:00',NULL),(391,75,61,'2021-09-06 15:25:00',NULL),(392,75,46,'2021-09-06 15:25:00',NULL),(393,75,5,'2021-09-06 15:25:00',NULL),(394,75,3,'2021-09-06 15:25:00',NULL),(395,75,2,'2021-09-06 15:25:00',NULL),(396,76,75,'2021-09-10 16:40:10',NULL),(397,76,71,'2021-09-10 16:40:10',NULL),(398,76,68,'2021-09-10 16:40:10',NULL),(399,76,66,'2021-09-10 16:40:10',NULL),(400,76,61,'2021-09-10 16:40:10',NULL),(401,76,46,'2021-09-10 16:40:10',NULL),(402,76,8,'2021-09-10 16:40:10',NULL),(403,76,5,'2021-09-10 16:40:10',NULL),(404,76,4,'2021-09-10 16:40:10',NULL),(405,76,3,'2021-09-10 16:40:10',NULL),(406,76,2,'2021-09-10 16:40:10',NULL),(407,77,75,'2021-09-11 17:04:23',NULL),(408,77,71,'2021-09-11 17:04:23',NULL),(409,77,68,'2021-09-11 17:04:23',NULL),(410,77,66,'2021-09-11 17:04:23',NULL),(411,77,61,'2021-09-11 17:04:23',NULL),(412,77,8,'2021-09-11 17:04:23',NULL),(413,77,5,'2021-09-11 17:04:23',NULL),(414,77,4,'2021-09-11 17:04:23',NULL),(415,77,3,'2021-09-11 17:04:23',NULL),(416,77,2,'2021-09-11 17:04:23',NULL),(417,78,75,'2021-09-11 17:10:49',NULL),(418,78,71,'2021-09-11 17:10:49',NULL),(419,78,68,'2021-09-11 17:10:49',NULL),(420,78,66,'2021-09-11 17:10:49',NULL),(421,78,61,'2021-09-11 17:10:49',NULL),(422,78,46,'2021-09-11 17:10:49',NULL),(423,78,8,'2021-09-11 17:10:49',NULL),(424,78,5,'2021-09-11 17:10:49',NULL),(425,78,4,'2021-09-11 17:10:49',NULL),(426,78,3,'2021-09-11 17:10:49',NULL),(427,78,2,'2021-09-11 17:10:49',NULL),(428,79,75,'2021-09-11 17:13:06',NULL),(429,79,71,'2021-09-11 17:13:06',NULL),(430,79,68,'2021-09-11 17:13:06',NULL),(431,79,66,'2021-09-11 17:13:06',NULL),(432,79,61,'2021-09-11 17:13:06',NULL),(433,79,16,'2021-09-11 17:13:06',NULL),(434,79,8,'2021-09-11 17:13:06',NULL),(435,79,5,'2021-09-11 17:13:06',NULL),(436,79,4,'2021-09-11 17:13:06',NULL),(437,79,3,'2021-09-11 17:13:06',NULL),(438,79,2,'2021-09-11 17:13:06',NULL),(439,80,75,'2021-09-11 17:15:11',NULL),(440,81,75,'2021-09-11 17:16:29',NULL),(441,82,75,'2021-09-13 07:52:25',NULL),(442,82,71,'2021-09-13 07:52:25',NULL),(443,82,68,'2021-09-13 07:52:25',NULL),(444,82,66,'2021-09-13 07:52:25',NULL),(445,82,61,'2021-09-13 07:52:25',NULL),(446,82,8,'2021-09-13 07:52:25',NULL),(447,82,5,'2021-09-13 07:52:25',NULL),(448,82,4,'2021-09-13 07:52:25',NULL),(449,82,3,'2021-09-13 07:52:25',NULL),(450,82,2,'2021-09-13 07:52:25',NULL),(451,83,75,'2021-09-24 06:32:33',NULL),(452,83,71,'2021-09-24 06:32:33',NULL),(453,83,68,'2021-09-24 06:32:33',NULL),(454,83,66,'2021-09-24 06:32:33',NULL),(455,83,61,'2021-09-24 06:32:33',NULL),(456,83,8,'2021-09-24 06:32:33',NULL),(457,83,5,'2021-09-24 06:32:33',NULL),(458,83,4,'2021-09-24 06:32:33',NULL),(459,83,3,'2021-09-24 06:32:33',NULL),(460,83,2,'2021-09-24 06:32:33',NULL),(461,84,75,'2021-09-29 02:36:54',NULL),(462,84,71,'2021-09-29 02:36:54',NULL),(463,84,68,'2021-09-29 02:36:54',NULL),(464,84,66,'2021-09-29 02:36:54',NULL),(465,84,61,'2021-09-29 02:36:54',NULL),(466,84,8,'2021-09-29 02:36:54',NULL),(467,84,5,'2021-09-29 02:36:54',NULL),(468,84,4,'2021-09-29 02:36:54',NULL),(469,84,3,'2021-09-29 02:36:54',NULL),(470,84,2,'2021-09-29 02:36:54',NULL),(471,85,68,'2021-09-29 02:52:28',NULL),(472,85,8,'2021-09-29 02:52:28',NULL),(473,85,5,'2021-09-29 02:52:28',NULL),(474,85,4,'2021-09-29 02:52:28',NULL),(475,85,3,'2021-09-29 02:52:28',NULL),(476,85,2,'2021-09-29 02:52:28',NULL),(477,86,68,'2021-09-29 02:54:49',NULL),(478,86,66,'2021-09-29 02:54:49',NULL),(479,86,8,'2021-09-29 02:54:49',NULL),(480,86,5,'2021-09-29 02:54:49',NULL),(481,86,4,'2021-09-29 02:54:49',NULL),(482,86,3,'2021-09-29 02:54:49',NULL),(483,86,2,'2021-09-29 02:54:49',NULL),(484,87,75,'2021-09-29 03:01:21',NULL),(485,87,68,'2021-09-29 03:01:21',NULL),(486,87,61,'2021-09-29 03:01:21',NULL),(487,87,8,'2021-09-29 03:01:21',NULL),(488,87,5,'2021-09-29 03:01:21',NULL),(489,87,4,'2021-09-29 03:01:21',NULL),(490,87,3,'2021-09-29 03:01:21',NULL),(491,87,2,'2021-09-29 03:01:21',NULL),(492,88,75,'2021-10-23 06:31:36',NULL),(493,88,71,'2021-10-23 06:31:36',NULL),(494,88,68,'2021-10-23 06:31:36',NULL),(495,88,66,'2021-10-23 06:31:36',NULL),(496,88,61,'2021-10-23 06:31:36',NULL),(497,88,8,'2021-10-23 06:31:36',NULL),(498,88,5,'2021-10-23 06:31:36',NULL),(499,88,4,'2021-10-23 06:31:36',NULL),(500,88,3,'2021-10-23 06:31:36',NULL),(501,89,75,'2021-10-23 06:33:35',NULL),(502,89,71,'2021-10-23 06:33:35',NULL),(503,89,68,'2021-10-23 06:33:35',NULL),(504,89,66,'2021-10-23 06:33:35',NULL),(505,89,61,'2021-10-23 06:33:35',NULL),(506,90,75,'2021-11-01 12:13:56',NULL),(507,90,68,'2021-11-01 12:13:56',NULL),(508,90,66,'2021-11-01 12:13:56',NULL),(509,90,61,'2021-11-01 12:13:56',NULL),(510,90,8,'2021-11-01 12:13:56',NULL),(511,90,3,'2021-11-01 12:13:56',NULL),(512,90,2,'2021-11-01 12:13:56',NULL),(513,91,68,'2021-11-27 05:54:03',NULL),(514,91,66,'2021-11-27 05:54:03',NULL),(515,91,61,'2021-11-27 05:54:03',NULL),(516,91,46,'2021-11-27 05:54:03',NULL),(517,91,8,'2021-11-27 05:54:03',NULL),(518,91,5,'2021-11-27 05:54:03',NULL),(519,91,4,'2021-11-27 05:54:03',NULL),(520,91,3,'2021-11-27 05:54:03',NULL),(521,91,2,'2021-11-27 05:54:03',NULL),(522,92,75,'2021-11-30 10:17:36',NULL),(523,92,71,'2021-11-30 10:17:36',NULL),(524,92,68,'2021-11-30 10:17:36',NULL),(525,92,66,'2021-11-30 10:17:36',NULL),(526,92,61,'2021-11-30 10:17:36',NULL),(527,92,8,'2021-11-30 10:17:36',NULL),(528,92,5,'2021-11-30 10:17:36',NULL),(529,92,4,'2021-11-30 10:17:36',NULL),(530,92,3,'2021-11-30 10:17:36',NULL),(531,92,2,'2021-11-30 10:17:36',NULL),(532,93,75,'2021-12-02 08:10:00',NULL),(533,93,71,'2021-12-02 08:10:00',NULL),(534,93,68,'2021-12-02 08:10:00',NULL),(535,93,66,'2021-12-02 08:10:00',NULL),(536,93,61,'2021-12-02 08:10:00',NULL),(537,94,75,'2021-12-02 08:16:25',NULL),(538,94,71,'2021-12-02 08:16:25',NULL),(539,94,68,'2021-12-02 08:16:25',NULL),(540,95,75,'2021-12-02 08:23:48',NULL),(541,96,75,'2021-12-22 05:19:01',NULL),(542,96,71,'2021-12-22 05:19:01',NULL),(543,96,68,'2021-12-22 05:19:01',NULL),(544,96,66,'2021-12-22 05:19:01',NULL),(545,96,61,'2021-12-22 05:19:01',NULL),(546,96,16,'2021-12-22 05:19:01',NULL),(547,96,8,'2021-12-22 05:19:01',NULL),(548,96,5,'2021-12-22 05:19:01',NULL),(549,96,4,'2021-12-22 05:19:01',NULL),(550,96,3,'2021-12-22 05:19:01',NULL),(551,96,2,'2021-12-22 05:19:01',NULL),(552,97,68,'2022-01-17 13:20:17',NULL),(553,97,66,'2022-01-17 13:20:17',NULL),(554,97,61,'2022-01-17 13:20:17',NULL),(555,97,8,'2022-01-17 13:20:17',NULL),(556,97,5,'2022-01-17 13:20:17',NULL),(557,97,3,'2022-01-17 13:20:17',NULL),(558,97,2,'2022-01-17 13:20:17',NULL),(559,98,68,'2022-11-14 10:36:17',NULL),(560,98,66,'2022-11-16 07:18:35',NULL),(561,99,5,'2022-11-16 09:36:00',NULL),(562,105,75,'2022-12-30 05:44:52',NULL),(563,105,71,'2022-12-30 05:44:52',NULL),(564,105,68,'2022-12-30 05:44:52',NULL),(565,107,68,'2023-01-02 09:17:30',NULL),(566,107,46,'2023-01-02 09:17:30',NULL),(567,109,75,'2023-01-03 05:59:43',NULL),(568,112,2,'2023-01-07 12:23:11',NULL),(569,116,75,'2023-01-08 17:58:43',NULL),(570,120,68,'2023-01-13 06:24:22',NULL),(571,125,61,'2023-01-23 07:05:03',NULL),(572,126,66,'2023-01-23 07:12:22',NULL),(573,127,66,'2023-01-23 07:23:20',NULL);

--
-- Table structure for table `project_task_approvels`
--

CREATE TABLE `project_task_approvels` (
  `id` int NOT NULL AUTO_INCREMENT,
  `user_id` int NOT NULL,
  `project_id` int NOT NULL,
  `task_id` int NOT NULL,
  `approved` int NOT NULL DEFAULT '0',
  `approved_by` int DEFAULT NULL,
  `project_task_completed` tinyint DEFAULT NULL,
  `created_at` timestamp NOT NULL DEFAULT CURRENT_TIMESTAMP,
  `updated_at` timestamp NULL DEFAULT NULL,
  `deleted_at` timestamp NULL DEFAULT NULL,
  PRIMARY KEY (`id`)
) ENGINE=InnoDB AUTO_INCREMENT=567 DEFAULT CHARSET=utf8mb3;

--
-- Dumping data for table `project_task_approvels`
--

INSERT INTO `project_task_approvels` VALUES (18,463,12,7,0,NULL,NULL,'2021-04-23 04:29:17','2021-04-23 04:29:17',NULL),(19,630,13,7,0,NULL,NULL,'2021-04-24 12:35:49','2021-05-06 16:08:26',NULL),(20,463,14,7,0,NULL,NULL,'2021-04-26 07:44:54','2021-04-26 07:44:54',NULL),(21,548,14,5,0,NULL,NULL,'2021-04-26 07:44:54','2021-04-26 07:44:54',NULL),(22,548,14,4,0,NULL,NULL,'2021-04-26 07:44:54','2021-04-26 07:44:54',NULL),(23,633,16,46,0,NULL,NULL,'2021-05-06 16:27:34','2021-05-06 16:27:34',NULL),(24,1546,17,7,0,NULL,NULL,'2021-05-12 14:38:48','2021-05-13 04:55:42',NULL),(25,594,17,2,0,NULL,NULL,'2021-05-12 14:40:34','2021-05-12 14:40:34',NULL),(26,463,17,7,0,NULL,NULL,'2021-05-13 04:59:48','2021-05-13 04:59:48',NULL),(27,533,18,8,0,NULL,NULL,'2021-05-18 04:35:49','2021-05-18 04:35:49',NULL),(28,463,21,8,0,NULL,NULL,'2021-05-25 05:49:56','2021-05-25 05:49:56',NULL),(29,463,21,7,0,NULL,NULL,'2021-05-25 05:49:56','2021-05-25 05:49:56',NULL),(30,463,16,46,0,NULL,NULL,'2021-05-25 05:59:38','2021-05-25 05:59:38',NULL),(31,548,16,16,0,NULL,NULL,'2021-05-25 05:59:38','2021-05-25 05:59:38',NULL),(32,463,16,9,0,NULL,NULL,'2021-05-25 05:59:38','2021-05-25 05:59:38',NULL),(33,463,16,8,0,NULL,NULL,'2021-05-25 05:59:38','2021-05-25 05:59:38',NULL),(34,463,22,9,0,NULL,NULL,'2021-05-25 08:09:11','2021-05-25 08:09:11',NULL),(35,463,23,7,0,NULL,NULL,'2021-05-25 08:12:53','2021-05-25 08:12:53',NULL),(36,463,24,7,0,NULL,NULL,'2021-05-25 08:13:48','2021-05-25 08:13:48',NULL),(37,548,25,16,0,NULL,NULL,'2021-05-26 05:07:40','2021-05-26 05:07:40',NULL),(38,463,25,9,0,NULL,NULL,'2021-05-26 05:07:40','2021-05-26 05:07:40',NULL),(39,463,25,8,0,NULL,NULL,'2021-05-26 05:07:40','2021-05-26 05:07:40',NULL),(40,548,26,16,0,NULL,NULL,'2021-05-26 05:08:12','2021-05-26 05:08:12',NULL),(41,463,26,9,0,NULL,NULL,'2021-05-26 05:08:12','2021-05-26 05:08:12',NULL),(42,463,26,8,0,NULL,NULL,'2021-05-26 05:08:12','2021-05-26 05:08:12',NULL),(43,548,27,16,0,NULL,NULL,'2021-05-26 05:25:19','2021-05-26 05:25:19',NULL),(44,463,27,8,0,NULL,NULL,'2021-05-26 05:25:19','2021-05-26 05:25:19',NULL),(45,463,28,8,0,NULL,NULL,'2021-05-26 05:32:00','2021-05-26 05:32:00',NULL),(46,1547,28,6,0,NULL,NULL,'2021-05-26 06:29:16','2021-05-26 06:29:16',NULL),(47,1546,29,8,0,NULL,NULL,'2021-05-26 10:01:15','2021-05-26 10:04:43',NULL),(48,463,29,8,0,NULL,NULL,'2021-05-26 10:06:15','2021-05-26 10:06:15',NULL),(49,463,29,7,0,NULL,NULL,'2021-05-26 10:06:15','2021-05-26 10:06:15',NULL),(50,548,30,16,0,NULL,NULL,'2021-06-09 08:22:08','2021-06-09 08:22:08',NULL),(51,463,31,46,0,NULL,NULL,'2021-06-09 08:24:55','2021-06-09 08:24:55',NULL),(52,548,32,16,0,NULL,NULL,'2021-06-09 09:20:03','2021-06-09 09:20:03',NULL),(53,463,33,8,0,NULL,NULL,'2021-06-09 10:08:07','2021-06-09 10:08:07',NULL),(54,548,34,16,0,NULL,NULL,'2021-06-09 10:55:15','2021-06-09 10:55:15',NULL),(55,1559,34,53,0,NULL,NULL,'2021-06-09 11:01:19','2021-06-09 11:01:19',NULL),(56,533,35,9,0,NULL,NULL,'2021-06-10 03:18:51','2021-06-10 03:20:05',NULL),(57,463,35,7,0,NULL,NULL,'2021-06-10 03:18:51','2021-06-10 03:18:51',NULL),(58,548,35,5,0,NULL,NULL,'2021-06-10 03:18:51','2021-06-10 03:18:51',NULL),(59,630,35,4,0,NULL,NULL,'2021-06-10 03:18:51','2021-06-10 03:20:20',NULL),(60,630,35,3,0,NULL,NULL,'2021-06-10 03:20:33','2021-06-10 03:20:33',NULL),(61,630,35,3,0,NULL,NULL,'2021-06-10 03:20:33','2021-06-10 03:20:33',NULL),(62,594,35,2,0,NULL,NULL,'2021-06-10 03:20:58','2021-06-10 03:20:58',NULL),(63,600,36,16,0,NULL,NULL,'2021-06-10 03:24:35','2021-06-10 03:24:49',NULL),(64,463,35,9,0,NULL,NULL,'2021-06-10 04:07:09','2021-06-10 04:07:09',NULL),(65,548,35,4,0,NULL,NULL,'2021-06-10 04:07:09','2021-06-10 04:07:09',NULL),(66,463,37,46,0,NULL,NULL,'2021-06-10 09:40:09','2021-06-10 09:40:09',NULL),(67,463,38,46,0,NULL,NULL,'2021-06-10 14:50:35','2021-06-10 14:50:35',NULL),(68,463,38,8,0,NULL,NULL,'2021-06-10 14:50:35','2021-06-10 14:50:35',NULL),(69,1571,39,16,0,NULL,NULL,'2021-06-11 08:25:28','2021-06-17 10:13:10',NULL),(70,463,40,46,0,NULL,NULL,'2021-06-11 09:40:09','2021-06-11 09:40:09',NULL),(71,548,40,16,0,NULL,NULL,'2021-06-11 09:40:09','2021-06-11 09:40:09',NULL),(72,463,40,9,0,NULL,NULL,'2021-06-11 09:40:09','2021-06-11 09:40:09',NULL),(73,463,40,8,0,NULL,NULL,'2021-06-11 09:40:09','2021-06-11 09:40:09',NULL),(74,463,40,7,0,NULL,NULL,'2021-06-11 09:40:09','2021-06-11 09:40:09',NULL),(75,463,41,46,0,NULL,NULL,'2021-06-11 10:48:51','2021-06-11 10:48:51',NULL),(76,548,41,16,0,NULL,NULL,'2021-06-11 10:48:51','2021-06-11 10:48:51',NULL),(77,463,41,9,0,NULL,NULL,'2021-06-11 10:48:51','2021-06-11 10:48:51',NULL),(78,463,41,7,0,NULL,NULL,'2021-06-11 10:48:51','2021-06-11 10:48:51',NULL),(79,630,41,3,0,NULL,NULL,'2021-06-11 10:48:51','2021-06-11 10:48:51',NULL),(80,594,41,53,0,NULL,NULL,'2021-06-11 10:56:32','2021-06-11 10:56:32',NULL),(81,548,42,16,0,NULL,NULL,'2021-06-11 11:20:47','2021-06-11 11:20:47',NULL),(82,463,42,9,0,NULL,NULL,'2021-06-11 11:20:47','2021-06-11 11:20:47',NULL),(83,463,42,8,0,NULL,NULL,'2021-06-11 11:20:47','2021-06-11 11:20:47',NULL),(84,630,42,3,0,NULL,NULL,'2021-06-11 11:20:47','2021-06-11 11:20:47',NULL),(85,594,42,53,0,NULL,NULL,'2021-06-11 11:21:09','2021-06-11 11:21:59',NULL),(86,463,43,46,0,NULL,NULL,'2021-06-14 12:59:08','2021-06-14 12:59:08',NULL),(87,630,43,16,0,NULL,NULL,'2021-06-14 12:59:08','2021-06-14 23:46:38',NULL),(88,463,43,9,0,NULL,NULL,'2021-06-14 12:59:08','2021-06-14 12:59:08',NULL),(89,463,43,8,0,NULL,NULL,'2021-06-14 12:59:08','2021-06-14 12:59:08',NULL),(90,463,43,7,0,NULL,NULL,'2021-06-14 12:59:08','2021-06-14 12:59:08',NULL),(91,548,43,5,0,NULL,NULL,'2021-06-14 12:59:08','2021-06-14 12:59:08',NULL),(92,630,43,3,0,NULL,NULL,'2021-06-14 12:59:08','2021-06-14 12:59:08',NULL),(93,630,44,3,0,NULL,NULL,'2021-06-14 22:34:00','2021-06-15 11:51:46',NULL),(94,629,45,8,0,NULL,NULL,'2021-06-16 10:43:27','2021-06-23 05:14:49',NULL),(95,629,45,7,0,NULL,NULL,'2021-06-16 10:43:27','2021-06-23 05:15:11',NULL),(96,629,45,6,0,NULL,NULL,'2021-06-16 10:43:27','2021-06-23 05:15:21',NULL),(97,629,45,5,0,NULL,NULL,'2021-06-16 10:43:28','2021-06-23 05:15:30',NULL),(98,629,45,4,0,NULL,NULL,'2021-06-16 10:43:28','2021-06-23 05:15:44',NULL),(99,629,45,3,0,NULL,NULL,'2021-06-16 10:43:28','2021-06-23 05:15:54',NULL),(100,629,45,2,0,NULL,NULL,'2021-06-16 10:44:51','2021-06-23 05:16:03',NULL),(101,630,46,16,0,NULL,NULL,'2021-06-16 11:09:00','2021-06-21 03:10:03',NULL),(102,463,46,8,0,NULL,NULL,'2021-06-16 11:09:00','2021-06-16 11:09:00',NULL),(103,463,46,7,0,NULL,NULL,'2021-06-16 11:09:00','2021-06-16 11:09:00',NULL),(104,1571,46,53,0,NULL,NULL,'2021-06-17 10:05:31','2021-06-17 10:05:31',NULL),(105,463,47,46,0,NULL,NULL,'2021-06-17 10:25:04','2021-06-17 10:25:04',NULL),(106,548,47,16,0,NULL,NULL,'2021-06-17 10:25:04','2021-06-17 10:25:04',NULL),(107,463,47,9,0,NULL,NULL,'2021-06-17 10:25:04','2021-06-17 10:25:04',NULL),(108,630,47,53,0,NULL,NULL,'2021-06-18 08:55:05','2021-06-18 08:55:05',NULL),(109,630,47,53,0,NULL,NULL,'2021-06-18 08:55:05','2021-06-18 08:55:05',NULL),(110,630,47,57,0,NULL,NULL,'2021-06-21 06:13:45','2021-06-21 06:13:45',NULL),(111,634,48,46,0,NULL,NULL,'2021-06-21 09:58:53','2021-06-21 09:59:30',NULL),(112,634,48,16,0,NULL,NULL,'2021-06-21 09:58:53','2021-06-21 09:59:41',NULL),(113,634,48,9,0,NULL,NULL,'2021-06-21 09:58:53','2021-06-21 09:59:50',NULL),(114,634,48,53,0,NULL,NULL,'2021-06-21 09:59:22','2021-06-21 09:59:22',NULL),(115,603,49,9,0,NULL,NULL,'2021-06-22 09:29:50','2021-06-22 09:30:32',NULL),(116,603,49,8,0,NULL,NULL,'2021-06-22 09:29:50','2021-06-22 09:30:42',NULL),(117,603,49,7,0,NULL,NULL,'2021-06-22 09:29:50','2021-06-22 09:30:50',NULL),(118,603,49,5,0,NULL,NULL,'2021-06-22 09:29:50','2021-06-22 09:31:30',NULL),(119,603,49,4,0,NULL,NULL,'2021-06-22 09:29:50','2021-06-22 09:31:41',NULL),(120,603,49,3,0,NULL,NULL,'2021-06-22 09:29:50','2021-06-22 11:44:04',NULL),(121,603,49,6,0,NULL,NULL,'2021-06-22 09:31:03','2021-06-22 09:31:03',NULL),(122,603,49,2,0,NULL,NULL,'2021-06-22 09:31:50','2021-06-22 09:31:50',NULL),(123,603,50,46,0,NULL,NULL,'2021-06-24 03:18:51','2021-06-29 04:19:27',NULL),(124,603,50,8,0,NULL,NULL,'2021-06-24 03:18:51','2021-06-29 04:19:36',NULL),(125,603,50,5,0,NULL,NULL,'2021-06-24 03:18:51','2021-06-29 04:19:45',NULL),(126,603,50,4,0,NULL,NULL,'2021-06-24 03:18:51','2021-06-29 04:19:55',NULL),(127,603,50,3,0,NULL,NULL,'2021-06-24 03:18:51','2021-06-29 04:20:10',NULL),(128,463,49,46,0,NULL,NULL,'2021-06-24 03:19:45','2021-06-24 03:19:45',NULL),(129,463,49,8,0,NULL,NULL,'2021-06-24 03:19:45','2021-06-24 03:19:45',NULL),(130,548,49,5,0,NULL,NULL,'2021-06-24 03:19:45','2021-06-24 03:19:45',NULL),(131,548,49,4,0,NULL,NULL,'2021-06-24 03:19:45','2021-06-24 03:19:45',NULL),(132,630,49,3,0,NULL,NULL,'2021-06-24 03:19:45','2021-06-24 03:19:45',NULL),(133,603,50,75,0,NULL,NULL,'2021-06-29 04:18:39','2021-06-29 04:18:39',NULL),(134,603,50,71,0,NULL,NULL,'2021-06-29 04:18:48','2021-06-29 04:18:48',NULL),(135,603,50,71,0,NULL,NULL,'2021-06-29 04:18:48','2021-06-29 04:18:48',NULL),(136,603,50,68,0,NULL,NULL,'2021-06-29 04:18:59','2021-06-29 04:18:59',NULL),(137,603,50,66,0,NULL,NULL,'2021-06-29 04:19:08','2021-06-29 04:19:08',NULL),(138,603,50,66,0,NULL,NULL,'2021-06-29 04:19:08','2021-06-29 04:19:08',NULL),(139,603,50,61,0,NULL,NULL,'2021-06-29 04:19:18','2021-06-29 04:19:18',NULL),(140,603,50,61,0,NULL,NULL,'2021-06-29 04:19:18','2021-06-29 04:19:18',NULL),(141,603,50,2,0,NULL,NULL,'2021-06-29 04:20:25','2021-06-29 04:20:25',NULL),(142,537,52,46,0,NULL,1,'2021-07-06 02:41:41','2021-07-06 03:04:35',NULL),(143,537,52,8,0,NULL,1,'2021-07-06 02:41:41','2021-07-06 03:44:21',NULL),(144,537,52,5,0,NULL,1,'2021-07-06 02:41:41','2021-07-06 03:45:38',NULL),(145,537,52,4,0,NULL,1,'2021-07-06 02:41:41','2021-07-06 03:44:49',NULL),(146,537,52,3,0,NULL,1,'2021-07-06 02:41:41','2021-07-06 03:46:04',NULL),(147,537,52,75,0,NULL,1,'2021-07-06 02:41:58','2021-07-06 02:51:34',NULL),(148,537,52,71,0,NULL,1,'2021-07-06 02:42:05','2021-07-06 02:51:50',NULL),(149,537,52,68,0,NULL,1,'2021-07-06 02:42:13','2021-07-06 03:03:42',NULL),(150,537,52,66,0,NULL,1,'2021-07-06 02:42:26','2021-07-06 03:03:54',NULL),(151,537,52,61,0,NULL,1,'2021-07-06 02:42:33','2021-07-06 03:04:12',NULL),(152,537,52,2,0,NULL,1,'2021-07-06 02:43:25','2021-07-06 03:44:57',NULL),(153,629,53,8,0,NULL,1,'2021-07-06 05:03:06','2021-07-06 12:37:24',NULL),(154,629,53,5,0,NULL,1,'2021-07-06 05:03:06','2021-07-06 12:38:52',NULL),(155,629,53,4,0,NULL,1,'2021-07-06 05:03:06','2021-07-06 12:39:02',NULL),(156,629,53,3,0,NULL,1,'2021-07-06 05:03:06','2021-07-06 12:40:26',NULL),(157,629,53,75,0,NULL,1,'2021-07-06 05:03:26','2021-07-06 12:21:49',NULL),(158,629,53,71,0,NULL,1,'2021-07-06 05:03:36','2021-07-06 12:34:49',NULL),(159,629,53,71,0,NULL,NULL,'2021-07-06 05:03:36','2021-07-06 05:03:36',NULL),(160,629,53,68,0,NULL,1,'2021-07-06 05:03:46','2021-07-06 12:35:03',NULL),(161,629,53,66,0,NULL,1,'2021-07-06 05:03:56','2021-07-06 12:36:32',NULL),(162,629,53,61,0,NULL,1,'2021-07-06 05:04:06','2021-07-06 12:36:50',NULL),(163,629,53,2,0,NULL,1,'2021-07-06 05:04:46','2021-07-06 12:22:34',NULL),(164,629,53,2,0,NULL,NULL,'2021-07-06 05:04:46','2021-07-06 05:04:46',NULL),(165,634,54,8,0,NULL,1,'2021-07-07 02:49:43','2021-07-07 03:14:30',NULL),(166,634,54,5,0,NULL,1,'2021-07-07 02:49:43','2021-07-07 03:15:54',NULL),(167,634,54,4,0,NULL,1,'2021-07-07 02:49:43','2021-07-07 03:16:13',NULL),(168,634,54,3,0,NULL,1,'2021-07-07 02:49:43','2021-07-07 03:17:35',NULL),(169,634,54,75,0,NULL,1,'2021-07-07 02:50:19','2021-07-07 03:12:41',NULL),(170,634,54,71,0,NULL,1,'2021-07-07 02:50:27','2021-07-07 03:12:58',NULL),(171,634,54,68,0,NULL,1,'2021-07-07 02:50:35','2021-07-07 03:13:17',NULL),(172,634,54,66,0,NULL,1,'2021-07-07 02:50:46','2021-07-07 03:13:25',NULL),(173,634,54,66,0,NULL,NULL,'2021-07-07 02:50:46','2021-07-07 02:50:46',NULL),(174,634,54,61,0,NULL,1,'2021-07-07 02:50:54','2021-07-07 03:13:52',NULL),(175,634,54,2,0,NULL,1,'2021-07-07 02:51:04','2021-07-07 03:16:32',NULL),(176,593,51,71,0,NULL,NULL,'2021-07-07 11:20:33','2021-07-07 11:20:33',NULL),(177,603,55,8,0,NULL,1,'2021-07-07 23:09:38','2021-07-11 16:50:32',NULL),(178,603,55,5,0,NULL,1,'2021-07-07 23:09:38','2021-07-11 16:51:54',NULL),(179,603,55,4,0,NULL,1,'2021-07-07 23:09:38','2021-07-11 16:53:23',NULL),(180,603,55,3,0,NULL,1,'2021-07-07 23:09:38','2021-07-11 16:53:07',NULL),(181,603,55,75,0,NULL,1,'2021-07-07 23:10:02','2021-07-11 16:47:30',NULL),(182,603,55,71,0,NULL,1,'2021-07-07 23:10:10','2021-07-11 16:47:52',NULL),(183,603,55,68,0,NULL,1,'2021-07-07 23:10:19','2021-07-11 16:48:43',NULL),(184,603,55,68,0,NULL,NULL,'2021-07-07 23:10:19','2021-07-07 23:10:19',NULL),(185,603,55,66,0,NULL,1,'2021-07-07 23:10:29','2021-07-11 16:48:57',NULL),(186,603,55,66,0,NULL,NULL,'2021-07-07 23:10:29','2021-07-07 23:10:29',NULL),(187,603,55,61,0,NULL,1,'2021-07-07 23:10:39','2021-07-11 16:49:39',NULL),(188,603,55,61,0,NULL,NULL,'2021-07-07 23:10:39','2021-07-07 23:10:39',NULL),(189,603,55,2,0,NULL,1,'2021-07-07 23:11:27','2021-07-11 16:52:41',NULL),(190,629,56,46,0,NULL,1,'2021-07-13 03:58:16','2021-07-13 04:30:17',NULL),(191,629,56,8,0,NULL,NULL,'2021-07-13 03:58:16','2021-07-13 03:59:51',NULL),(192,629,56,5,0,NULL,1,'2021-07-13 03:58:16','2021-07-13 04:35:25',NULL),(193,629,56,4,0,NULL,1,'2021-07-13 03:58:16','2021-07-13 04:35:45',NULL),(194,629,56,3,0,NULL,NULL,'2021-07-13 03:58:16','2021-07-13 04:00:24',NULL),(195,629,56,75,0,NULL,1,'2021-07-13 03:58:56','2021-07-13 04:23:45',NULL),(196,629,56,71,0,NULL,1,'2021-07-13 03:59:03','2021-07-13 04:24:04',NULL),(197,629,56,68,0,NULL,1,'2021-07-13 03:59:13','2021-07-13 04:24:33',NULL),(198,629,56,66,0,NULL,1,'2021-07-13 03:59:23','2021-07-13 04:24:42',NULL),(199,629,56,61,0,NULL,1,'2021-07-13 03:59:31','2021-07-13 04:25:00',NULL),(200,629,56,2,0,NULL,1,'2021-07-13 04:00:35','2021-07-13 04:37:36',NULL),(201,463,56,46,0,NULL,NULL,'2021-07-13 04:23:25','2021-07-13 04:23:25',NULL),(202,463,56,8,0,NULL,NULL,'2021-07-13 04:23:25','2021-07-13 04:23:25',NULL),(203,548,56,5,0,NULL,NULL,'2021-07-13 04:23:25','2021-07-13 04:23:25',NULL),(204,548,56,4,0,NULL,NULL,'2021-07-13 04:23:25','2021-07-13 04:23:25',NULL),(205,630,56,3,0,NULL,NULL,'2021-07-13 04:23:25','2021-07-13 04:23:25',NULL),(206,463,57,8,0,NULL,NULL,'2021-07-15 08:57:49','2021-07-15 08:57:49',NULL),(207,548,57,5,0,NULL,NULL,'2021-07-15 08:57:49','2021-07-15 08:57:49',NULL),(208,548,57,4,0,NULL,NULL,'2021-07-15 08:57:49','2021-07-15 08:57:49',NULL),(209,630,57,3,0,NULL,NULL,'2021-07-15 08:57:49','2021-07-15 08:57:49',NULL),(210,537,58,8,0,NULL,NULL,'2021-07-15 09:12:45','2021-07-15 09:21:41',NULL),(211,537,58,5,0,NULL,NULL,'2021-07-15 09:12:45','2021-07-15 09:21:51',NULL),(212,537,58,4,0,NULL,NULL,'2021-07-15 09:12:45','2021-07-15 09:22:00',NULL),(213,537,58,3,0,NULL,NULL,'2021-07-15 09:12:45','2021-07-15 09:22:10',NULL),(214,629,59,8,0,NULL,NULL,'2021-07-15 09:16:42','2021-07-15 09:19:58',NULL),(215,629,59,5,0,NULL,NULL,'2021-07-15 09:16:42','2021-07-15 09:20:11',NULL),(216,629,59,4,0,NULL,NULL,'2021-07-15 09:16:42','2021-07-15 09:20:20',NULL),(217,629,59,3,0,NULL,NULL,'2021-07-15 09:16:42','2021-07-15 09:20:33',NULL),(218,629,59,75,0,NULL,1,'2021-07-15 09:17:56','2021-09-13 03:41:21',NULL),(219,629,59,71,0,NULL,1,'2021-07-15 09:18:30','2021-09-13 03:39:10',NULL),(220,629,59,68,0,NULL,NULL,'2021-07-15 09:18:39','2021-07-15 09:18:39',NULL),(221,629,59,66,0,NULL,1,'2021-07-15 09:18:49','2021-09-13 03:41:30',NULL),(222,629,59,61,0,NULL,NULL,'2021-07-15 09:18:59','2021-07-15 09:18:59',NULL),(223,629,59,2,0,NULL,NULL,'2021-07-15 09:19:12','2021-07-15 09:19:12',NULL),(224,629,59,2,0,NULL,NULL,'2021-07-15 09:19:12','2021-07-15 09:19:12',NULL),(225,537,58,75,0,NULL,1,'2021-07-15 09:21:02','2021-11-30 16:08:31',NULL),(226,537,58,71,0,NULL,NULL,'2021-07-15 09:21:10','2021-07-15 09:21:10',NULL),(227,537,58,68,0,NULL,NULL,'2021-07-15 09:21:17','2021-07-15 09:21:17',NULL),(228,537,58,66,0,NULL,NULL,'2021-07-15 09:21:25','2021-07-15 09:21:25',NULL),(229,537,58,61,0,NULL,NULL,'2021-07-15 09:21:32','2021-07-15 09:21:32',NULL),(230,537,58,2,0,NULL,NULL,'2021-07-15 09:22:19','2021-07-15 09:22:19',NULL),(231,629,60,8,0,NULL,1,'2021-07-16 05:45:53','2021-09-13 03:36:52',NULL),(232,629,60,5,0,NULL,NULL,'2021-07-16 05:45:53','2021-07-16 05:47:58',NULL),(233,629,60,4,0,NULL,1,'2021-07-16 05:45:53','2021-09-13 03:38:23',NULL),(234,629,60,3,0,NULL,1,'2021-07-16 05:45:53','2021-09-13 03:40:49',NULL),(235,629,60,75,0,NULL,1,'2021-07-16 05:46:32','2021-09-13 03:35:20',NULL),(236,629,60,71,0,NULL,1,'2021-07-16 05:46:41','2021-09-13 03:35:34',NULL),(237,629,60,71,0,NULL,NULL,'2021-07-16 05:46:41','2021-07-16 05:46:41',NULL),(238,629,60,68,0,NULL,1,'2021-07-16 05:46:56','2021-09-13 03:36:10',NULL),(239,629,60,68,0,NULL,NULL,'2021-07-16 05:46:56','2021-07-16 05:46:56',NULL),(240,629,60,66,0,NULL,1,'2021-07-16 05:47:06','2021-09-13 03:35:54',NULL),(241,629,60,66,0,NULL,NULL,'2021-07-16 05:47:06','2021-07-16 05:47:06',NULL),(242,629,60,61,0,NULL,1,'2021-07-16 05:47:20','2021-09-13 03:36:35',NULL),(243,629,60,61,0,NULL,NULL,'2021-07-16 05:47:20','2021-07-16 05:47:20',NULL),(244,629,60,2,0,NULL,NULL,'2021-07-16 05:48:33','2021-07-16 05:48:33',NULL),(245,634,61,46,0,NULL,NULL,'2021-07-16 05:57:29','2021-07-16 05:58:50',NULL),(246,634,61,8,0,NULL,NULL,'2021-07-16 05:57:29','2021-07-16 05:58:59',NULL),(247,634,61,5,0,NULL,NULL,'2021-07-16 05:57:29','2021-07-16 05:59:08',NULL),(248,634,61,4,0,NULL,NULL,'2021-07-16 05:57:29','2021-07-16 05:59:21',NULL),(249,634,61,3,0,NULL,NULL,'2021-07-16 05:57:29','2021-07-16 05:59:31',NULL),(250,634,61,75,0,NULL,NULL,'2021-07-16 05:57:58','2021-07-16 05:57:58',NULL),(251,634,61,71,0,NULL,NULL,'2021-07-16 05:58:06','2021-07-16 05:58:06',NULL),(252,634,61,68,0,NULL,NULL,'2021-07-16 05:58:17','2021-07-16 05:58:17',NULL),(253,634,61,68,0,NULL,NULL,'2021-07-16 05:58:17','2021-07-16 05:58:17',NULL),(254,634,61,66,0,NULL,NULL,'2021-07-16 05:58:28','2021-07-16 05:58:28',NULL),(255,634,61,66,0,NULL,NULL,'2021-07-16 05:58:28','2021-07-16 05:58:28',NULL),(256,634,61,61,0,NULL,NULL,'2021-07-16 05:58:41','2021-07-16 05:58:41',NULL),(257,634,61,2,0,NULL,NULL,'2021-07-16 05:59:41','2021-07-16 05:59:41',NULL),(258,629,62,46,0,NULL,NULL,'2021-07-16 16:42:27','2021-07-17 00:02:11',NULL),(259,629,62,8,0,NULL,NULL,'2021-07-16 16:42:27','2021-07-17 00:02:23',NULL),(260,629,62,5,0,NULL,NULL,'2021-07-16 16:42:27','2021-07-17 00:02:34',NULL),(261,629,62,4,0,NULL,NULL,'2021-07-16 16:42:27','2021-07-17 00:02:47',NULL),(262,629,62,3,0,NULL,NULL,'2021-07-16 16:42:27','2021-07-17 00:02:58',NULL),(263,629,63,46,0,NULL,1,'2021-07-16 16:45:20','2021-07-17 00:34:22',NULL),(264,629,63,8,0,NULL,1,'2021-07-16 16:45:20','2021-07-17 00:35:08',NULL),(265,629,63,5,0,NULL,1,'2021-07-16 16:45:20','2021-07-17 00:36:34',NULL),(266,629,63,4,0,NULL,1,'2021-07-16 16:45:20','2021-07-17 00:37:31',NULL),(267,629,63,3,0,NULL,1,'2021-07-16 16:45:20','2021-07-17 00:38:06',NULL),(268,629,63,75,0,NULL,1,'2021-07-16 16:46:44','2021-07-17 00:32:56',NULL),(269,629,63,71,0,NULL,1,'2021-07-16 16:46:58','2021-07-17 00:33:15',NULL),(270,629,63,68,0,NULL,1,'2021-07-16 16:47:09','2021-07-17 00:33:34',NULL),(271,629,63,66,0,NULL,1,'2021-07-16 16:47:16','2021-07-17 00:33:44',NULL),(272,629,63,61,0,NULL,1,'2021-07-16 16:47:32','2021-07-17 00:34:04',NULL),(273,629,63,2,0,NULL,1,'2021-07-16 16:49:53','2021-07-17 00:38:16',NULL),(274,629,62,75,0,NULL,NULL,'2021-07-17 00:01:16','2021-07-17 00:01:16',NULL),(275,629,62,71,0,NULL,NULL,'2021-07-17 00:01:26','2021-07-17 00:01:26',NULL),(276,629,62,68,0,NULL,NULL,'2021-07-17 00:01:35','2021-07-17 00:01:35',NULL),(277,629,62,66,0,NULL,NULL,'2021-07-17 00:01:46','2021-07-17 00:01:46',NULL),(278,629,62,61,0,NULL,NULL,'2021-07-17 00:01:58','2021-07-17 00:01:58',NULL),(279,629,62,61,0,NULL,NULL,'2021-07-17 00:01:58','2021-07-17 00:01:58',NULL),(280,629,62,2,0,NULL,NULL,'2021-07-17 00:03:11','2021-07-17 00:03:11',NULL),(281,537,64,46,0,NULL,NULL,'2021-07-17 17:07:12','2021-07-17 17:08:14',NULL),(282,537,64,8,0,NULL,NULL,'2021-07-17 17:07:12','2021-07-17 17:08:22',NULL),(283,537,64,5,0,NULL,NULL,'2021-07-17 17:07:12','2021-07-17 17:08:32',NULL),(284,537,64,4,0,NULL,NULL,'2021-07-17 17:07:12','2021-07-17 17:08:42',NULL),(285,537,64,3,0,NULL,NULL,'2021-07-17 17:07:12','2021-07-17 17:08:51',NULL),(286,537,64,75,0,NULL,NULL,'2021-07-17 17:07:28','2021-07-17 17:07:28',NULL),(287,537,64,71,0,NULL,NULL,'2021-07-17 17:07:40','2021-07-17 17:07:40',NULL),(288,537,64,68,0,NULL,NULL,'2021-07-17 17:07:48','2021-07-17 17:07:48',NULL),(289,537,64,66,0,NULL,NULL,'2021-07-17 17:07:57','2021-07-17 17:07:57',NULL),(290,537,64,61,0,NULL,NULL,'2021-07-17 17:08:05','2021-07-17 17:08:05',NULL),(291,537,64,2,0,NULL,NULL,'2021-07-17 17:09:05','2021-07-17 17:09:05',NULL),(292,537,65,46,0,NULL,NULL,'2021-07-17 17:14:04','2021-07-17 17:14:55',NULL),(293,537,65,8,0,NULL,NULL,'2021-07-17 17:14:04','2021-07-17 17:15:05',NULL),(294,537,65,5,0,NULL,NULL,'2021-07-17 17:14:04','2021-07-17 17:15:15',NULL),(295,537,65,4,0,NULL,NULL,'2021-07-17 17:14:04','2021-07-17 17:15:24',NULL),(296,537,65,3,0,NULL,NULL,'2021-07-17 17:14:04','2021-07-17 17:15:33',NULL),(297,537,65,75,0,NULL,NULL,'2021-07-17 17:14:16','2021-07-17 17:14:16',NULL),(298,537,65,71,0,NULL,NULL,'2021-07-17 17:14:25','2021-07-17 17:14:25',NULL),(299,537,65,68,0,NULL,NULL,'2021-07-17 17:14:32','2021-07-17 17:14:32',NULL),(300,537,65,66,0,NULL,NULL,'2021-07-17 17:14:39','2021-07-17 17:14:39',NULL),(301,537,65,61,0,NULL,NULL,'2021-07-17 17:14:49','2021-07-17 17:14:49',NULL),(302,537,65,2,0,NULL,NULL,'2021-07-17 17:15:47','2021-07-17 17:15:47',NULL),(303,629,66,46,0,NULL,NULL,'2021-07-17 17:22:26','2021-07-17 17:23:39',NULL),(304,629,66,8,0,NULL,NULL,'2021-07-17 17:22:26','2021-07-17 17:23:50',NULL),(305,629,66,5,0,NULL,NULL,'2021-07-17 17:22:26','2021-07-17 17:24:00',NULL),(306,629,66,4,0,NULL,NULL,'2021-07-17 17:22:26','2021-07-17 17:24:12',NULL),(307,629,66,3,0,NULL,NULL,'2021-07-17 17:22:26','2021-07-17 17:24:23',NULL),(308,629,66,75,0,NULL,NULL,'2021-07-17 17:22:42','2021-07-17 17:22:42',NULL),(309,629,66,71,0,NULL,NULL,'2021-07-17 17:22:51','2021-07-17 17:22:51',NULL),(310,629,66,68,0,NULL,NULL,'2021-07-17 17:22:59','2021-07-17 17:22:59',NULL),(311,629,66,66,0,NULL,NULL,'2021-07-17 17:23:16','2021-07-17 17:23:16',NULL),(312,629,66,61,0,NULL,NULL,'2021-07-17 17:23:25','2021-07-17 17:23:25',NULL),(313,629,66,2,0,NULL,NULL,'2021-07-17 17:24:34','2021-07-17 17:24:34',NULL),(314,629,67,8,0,NULL,1,'2021-07-18 17:22:01','2021-07-18 17:37:06',NULL),(315,629,67,5,0,NULL,1,'2021-07-18 17:22:01','2021-07-18 17:38:39',NULL),(316,629,67,4,0,NULL,1,'2021-07-18 17:22:01','2021-07-18 17:38:49',NULL),(317,629,67,3,0,NULL,1,'2021-07-18 17:22:01','2021-07-18 17:39:59',NULL),(318,629,67,75,0,NULL,1,'2021-07-18 17:22:23','2021-07-18 17:34:57',NULL),(319,629,67,71,0,NULL,1,'2021-07-18 17:22:34','2021-07-18 17:35:14',NULL),(320,629,67,71,0,NULL,NULL,'2021-07-18 17:22:34','2021-07-18 17:22:34',NULL),(321,629,67,68,0,NULL,1,'2021-07-18 17:22:43','2021-07-18 17:35:45',NULL),(322,629,67,66,0,NULL,1,'2021-07-18 17:22:53','2021-07-18 17:35:53',NULL),(323,629,67,61,0,NULL,1,'2021-07-18 17:23:03','2021-07-18 17:36:17',NULL),(324,629,67,61,0,NULL,NULL,'2021-07-18 17:23:03','2021-07-18 17:23:03',NULL),(325,629,67,2,0,NULL,1,'2021-07-18 17:23:55','2021-07-18 17:40:30',NULL),(326,603,68,8,0,NULL,NULL,'2021-07-19 02:56:03','2021-07-19 02:58:46',NULL),(327,603,68,5,0,NULL,NULL,'2021-07-19 02:56:03','2021-07-19 02:58:56',NULL),(328,603,68,4,0,NULL,NULL,'2021-07-19 02:56:03','2021-07-19 02:59:07',NULL),(329,603,68,3,0,NULL,NULL,'2021-07-19 02:56:03','2021-07-19 02:59:17',NULL),(330,603,68,75,0,NULL,NULL,'2021-07-19 02:56:16','2021-07-19 02:56:16',NULL),(331,603,68,71,0,NULL,NULL,'2021-07-19 02:56:24','2021-07-19 02:56:24',NULL),(332,603,68,71,0,NULL,NULL,'2021-07-19 02:56:24','2021-07-19 02:56:24',NULL),(333,603,68,68,0,NULL,NULL,'2021-07-19 02:56:35','2021-07-19 02:56:35',NULL),(334,603,68,66,0,NULL,NULL,'2021-07-19 02:56:45','2021-07-19 02:56:45',NULL),(335,603,68,66,0,NULL,NULL,'2021-07-19 02:56:45','2021-07-19 02:56:45',NULL),(336,603,68,61,0,NULL,NULL,'2021-07-19 02:58:33','2021-07-19 02:58:33',NULL),(337,603,68,2,0,NULL,NULL,'2021-07-19 02:59:25','2021-07-19 02:59:25',NULL),(338,603,68,2,0,NULL,NULL,'2021-07-19 02:59:25','2021-07-19 02:59:25',NULL),(339,603,70,8,0,NULL,1,'2021-07-21 01:26:24','2021-09-10 16:29:08',NULL),(340,603,70,5,0,NULL,NULL,'2021-07-21 01:26:24','2021-07-21 01:27:39',NULL),(341,603,70,4,0,NULL,1,'2021-07-21 01:26:24','2021-09-10 16:29:31',NULL),(342,603,70,3,0,NULL,NULL,'2021-07-21 01:26:24','2021-07-21 01:28:26',NULL),(343,603,70,75,0,NULL,NULL,'2021-07-21 01:26:41','2021-07-21 01:26:41',NULL),(344,603,70,71,0,NULL,NULL,'2021-07-21 01:26:49','2021-07-21 01:26:49',NULL),(345,603,70,68,0,NULL,NULL,'2021-07-21 01:27:05','2021-07-21 01:27:05',NULL),(346,603,70,66,0,NULL,NULL,'2021-07-21 01:27:18','2021-07-21 01:27:18',NULL),(347,603,70,61,0,NULL,NULL,'2021-07-21 01:27:28','2021-07-21 01:27:28',NULL),(348,603,70,61,0,NULL,NULL,'2021-07-21 01:27:28','2021-07-21 01:27:28',NULL),(349,603,70,2,0,NULL,NULL,'2021-07-21 01:27:52','2021-07-21 01:27:52',NULL),(350,603,71,8,0,NULL,1,'2021-07-21 01:30:17','2021-09-10 16:24:46',NULL),(351,603,71,5,0,NULL,1,'2021-07-21 01:30:17','2021-09-10 16:27:07',NULL),(352,603,71,4,0,NULL,1,'2021-07-21 01:30:17','2021-09-10 16:25:17',NULL),(353,603,71,3,0,NULL,1,'2021-07-21 01:30:17','2021-09-10 16:27:29',NULL),(354,603,71,75,0,NULL,1,'2021-07-21 01:30:32','2021-09-10 16:22:44',NULL),(355,603,71,71,0,NULL,1,'2021-07-21 01:30:43','2021-09-10 16:23:05',NULL),(356,603,71,71,0,NULL,NULL,'2021-07-21 01:30:43','2021-07-21 01:30:43',NULL),(357,603,71,68,0,NULL,1,'2021-07-21 01:30:53','2021-09-10 16:23:34',NULL),(358,603,71,66,0,NULL,1,'2021-07-21 01:31:03','2021-09-10 16:23:24',NULL),(359,603,71,61,0,NULL,1,'2021-07-21 01:31:14','2021-09-10 16:23:59',NULL),(360,603,71,2,0,NULL,1,'2021-07-21 01:32:20','2021-09-10 16:27:53',NULL),(361,629,72,8,0,NULL,NULL,'2021-07-23 00:31:52','2021-07-23 00:32:58',NULL),(362,629,72,5,0,NULL,NULL,'2021-07-23 00:31:52','2021-07-23 00:33:07',NULL),(363,629,72,4,0,NULL,NULL,'2021-07-23 00:31:52','2021-07-23 00:33:16',NULL),(364,630,72,3,0,NULL,NULL,'2021-07-23 00:31:52','2021-07-23 00:31:52',NULL),(365,629,72,75,0,NULL,NULL,'2021-07-23 00:32:07','2021-07-23 00:32:07',NULL),(366,629,72,71,0,NULL,NULL,'2021-07-23 00:32:19','2021-07-23 00:32:19',NULL),(367,629,72,71,0,NULL,NULL,'2021-07-23 00:32:19','2021-07-23 00:32:19',NULL),(368,629,72,68,0,NULL,NULL,'2021-07-23 00:32:27','2021-07-23 00:32:27',NULL),(369,629,72,68,0,NULL,NULL,'2021-07-23 00:32:27','2021-07-23 00:32:27',NULL),(370,629,72,66,0,NULL,NULL,'2021-07-23 00:32:38','2021-07-23 00:32:38',NULL),(371,629,72,61,0,NULL,NULL,'2021-07-23 00:32:50','2021-07-23 00:32:50',NULL),(372,629,72,61,0,NULL,NULL,'2021-07-23 00:32:50','2021-07-23 00:32:50',NULL),(373,629,72,2,0,NULL,NULL,'2021-07-23 00:33:23','2021-07-23 00:33:23',NULL),(374,537,73,8,0,NULL,NULL,'2021-07-30 03:45:59','2021-07-30 03:47:29',NULL),(375,537,73,5,0,NULL,NULL,'2021-07-30 03:45:59','2021-07-30 03:47:36',NULL),(376,537,73,4,0,NULL,NULL,'2021-07-30 03:45:59','2021-07-30 03:47:43',NULL),(377,537,73,3,0,NULL,NULL,'2021-07-30 03:45:59','2021-07-30 03:47:55',NULL),(378,537,73,75,0,NULL,NULL,'2021-07-30 03:46:53','2021-07-30 03:46:53',NULL),(379,537,73,71,0,NULL,NULL,'2021-07-30 03:47:01','2021-07-30 03:47:01',NULL),(380,537,73,68,0,NULL,NULL,'2021-07-30 03:47:10','2021-07-30 03:47:10',NULL),(381,537,73,68,0,NULL,NULL,'2021-07-30 03:47:10','2021-07-30 03:47:10',NULL),(382,537,73,66,0,NULL,NULL,'2021-07-30 03:47:16','2021-07-30 03:47:16',NULL),(383,537,73,66,0,NULL,NULL,'2021-07-30 03:47:16','2021-07-30 03:47:16',NULL),(384,537,73,61,0,NULL,NULL,'2021-07-30 03:47:22','2021-07-30 03:47:22',NULL),(385,537,73,2,0,NULL,NULL,'2021-07-30 03:48:10','2021-07-30 03:48:10',NULL),(386,537,73,2,0,NULL,NULL,'2021-07-30 03:48:10','2021-07-30 03:48:10',NULL),(387,463,74,46,0,NULL,NULL,'2021-09-02 13:01:56','2021-09-02 13:01:56',NULL),(388,463,74,8,0,NULL,NULL,'2021-09-02 13:01:56','2021-09-02 13:01:56',NULL),(389,548,74,5,0,NULL,NULL,'2021-09-02 13:01:56','2021-09-02 13:01:56',NULL),(390,548,74,4,0,NULL,NULL,'2021-09-02 13:01:56','2021-09-02 13:01:56',NULL),(391,630,74,3,0,NULL,NULL,'2021-09-02 13:01:56','2021-09-02 13:01:56',NULL),(392,463,75,46,0,NULL,NULL,'2021-09-06 15:25:00','2021-09-06 15:25:00',NULL),(393,548,75,5,0,NULL,NULL,'2021-09-06 15:25:00','2021-09-06 15:25:00',NULL),(394,630,75,3,0,NULL,NULL,'2021-09-06 15:25:00','2021-09-06 15:25:00',NULL),(395,603,76,46,0,NULL,NULL,'2021-09-10 16:40:10','2021-09-10 16:42:22',NULL),(396,603,76,8,0,NULL,NULL,'2021-09-10 16:40:10','2021-09-10 16:42:30',NULL),(397,603,76,5,0,NULL,NULL,'2021-09-10 16:40:10','2021-09-10 16:42:40',NULL),(398,603,76,4,0,NULL,NULL,'2021-09-10 16:40:10','2021-09-10 16:42:51',NULL),(399,603,76,3,0,NULL,NULL,'2021-09-10 16:40:10','2021-09-10 16:43:02',NULL),(400,603,76,75,0,NULL,NULL,'2021-09-10 16:41:07','2021-09-10 16:41:35',NULL),(401,603,76,71,0,NULL,NULL,'2021-09-10 16:41:46','2021-09-10 16:41:46',NULL),(402,603,76,68,0,NULL,NULL,'2021-09-10 16:41:54','2021-09-10 16:41:54',NULL),(403,603,76,66,0,NULL,NULL,'2021-09-10 16:42:02','2021-09-10 16:42:02',NULL),(404,603,76,61,0,NULL,NULL,'2021-09-10 16:42:12','2021-09-10 16:42:12',NULL),(405,603,76,2,0,NULL,NULL,'2021-09-10 16:43:13','2021-09-10 16:43:13',NULL),(406,463,77,8,0,NULL,NULL,'2021-09-11 17:04:23','2021-09-11 17:04:23',NULL),(407,548,77,5,0,NULL,NULL,'2021-09-11 17:04:23','2021-09-11 17:04:23',NULL),(408,548,77,4,0,NULL,NULL,'2021-09-11 17:04:23','2021-09-11 17:04:23',NULL),(409,630,77,3,0,NULL,NULL,'2021-09-11 17:04:23','2021-09-11 17:04:23',NULL),(410,463,78,46,0,NULL,NULL,'2021-09-11 17:10:49','2021-09-11 17:10:49',NULL),(411,463,78,8,0,NULL,NULL,'2021-09-11 17:10:49','2021-09-11 17:10:49',NULL),(412,548,78,5,0,NULL,NULL,'2021-09-11 17:10:49','2021-09-11 17:10:49',NULL),(413,548,78,4,0,NULL,NULL,'2021-09-11 17:10:49','2021-09-11 17:10:49',NULL),(414,630,78,3,0,NULL,NULL,'2021-09-11 17:10:49','2021-09-11 17:10:49',NULL),(415,548,79,16,0,NULL,NULL,'2021-09-11 17:13:06','2021-09-11 17:13:06',NULL),(416,463,79,8,0,NULL,NULL,'2021-09-11 17:13:06','2021-09-11 17:13:06',NULL),(417,548,79,5,0,NULL,NULL,'2021-09-11 17:13:06','2021-09-11 17:13:06',NULL),(418,548,79,4,0,NULL,NULL,'2021-09-11 17:13:06','2021-09-11 17:13:06',NULL),(419,630,79,3,0,NULL,NULL,'2021-09-11 17:13:06','2021-09-11 17:13:06',NULL),(420,537,82,8,0,NULL,NULL,'2021-09-13 07:52:25','2021-09-13 07:53:46',NULL),(421,537,82,5,0,NULL,NULL,'2021-09-13 07:52:25','2021-09-13 07:53:54',NULL),(422,537,82,4,0,NULL,NULL,'2021-09-13 07:52:25','2021-09-13 07:54:03',NULL),(423,537,82,3,0,NULL,NULL,'2021-09-13 07:52:25','2021-09-13 07:54:12',NULL),(424,537,82,75,0,NULL,NULL,'2021-09-13 07:52:43','2021-09-13 07:52:43',NULL),(425,537,82,71,0,NULL,NULL,'2021-09-13 07:52:50','2021-09-13 07:52:50',NULL),(426,537,82,68,0,NULL,NULL,'2021-09-13 07:52:58','2021-09-13 07:52:58',NULL),(427,537,82,66,0,NULL,NULL,'2021-09-13 07:53:12','2021-09-13 07:53:12',NULL),(428,537,82,61,0,NULL,NULL,'2021-09-13 07:53:19','2021-09-13 07:53:19',NULL),(429,537,82,2,0,NULL,NULL,'2021-09-13 07:53:38','2021-09-13 07:53:38',NULL),(430,537,82,2,0,NULL,NULL,'2021-09-13 07:53:38','2021-09-13 07:53:38',NULL),(431,629,75,68,0,NULL,NULL,'2021-09-14 13:53:23','2021-09-14 13:53:23',NULL),(432,629,75,66,0,NULL,NULL,'2021-09-14 13:53:44','2021-09-14 13:53:44',NULL),(433,629,75,61,0,NULL,NULL,'2021-09-14 13:54:09','2021-09-14 13:54:09',NULL),(434,629,75,2,0,NULL,NULL,'2021-09-14 13:54:34','2021-09-14 13:54:34',NULL),(435,629,69,75,0,NULL,NULL,'2021-09-14 13:55:36','2021-09-14 13:55:36',NULL),(436,629,69,68,0,NULL,NULL,'2021-09-14 13:56:01','2021-09-14 13:56:01',NULL),(437,629,69,68,0,NULL,NULL,'2021-09-14 13:56:01','2021-09-14 13:56:01',NULL),(438,629,69,61,0,NULL,NULL,'2021-09-14 13:56:14','2021-09-14 13:56:14',NULL),(439,629,69,61,0,NULL,NULL,'2021-09-14 13:56:14','2021-09-14 13:56:14',NULL),(440,629,57,75,0,NULL,NULL,'2021-09-14 13:57:05','2021-09-14 13:57:05',NULL),(441,629,57,2,0,NULL,NULL,'2021-09-14 13:57:28','2021-09-14 13:57:28',NULL),(442,629,57,71,0,NULL,NULL,'2021-09-14 13:57:42','2021-09-14 13:57:42',NULL),(443,629,57,68,0,NULL,NULL,'2021-09-14 13:57:53','2021-09-14 13:57:53',NULL),(444,629,57,68,0,NULL,NULL,'2021-09-14 13:57:53','2021-09-14 13:57:53',NULL),(445,629,57,66,0,NULL,NULL,'2021-09-14 13:58:05','2021-09-14 13:58:05',NULL),(446,629,57,66,0,NULL,NULL,'2021-09-14 13:58:05','2021-09-14 13:58:05',NULL),(447,463,82,8,0,NULL,NULL,'2021-09-24 06:30:41','2021-09-24 06:30:41',NULL),(448,548,82,5,0,NULL,NULL,'2021-09-24 06:30:41','2021-09-24 06:30:41',NULL),(449,548,82,4,0,NULL,NULL,'2021-09-24 06:30:41','2021-09-24 06:30:41',NULL),(450,630,82,3,0,NULL,NULL,'2021-09-24 06:30:41','2021-09-24 06:30:41',NULL),(451,537,83,8,0,NULL,NULL,'2021-09-24 06:32:33','2021-09-24 06:59:22',NULL),(452,537,83,5,0,NULL,NULL,'2021-09-24 06:32:33','2021-09-24 06:59:43',NULL),(453,537,83,4,0,NULL,NULL,'2021-09-24 06:32:33','2021-09-24 07:00:03',NULL),(454,537,83,3,0,NULL,NULL,'2021-09-24 06:32:33','2021-09-24 06:59:53',NULL),(455,537,83,75,0,NULL,NULL,'2021-09-24 06:58:17','2021-09-24 06:58:17',NULL),(456,537,83,71,0,NULL,NULL,'2021-09-24 06:58:23','2021-09-24 06:58:23',NULL),(457,537,83,68,0,NULL,NULL,'2021-09-24 06:58:30','2021-09-24 06:58:30',NULL),(458,537,83,66,0,NULL,NULL,'2021-09-24 06:58:36','2021-09-24 06:58:36',NULL),(459,537,83,61,0,NULL,NULL,'2021-09-24 06:59:03','2021-09-24 06:59:03',NULL),(460,537,83,2,0,NULL,NULL,'2021-09-24 07:00:11','2021-09-24 07:00:11',NULL),(461,463,84,8,0,NULL,NULL,'2021-09-29 02:36:54','2021-09-29 02:36:54',NULL),(462,548,84,5,0,NULL,NULL,'2021-09-29 02:36:54','2021-09-29 02:36:54',NULL),(463,548,84,4,0,NULL,NULL,'2021-09-29 02:36:54','2021-09-29 02:36:54',NULL),(464,603,85,8,0,NULL,NULL,'2021-09-29 02:52:28','2021-09-29 03:20:54',NULL),(465,603,85,5,0,NULL,NULL,'2021-09-29 02:52:28','2021-09-29 03:21:05',NULL),(466,603,85,4,0,NULL,NULL,'2021-09-29 02:52:28','2021-09-29 03:21:14',NULL),(467,603,86,8,0,NULL,NULL,'2021-09-29 02:54:49','2021-09-29 03:22:22',NULL),(468,603,86,5,0,NULL,NULL,'2021-09-29 02:54:49','2021-09-29 03:22:31',NULL),(469,603,86,4,0,NULL,NULL,'2021-09-29 02:54:49','2021-09-29 03:22:46',NULL),(470,603,87,8,0,NULL,NULL,'2021-09-29 03:01:21','2021-09-29 03:29:51',NULL),(471,603,87,5,0,NULL,NULL,'2021-09-29 03:01:21','2021-09-29 03:30:07',NULL),(472,603,87,4,0,NULL,NULL,'2021-09-29 03:01:21','2021-09-29 03:30:17',NULL),(473,603,85,68,0,NULL,NULL,'2021-09-29 03:20:42','2021-09-29 03:20:42',NULL),(474,603,85,3,0,NULL,NULL,'2021-09-29 03:21:23','2021-09-29 03:21:23',NULL),(475,603,85,2,0,NULL,NULL,'2021-09-29 03:21:31','2021-09-29 03:21:31',NULL),(476,603,86,68,0,NULL,NULL,'2021-09-29 03:22:02','2021-09-29 03:22:02',NULL),(477,603,86,66,0,NULL,NULL,'2021-09-29 03:22:13','2021-09-29 03:22:13',NULL),(478,603,86,3,0,NULL,NULL,'2021-09-29 03:22:57','2021-09-29 03:22:57',NULL),(479,603,86,2,0,NULL,NULL,'2021-09-29 03:23:07','2021-09-29 03:23:07',NULL),(480,603,87,75,0,NULL,NULL,'2021-09-29 03:29:15','2021-09-29 03:29:15',NULL),(481,603,87,68,0,NULL,NULL,'2021-09-29 03:29:28','2021-09-29 03:29:28',NULL),(482,603,87,61,0,NULL,NULL,'2021-09-29 03:29:37','2021-09-29 03:29:37',NULL),(483,603,87,3,0,NULL,NULL,'2021-09-29 03:30:27','2021-09-29 03:30:27',NULL),(484,603,87,2,0,NULL,NULL,'2021-09-29 03:30:36','2021-09-29 03:30:36',NULL),(485,603,87,2,0,NULL,NULL,'2021-09-29 03:30:36','2021-09-29 03:30:36',NULL),(486,463,88,8,0,NULL,NULL,'2021-10-23 06:31:36','2021-10-23 06:31:36',NULL),(487,548,88,5,0,NULL,NULL,'2021-10-23 06:31:36','2021-10-23 06:31:36',NULL),(488,548,88,4,0,NULL,NULL,'2021-10-23 06:31:36','2021-10-23 06:31:36',NULL),(489,630,88,3,0,NULL,NULL,'2021-10-23 06:31:36','2021-10-23 06:31:36',NULL),(490,463,58,8,0,NULL,NULL,'2021-10-26 06:58:19','2021-10-26 06:58:19',NULL),(491,548,58,5,0,NULL,NULL,'2021-10-26 06:58:19','2021-10-26 06:58:19',NULL),(492,548,58,4,0,NULL,NULL,'2021-10-26 06:58:19','2021-10-26 06:58:19',NULL),(493,630,58,3,0,NULL,NULL,'2021-10-26 06:58:19','2021-10-26 06:58:19',NULL),(494,463,73,8,0,NULL,NULL,'2021-10-26 06:58:44','2021-10-26 06:58:44',NULL),(495,548,73,5,0,NULL,NULL,'2021-10-26 06:58:44','2021-10-26 06:58:44',NULL),(496,548,73,4,0,NULL,NULL,'2021-10-26 06:58:44','2021-10-26 06:58:44',NULL),(497,630,73,3,0,NULL,NULL,'2021-10-26 06:58:44','2021-10-26 06:58:44',NULL),(498,1546,90,8,0,NULL,NULL,'2021-11-01 12:13:56','2021-11-01 12:13:56',NULL),(499,1546,90,3,0,NULL,NULL,'2021-11-01 12:13:56','2021-11-01 12:13:56',NULL),(500,629,90,75,0,NULL,NULL,'2021-11-01 12:14:51','2021-11-01 12:14:51',NULL),(501,629,90,68,0,NULL,NULL,'2021-11-01 12:15:06','2021-11-01 12:15:06',NULL),(502,629,90,66,0,NULL,NULL,'2021-11-01 12:15:25','2021-11-01 12:15:25',NULL),(503,629,90,61,0,NULL,NULL,'2021-11-01 12:15:39','2021-11-01 12:15:39',NULL),(504,629,90,61,0,NULL,NULL,'2021-11-01 12:15:39','2021-11-01 12:15:39',NULL),(505,629,90,2,0,NULL,NULL,'2021-11-01 12:15:55','2021-11-01 12:15:55',NULL),(506,629,91,46,0,NULL,NULL,'2021-11-27 05:54:03','2021-11-27 06:04:56',NULL),(507,629,91,8,0,NULL,NULL,'2021-11-27 05:54:03','2021-11-27 06:05:13',NULL),(508,629,91,5,0,NULL,NULL,'2021-11-27 05:54:03','2021-11-27 06:05:27',NULL),(509,629,91,4,0,NULL,NULL,'2021-11-27 05:54:03','2021-11-27 06:05:41',NULL),(510,629,91,3,0,NULL,NULL,'2021-11-27 05:54:03','2021-11-27 06:05:57',NULL),(511,629,91,2,0,NULL,NULL,'2021-11-27 06:06:11','2021-11-27 06:06:11',NULL),(512,629,91,2,0,NULL,NULL,'2021-11-27 06:06:11','2021-11-27 06:06:11',NULL),(513,629,91,68,0,NULL,NULL,'2021-11-27 06:06:25','2021-11-27 06:06:25',NULL),(514,629,91,66,0,NULL,NULL,'2021-11-27 06:06:37','2021-11-27 06:06:37',NULL),(515,629,91,66,0,NULL,NULL,'2021-11-27 06:06:37','2021-11-27 06:06:37',NULL),(516,629,91,61,0,NULL,NULL,'2021-11-27 06:06:50','2021-11-27 06:06:50',NULL),(517,629,91,61,0,NULL,NULL,'2021-11-27 06:06:50','2021-11-27 06:06:50',NULL),(518,463,92,8,0,NULL,NULL,'2021-11-30 10:17:36','2021-11-30 10:17:36',NULL),(519,548,92,5,0,NULL,NULL,'2021-11-30 10:17:36','2021-11-30 10:17:36',NULL),(520,629,92,4,0,NULL,NULL,'2021-11-30 10:17:36','2021-11-30 10:19:03',NULL),(521,629,92,3,0,NULL,NULL,'2021-11-30 10:17:36','2021-11-30 10:19:47',NULL),(522,629,92,75,0,NULL,NULL,'2021-11-30 10:18:02','2021-11-30 10:18:02',NULL),(523,629,92,71,0,NULL,NULL,'2021-11-30 10:18:12','2021-11-30 10:18:12',NULL),(524,629,92,71,0,NULL,NULL,'2021-11-30 10:18:12','2021-11-30 10:18:12',NULL),(525,629,92,68,0,NULL,NULL,'2021-11-30 10:18:24','2021-11-30 10:18:24',NULL),(526,629,92,68,0,NULL,NULL,'2021-11-30 10:18:24','2021-11-30 10:18:24',NULL),(527,629,92,66,0,NULL,NULL,'2021-11-30 10:18:40','2021-11-30 10:18:40',NULL),(528,629,92,66,0,NULL,NULL,'2021-11-30 10:18:40','2021-11-30 10:18:40',NULL),(529,629,92,61,0,NULL,NULL,'2021-11-30 10:18:50','2021-11-30 10:18:50',NULL),(530,629,92,61,0,NULL,NULL,'2021-11-30 10:18:50','2021-11-30 10:18:50',NULL),(531,629,92,2,0,NULL,NULL,'2021-11-30 10:19:59','2021-11-30 10:19:59',NULL),(532,629,92,2,0,NULL,NULL,'2021-11-30 10:19:59','2021-11-30 10:19:59',NULL),(533,537,96,16,0,NULL,NULL,'2021-12-22 05:19:02','2021-12-22 05:21:02',NULL),(534,537,96,8,0,NULL,NULL,'2021-12-22 05:19:02','2021-12-22 05:21:10',NULL),(535,537,96,5,0,NULL,NULL,'2021-12-22 05:19:02','2021-12-22 05:21:20',NULL),(536,537,96,4,0,NULL,NULL,'2021-12-22 05:19:02','2021-12-22 05:21:27',NULL),(537,537,96,3,0,NULL,NULL,'2021-12-22 05:19:02','2021-12-22 05:21:37',NULL),(538,537,96,75,0,NULL,NULL,'2021-12-22 05:20:07','2021-12-22 05:20:07',NULL),(539,537,96,75,0,NULL,NULL,'2021-12-22 05:20:07','2021-12-22 05:20:07',NULL),(540,537,96,71,0,NULL,NULL,'2021-12-22 05:20:15','2021-12-22 05:20:15',NULL),(541,537,96,68,0,NULL,NULL,'2021-12-22 05:20:22','2021-12-22 05:20:22',NULL),(542,537,96,68,0,NULL,NULL,'2021-12-22 05:20:22','2021-12-22 05:20:22',NULL),(543,537,96,66,0,NULL,NULL,'2021-12-22 05:20:28','2021-12-22 05:20:28',NULL),(544,537,96,61,0,NULL,NULL,'2021-12-22 05:20:34','2021-12-22 05:20:34',NULL),(545,537,96,61,0,NULL,NULL,'2021-12-22 05:20:34','2021-12-22 05:20:34',NULL),(546,537,96,2,0,NULL,NULL,'2021-12-22 05:21:48','2021-12-22 05:21:48',NULL),(547,537,96,2,0,NULL,NULL,'2021-12-22 05:21:48','2021-12-22 05:21:48',NULL),(548,629,97,8,0,NULL,NULL,'2022-01-17 13:20:17','2022-01-17 13:22:49',NULL),(549,629,97,5,0,NULL,NULL,'2022-01-17 13:20:17','2022-01-17 13:23:11',NULL),(550,629,97,3,0,NULL,NULL,'2022-01-17 13:20:17','2022-01-17 13:23:28',NULL),(551,629,97,68,0,NULL,NULL,'2022-01-17 13:21:48','2022-01-17 13:21:48',NULL),(552,629,97,66,0,NULL,NULL,'2022-01-17 13:22:15','2022-01-17 13:22:15',NULL),(553,629,97,66,0,NULL,NULL,'2022-01-17 13:22:15','2022-01-17 13:22:15',NULL),(554,629,97,61,0,NULL,NULL,'2022-01-17 13:22:30','2022-01-17 13:22:30',NULL),(555,593,97,2,0,NULL,NULL,'2022-01-17 13:23:45','2022-04-02 05:59:20',NULL),(556,463,91,46,0,NULL,NULL,'2022-11-15 10:07:15','2022-11-15 10:07:15',NULL),(557,463,91,8,0,NULL,NULL,'2022-11-15 10:07:15','2022-11-15 10:07:15',NULL),(558,548,91,5,0,NULL,NULL,'2022-11-15 10:07:15','2022-11-15 10:07:15',NULL),(559,548,91,4,0,NULL,NULL,'2022-11-15 10:07:15','2022-11-15 10:07:15',NULL),(560,630,91,3,0,NULL,NULL,'2022-11-15 10:07:15','2022-11-15 10:07:15',NULL),(561,463,53,8,0,NULL,NULL,'2022-11-15 10:10:01','2022-11-15 10:10:01',NULL),(562,548,53,5,0,NULL,NULL,'2022-11-15 10:10:01','2022-11-15 10:10:01',NULL),(563,548,53,4,0,NULL,NULL,'2022-11-15 10:10:01','2022-11-15 10:10:01',NULL),(564,630,53,3,0,NULL,NULL,'2022-11-15 10:10:01','2022-11-15 10:10:01',NULL),(565,548,99,5,0,NULL,NULL,'2022-11-16 09:36:00','2022-11-16 09:36:00',NULL),(566,463,107,46,0,NULL,NULL,'2023-01-02 09:17:30','2023-01-02 09:17:30',NULL);

--
-- Table structure for table `projects`
--

CREATE TABLE `projects` (
  `id` bigint unsigned NOT NULL AUTO_INCREMENT,
  `user_id` int NOT NULL,
  `dealer_id` int DEFAULT NULL,
  `region_id` int DEFAULT NULL,
  `name` varchar(255) NOT NULL,
  `slug` varchar(255) DEFAULT NULL,
  `description` text,
  `work_type` tinyint DEFAULT NULL COMMENT '0=>renew project,1=>new project',
  `version` varchar(199) DEFAULT NULL,
  `pmc_vendor_id` int DEFAULT NULL,
  `pmc_vendor_status` enum('0','1','2') DEFAULT NULL COMMENT '0 = pending, 1= approval,3 =  ''reject''',
  `employee_status` enum('0','1','2') DEFAULT NULL COMMENT '0 = pending, 1= approval,3 =  ''reject''',
  `status` enum('0','1','2','3') DEFAULT NULL COMMENT '0=In progress,1=Pending for completion approval with PMC,2=Pending for completion approval with Asian paints,3=Completed',
  `project_working_status` int DEFAULT NULL COMMENT '1=>inprogress,2=>completed	',
  `project_started_at` timestamp NULL DEFAULT NULL,
  `created_at` timestamp NULL DEFAULT NULL,
  `updated_at` timestamp NULL DEFAULT NULL,
  PRIMARY KEY (`id`)
) ENGINE=InnoDB AUTO_INCREMENT=152 DEFAULT CHARSET=utf8mb3;

--
-- Dumping data for table `projects`
--

INSERT INTO `projects` VALUES (51,1524,1147,12,'FSIL Test Project',NULL,'smfnsfb',0,NULL,NULL,NULL,NULL,'1',NULL,'2021-07-03 13:06:00','2021-07-01 13:08:23','2021-07-07 05:20:22'),(52,61,1218,8,'Bhadrakali Paints and Lights',NULL,'Transition Version 5',0,NULL,NULL,NULL,NULL,'1',1,'2021-07-06 02:41:00','2021-07-06 02:41:41','2021-07-06 03:46:04'),(53,598,1344,17,'Bansal Traders',NULL,'Transition Version 5',0,NULL,NULL,NULL,NULL,'1',1,'2021-07-06 05:03:00','2021-07-06 05:03:06','2021-07-06 12:40:26'),(54,213,1425,5,'Thayillam Paints',NULL,'New Colour Idea Version 5',0,NULL,NULL,NULL,NULL,'1',1,'2021-07-07 02:49:00','2021-07-07 02:49:43','2021-07-07 03:17:35'),(55,642,1288,4,'Vijay Paints',NULL,'Transition Version 5',0,NULL,NULL,NULL,NULL,'1',1,'2021-07-07 23:09:00','2021-07-07 23:09:38','2021-07-11 16:53:23'),(56,61,1578,10,'New Padmabati',NULL,'New Colour Ideas Store V5',1,NULL,NULL,NULL,NULL,'1',NULL,'2021-07-13 03:58:00','2021-07-13 03:58:16','2021-07-13 04:23:25'),(57,598,1579,15,'Meera Paints',NULL,'New Version 5',1,NULL,NULL,NULL,NULL,'1',NULL,'2021-07-15 08:57:00','2021-07-15 08:57:49','2021-07-15 08:57:49'),(58,643,1580,12,'Badri Corporation',NULL,'Version 5',1,NULL,NULL,NULL,NULL,'0',NULL,'2021-07-15 03:30:00','2021-07-15 09:12:45','2022-01-11 06:14:48'),(59,643,1581,13,'Anu Enterprises',NULL,'Version 5',1,NULL,NULL,NULL,NULL,'0',NULL,'2021-07-15 03:30:00','2021-07-15 09:16:42','2022-01-15 05:27:54'),(60,643,1582,14,'Goyal Timber Trading Co',NULL,'Version 5',1,NULL,NULL,NULL,NULL,'1',NULL,'2021-07-16 03:30:00','2021-07-16 05:45:53','2021-07-16 05:45:53'),(61,213,1583,6,'Shaila Sales Corporation',NULL,'New Version 5',1,NULL,NULL,NULL,NULL,'1',NULL,'2021-07-16 05:55:00','2021-07-16 05:57:29','2021-07-16 05:57:29'),(62,61,1584,11,'Basukinath Agencies',NULL,'New Version 5',1,NULL,NULL,NULL,NULL,'1',NULL,'2021-07-16 16:42:00','2021-07-16 16:42:27','2021-07-16 16:42:27'),(63,61,1585,10,'Pawna Hardware',NULL,'New Version 5',1,NULL,NULL,NULL,NULL,'1',1,'2021-07-16 16:45:00','2021-07-16 16:45:20','2021-07-17 00:38:16'),(64,61,1586,8,'M Srinavasalu Gupta',NULL,'Version 5',1,NULL,NULL,NULL,NULL,'1',NULL,'2021-07-17 17:07:00','2021-07-17 17:07:12','2021-07-17 17:07:12'),(65,61,1587,8,'Jai Enterprises',NULL,'Version 5',1,NULL,NULL,NULL,NULL,'1',NULL,'2021-07-17 17:14:00','2021-07-17 17:14:04','2021-07-17 17:14:04'),(66,61,1588,10,'Dipak Enterprises',NULL,'Version 5',1,NULL,NULL,NULL,NULL,'1',NULL,'2021-07-17 17:22:00','2021-07-17 17:22:26','2021-07-17 17:22:26'),(67,598,1589,18,'Qazi Brothers',NULL,'Version 5',1,NULL,NULL,NULL,NULL,'1',1,'2021-07-18 17:16:00','2021-07-18 17:22:01','2021-07-18 17:40:30'),(68,642,1289,3,'MAITHRI HARDWARES',NULL,'Version 5',0,NULL,NULL,NULL,NULL,'1',NULL,'2021-07-19 02:56:00','2021-07-19 02:56:03','2021-07-19 02:56:03'),(69,598,1590,15,'Metro Paints',NULL,'Colour Ideas Version5',1,NULL,NULL,NULL,NULL,'1',NULL,'2021-07-19 15:25:00','2021-07-19 15:26:10','2021-07-19 15:26:10'),(70,642,1591,4,'Sangam Hardware',NULL,'Version 5',1,NULL,NULL,NULL,NULL,'1',NULL,'2021-07-21 01:26:00','2021-07-21 01:26:24','2021-07-21 01:26:24'),(71,642,1592,2,'Golden Paints',NULL,'Version 5',1,NULL,NULL,NULL,NULL,'1',1,'2021-07-21 01:30:00','2021-07-21 01:30:17','2021-09-10 16:27:53'),(72,598,1346,17,'Choudhary Paints and Hardware',NULL,'Version 5',0,NULL,NULL,NULL,NULL,'1',NULL,'2021-07-23 00:32:00','2021-07-23 00:31:52','2021-07-23 00:31:52'),(73,643,1593,14,'Royal Paints -Udaipur',NULL,'Version 5',1,NULL,NULL,NULL,NULL,'1',NULL,'2021-08-05 08:30:00','2021-07-30 03:45:59','2021-07-30 03:45:59'),(74,213,1596,6,'Delux Steel Traders',NULL,'New Project',1,NULL,NULL,NULL,NULL,'1',NULL,'2021-09-02 12:30:00','2021-09-02 13:01:56','2021-09-02 13:01:56'),(75,598,1598,17,'Bhojraj and Sons',NULL,'New CI construction',1,NULL,NULL,NULL,NULL,'1',NULL,'2021-09-06 15:23:00','2021-09-06 15:25:00','2021-09-14 12:34:22'),(76,1524,1599,10,'Ma Enterprises',NULL,'New CI',1,NULL,NULL,NULL,NULL,'1',NULL,'2021-09-10 16:40:00','2021-09-10 16:40:10','2021-09-10 16:40:10'),(77,1524,1600,8,'Sri Ram Paints',NULL,'New CI 5.0',1,NULL,NULL,NULL,NULL,'1',NULL,'2021-09-11 17:04:00','2021-09-11 17:04:23','2021-09-11 17:04:23'),(78,1524,1601,9,'Sri Sai Venkateshwara',NULL,'New CI 5.0',1,NULL,NULL,NULL,NULL,'1',NULL,'2021-09-11 17:11:00','2021-09-11 17:10:49','2021-09-11 17:10:49'),(79,1524,1602,11,'Kanoi',NULL,'New CI 5.0',1,NULL,NULL,NULL,NULL,'1',NULL,'2021-09-11 17:13:00','2021-09-11 17:13:06','2021-09-11 17:13:06'),(80,1524,1603,9,'Star Enterprises',NULL,'New CI 5.0',1,NULL,NULL,NULL,NULL,'1',NULL,'2021-09-11 17:15:00','2021-09-11 17:15:11','2021-09-11 17:15:11'),(81,1524,1604,11,'Niveditaz',NULL,'New CI 5.0',1,NULL,NULL,NULL,NULL,'1',NULL,'2021-09-11 17:17:00','2021-09-11 17:16:29','2021-09-11 17:16:29'),(82,643,1605,14,'Onkarmal Banshidhar',NULL,'Version 5',1,NULL,NULL,NULL,NULL,'1',NULL,'2021-09-27 04:30:00','2021-09-13 07:52:25','2021-09-27 16:51:10'),(83,643,1163,12,'Saiffee Hardware',NULL,'Version 5',0,NULL,NULL,NULL,NULL,'1',NULL,'2021-09-23 18:30:00','2021-09-24 06:32:33','2021-09-24 06:32:33'),(84,642,1606,1,'Sri Mahalakshmi Cycle Mart',NULL,'New CI at Madurai  town',1,NULL,NULL,NULL,NULL,'1',NULL,'2021-09-29 02:36:00','2021-09-29 02:36:54','2021-09-29 02:36:54'),(85,642,1607,1,'MRM Traders',NULL,'New CI in Madurai',1,NULL,NULL,NULL,NULL,'1',NULL,'2021-09-29 02:52:00','2021-09-29 02:52:28','2021-09-29 02:52:28'),(86,642,1282,1,'RPB Transition Site',NULL,'V 5.0  Transition Site',0,NULL,NULL,NULL,NULL,'1',NULL,'2021-09-29 02:55:00','2021-09-29 02:54:49','2021-09-29 02:54:49'),(87,642,1608,1,'PSR  Hardwares  New CI',NULL,'NEW Ci in Coimbatore',1,NULL,NULL,NULL,NULL,'1',NULL,'2021-09-29 02:58:00','2021-09-29 03:01:21','2021-09-29 03:01:21'),(88,1524,1528,9,'New CI',NULL,'New CI',0,NULL,NULL,NULL,NULL,'1',NULL,'2021-10-23 06:31:00','2021-10-23 06:31:36','2022-11-15 10:07:40'),(89,1524,1213,8,'Sindoora Traders',NULL,'New CI',0,NULL,NULL,NULL,NULL,'1',NULL,'2021-10-23 06:33:00','2021-10-23 06:33:35','2021-10-23 06:33:35'),(90,598,1610,18,'Bharat Paints',NULL,'New CI Construction',1,NULL,NULL,NULL,NULL,'1',NULL,'2021-11-01 12:13:00','2021-11-01 12:13:56','2021-11-01 12:13:56'),(91,598,1339,17,'Amba Sanitary Store Pvt Ltd',NULL,'CI V5 Transition',0,NULL,NULL,'2',NULL,'2',NULL,'2021-11-27 05:54:00','2021-11-27 05:54:03','2023-01-30 07:32:19'),(92,643,1458,13,'Bandukwala Sales Pvt ltd',NULL,'Version 5',0,NULL,NULL,'1',NULL,'2',NULL,'2021-11-30 03:30:00','2021-11-30 10:17:36','2023-01-30 07:30:22'),(93,1524,1627,9,'Sri Rama Iron Hardware',NULL,'New CI',0,NULL,NULL,'1','1','1',NULL,'2021-12-02 08:09:00','2021-12-02 08:10:00','2023-01-11 11:56:59'),(94,1524,1618,4,'Maya Hardware',NULL,'New CI',1,NULL,NULL,NULL,NULL,'1',NULL,'2021-12-02 08:15:00','2021-12-02 08:16:25','2021-12-02 08:16:25'),(95,1524,1619,8,'Deepak Paints',NULL,'New CI',1,NULL,NULL,'2',NULL,'1',NULL,'2021-12-02 08:23:00','2021-12-02 08:23:48','2022-12-28 11:31:56'),(96,643,1172,13,'Shiv Paints N Sanitary',NULL,'Version 5',0,NULL,NULL,'2',NULL,'1',NULL,'2021-12-25 04:30:00','2021-12-22 05:19:01','2022-12-28 11:31:41'),(97,598,1381,18,'Selection Building Material',NULL,'CI V5 Transition',0,NULL,629,'1','1','3',NULL,'2022-01-17 13:20:00','2022-01-17 13:20:17','2023-01-31 08:36:02'),(132,1524,1677,13,'shivam rajput',NULL,NULL,1,'2.0',629,NULL,'0','0',NULL,NULL,'2023-01-31 08:50:08','2023-01-31 13:00:45'),(133,1524,1678,15,'Paint Finishing',NULL,NULL,1,'14.0',634,NULL,'0','0',NULL,NULL,'2023-01-31 08:56:10','2023-02-01 05:36:40'),(134,1524,1679,9,'test',NULL,NULL,1,'2.0',629,'1','2','3',NULL,NULL,'2023-02-01 07:08:44','2023-02-15 09:25:55'),(135,1524,1680,5,'tests',NULL,NULL,1,'2.0',629,'1','1','3',NULL,NULL,'2023-02-04 11:44:19','2023-02-04 11:52:50'),(136,1524,1681,15,'Total makers',NULL,NULL,1,'13.0',629,'1','1','3',NULL,NULL,'2023-02-09 08:34:31','2023-02-15 08:46:39'),(137,1524,1682,15,'New testing project',NULL,NULL,1,'15.0',629,'1','1','3',NULL,NULL,'2023-02-09 09:44:17','2023-02-14 10:52:43'),(138,642,1683,3,'shiv',NULL,NULL,1,'2.0',629,'1','0','2',NULL,NULL,'2023-02-14 07:09:15','2023-02-14 07:12:25'),(139,1524,1684,16,'hap',NULL,NULL,1,'1233',629,'1','1','3',NULL,NULL,'2023-02-15 09:48:51','2023-02-15 09:51:35'),(140,1524,1687,8,'washing mate',NULL,NULL,1,'16',629,'2','0','2',NULL,NULL,'2023-02-16 07:16:55','2023-02-17 07:20:44'),(141,1613,1689,18,'most',NULL,NULL,1,'12',629,'1','1','3',NULL,NULL,'2023-02-16 10:09:52','2023-02-16 10:20:31'),(142,1612,1690,15,'shark',NULL,NULL,1,'13',629,NULL,'0','0',NULL,NULL,'2023-02-16 10:48:18','2023-02-16 10:48:18'),(143,1611,1691,4,'santosh',NULL,NULL,1,'2.0',629,NULL,'0','0',NULL,NULL,'2023-02-16 10:56:38','2023-02-16 10:56:38'),(144,1563,1692,4,'testwa',NULL,NULL,1,'2.3',629,NULL,'0','0',NULL,NULL,'2023-02-16 11:04:49','2023-02-16 11:04:49'),(145,1524,1693,16,'nine',NULL,NULL,1,'19',629,'1','1','3',NULL,NULL,'2023-02-16 11:07:12','2023-02-16 11:07:24'),(146,626,1694,6,'testwe',NULL,NULL,1,'2.0',634,NULL,'0','0',NULL,NULL,'2023-02-16 11:12:01','2023-02-16 11:12:01'),(147,625,1695,1,'tests',NULL,NULL,1,'2.0',603,NULL,'0','0',NULL,NULL,'2023-02-16 11:16:42','2023-02-16 11:16:42'),(148,624,1696,3,'testws',NULL,NULL,1,'2.3',629,NULL,'0','0',NULL,NULL,'2023-02-16 11:25:12','2023-02-16 11:25:12'),(149,1612,1697,5,'testh',NULL,NULL,1,'2.0',629,NULL,'0','0',NULL,NULL,'2023-02-27 04:45:46','2023-02-27 04:45:46'),(150,1524,1716,1,'test',NULL,NULL,1,'1',629,NULL,'0','0',NULL,NULL,'2023-02-28 09:05:11','2023-02-28 09:05:11'),(151,1524,1717,8,'Test',NULL,NULL,1,'14',629,'1','0','2',NULL,NULL,'2023-02-28 10:20:25','2023-03-23 09:02:51');

--
-- Table structure for table `prospect`
--

CREATE TABLE `prospect` (
  `id` int NOT NULL AUTO_INCREMENT,
  `user_id` int DEFAULT NULL,
  `name` varchar(255) CHARACTER SET utf8mb3 COLLATE utf8mb3_unicode_ci DEFAULT NULL,
  `region_id` int DEFAULT NULL,
  `dealer_code` varchar(193) CHARACTER SET utf8mb3 COLLATE utf8mb3_unicode_ci DEFAULT NULL,
  `pmc_vendor_id` int DEFAULT NULL,
  `approval_date` date DEFAULT NULL,
  `version` varchar(255) CHARACTER SET utf8mb3 COLLATE utf8mb3_unicode_ci DEFAULT NULL,
  `approval_status` enum('0','1','2') CHARACTER SET utf8mb3 COLLATE utf8mb3_unicode_ci DEFAULT NULL COMMENT '0 = Pending, 1 = move to project, 2 = ''reject''',
  `status` enum('0','1','2') CHARACTER SET utf8mb3 COLLATE utf8mb3_unicode_ci DEFAULT NULL COMMENT '0 = in-process, 1 = complete, 2 = dropped',
  `created_at` timestamp NULL DEFAULT NULL,
  `updated_at` timestamp NULL DEFAULT NULL,
  PRIMARY KEY (`id`)
) ENGINE=InnoDB AUTO_INCREMENT=23 DEFAULT CHARSET=utf8mb3 COLLATE=utf8mb3_unicode_ci;

--
-- Dumping data for table `prospect`
--

INSERT INTO `prospect` VALUES (1,1524,'shivam rajput',13,'100000',NULL,NULL,'2.0','1','0','2023-01-31 08:49:47','2023-01-31 08:50:08'),(2,1524,'Painttesting',15,'PAINT1234',NULL,NULL,'13.0','2','2','2023-01-31 08:54:24','2023-01-31 08:54:34'),(3,1524,'Paint Finishing',15,'PAINT123456',NULL,NULL,'14.0','1','0','2023-01-31 08:55:07','2023-01-31 08:56:10'),(4,1524,'test',9,'522455',NULL,NULL,'2.0','1','0','2023-02-01 05:38:27','2023-02-01 07:08:44'),(5,1524,'tests',5,'522450',NULL,NULL,'2.0','1','0','2023-02-04 11:18:47','2023-02-04 11:44:19'),(7,1524,'Total makers',15,'MAK12345',NULL,NULL,'13.0','1','0','2023-02-09 08:33:33','2023-02-09 08:34:31'),(8,1524,'New testing project',15,'New TEST1234',NULL,NULL,'15.0','1','0','2023-02-09 09:43:42','2023-02-09 09:44:17'),(9,642,'shiv',3,'142515',NULL,NULL,'2.0','1','0','2023-02-14 07:08:59','2023-02-14 07:09:15'),(10,1524,'santosh',4,'147852',NULL,NULL,'2.0','1','0','2023-02-14 10:48:04','2023-02-16 10:56:38'),(11,1524,'hap',16,'15191',NULL,NULL,'1233','1','0','2023-02-15 09:43:50','2023-02-15 09:48:51'),(12,1524,'washing mate',8,'wash1234567890',NULL,NULL,'16','1','0','2023-02-16 07:15:51','2023-02-16 07:16:55'),(13,1613,'most',18,'test12345',NULL,NULL,'12','1','0','2023-02-16 10:09:19','2023-02-16 10:09:52'),(14,1612,'shark',15,'123456',NULL,NULL,'13','1','0','2023-02-16 10:47:46','2023-02-16 10:48:18'),(15,1563,'testwa',4,'522455',NULL,NULL,'2.3','1','0','2023-02-16 11:04:24','2023-02-16 11:04:49'),(16,1524,'nine',16,'12365765',NULL,NULL,'19','1','0','2023-02-16 11:06:38','2023-02-16 11:07:12'),(17,626,'testwe',6,'010101',NULL,NULL,'2.0','1','0','2023-02-16 11:10:55','2023-02-16 11:12:01'),(18,625,'tests',1,'522454',NULL,NULL,'2.0','1','0','2023-02-16 11:13:31','2023-02-16 11:16:42'),(19,624,'testws',3,'522452',NULL,NULL,'2.3','1','0','2023-02-16 11:24:48','2023-02-16 11:25:12'),(20,623,'testh',5,'522457',NULL,NULL,'2.0','1','0','2023-02-16 11:31:46','2023-02-27 04:45:46'),(21,1524,'test',1,'adss',NULL,NULL,'1','1','0','2023-02-28 09:04:03','2023-02-28 09:05:11'),(22,1524,'Test',8,'222435',NULL,NULL,'14','1','0','2023-02-28 10:19:53','2023-02-28 10:20:25');

--
-- Table structure for table `raw_sales`
--

CREATE TABLE `raw_sales` (
  `Dealer_Code` varchar(20) DEFAULT NULL,
  `Dealer_Name` varchar(60) DEFAULT NULL,
  `Product_Code` varchar(20) DEFAULT NULL,
  `Product_Name` varchar(60) DEFAULT NULL,
  `Volume_MTD_TY` varchar(30) DEFAULT NULL,
  `Volume_YTD_TY` varchar(30) DEFAULT NULL,
  `Gross_Sale_MTD_TY` varchar(30) DEFAULT NULL,
  `Gross_Sale_YTD_TY` varchar(30) DEFAULT NULL,
  `Sale_Amount_MTD_TY` varchar(30) DEFAULT NULL,
  `Sale_Amount_YTD_TY` varchar(30) DEFAULT NULL,
  `Insert_Date` timestamp NULL DEFAULT CURRENT_TIMESTAMP ON UPDATE CURRENT_TIMESTAMP
) ENGINE=InnoDB DEFAULT CHARSET=utf8mb3;

--
-- Dumping data for table `raw_sales`
--

INSERT INTO `raw_sales` VALUES ('102777',NULL,'#',NULL,NULL,'1',NULL,'0',NULL,'0','2022-11-01 09:52:33'),('102777',NULL,'#',NULL,NULL,'1',NULL,'0',NULL,'0','2022-11-01 09:52:33'),('102777',NULL,'222',NULL,NULL,'-4',NULL,'-771',NULL,'-771','2022-11-01 09:52:33'),('102777',NULL,'1814',NULL,NULL,'1',NULL,'0',NULL,'0','2022-11-01 09:52:33'),('102777',NULL,'W001',NULL,NULL,'-1',NULL,'-1000',NULL,'-1000','2022-11-01 09:52:33'),('102777',NULL,'W046',NULL,NULL,'-4',NULL,'-22139.06',NULL,'-22138.49','2022-11-01 09:52:33'),('102777',NULL,'W063',NULL,NULL,'-1',NULL,'-2707.13',NULL,'-2707.3','2022-11-01 09:52:33'),('102777',NULL,'W064',NULL,NULL,'-3',NULL,'-9630.08',NULL,'-9630','2022-11-01 09:52:33'),('102777',NULL,'W065',NULL,NULL,'-2',NULL,'-6383.45',NULL,'-6384.07','2022-11-01 09:52:33'),('102777',NULL,'W069',NULL,NULL,'-2',NULL,'-5974.56',NULL,'-5974.72','2022-11-01 09:52:33'),('102777',NULL,'W079',NULL,NULL,'-1',NULL,'-4610.5',NULL,'-4610','2022-11-01 09:52:33'),('102777',NULL,'W092',NULL,NULL,'-5',NULL,'-9000',NULL,'-9000','2022-11-01 09:52:33'),('102777',NULL,'W109',NULL,NULL,'-5',NULL,'-50000',NULL,'-50000','2022-11-01 09:52:33'),('102777',NULL,'W111',NULL,NULL,'-4',NULL,'-11993.26',NULL,'-11993','2022-11-01 09:52:33'),('102777',NULL,'W112',NULL,NULL,'-14',NULL,'-32200.8',NULL,'-32200','2022-11-01 09:52:33'),('102777',NULL,'W113',NULL,NULL,'-2',NULL,'-7199.8',NULL,'-7200','2022-11-01 09:52:33'),('102777',NULL,'W121',NULL,NULL,'-3',NULL,'-12899.78',NULL,'-12900','2022-11-01 09:52:33'),('103787',NULL,'1',NULL,'1856.09','9592.39','346892.17','1838705.31','345035.41','1822995.01','2022-11-01 09:52:33'),('103787',NULL,'4',NULL,'574','3526','93484.62','575419.52','92910','571757','2022-11-01 09:52:33'),('103787',NULL,'5',NULL,'244','1244.5','32956','168862.5','32712','167735.5','2022-11-01 09:52:33'),('103787',NULL,'9',NULL,'74','580','18835.67','147125.21','18836','147126','2022-11-01 09:52:33'),('103787',NULL,'11',NULL,'671.36','5348.79','147996.3','1181497.17','146986.96','1173474.81','2022-11-01 09:52:33'),('103787',NULL,'12',NULL,'218.26','2541.87','48537.62','549943.3','48538','549648.34','2022-11-01 09:52:33'),('103787',NULL,'13',NULL,'216','2927','12720.24','168951.36','12612','167321.5','2022-11-01 09:52:33'),('103787',NULL,'17',NULL,'54','468.85','26760.24','236898.44','26490','234544.07','2022-11-01 09:52:33'),('103787',NULL,'24',NULL,'15.6','840.62','3480.03','175500.05','3480','175423','2022-11-01 09:52:33'),('103787',NULL,'25',NULL,'160','2342','25480.06','369209.4','25240','365890','2022-11-01 09:52:33'),('103787',NULL,'26',NULL,'390','2214','77751.45','443321.14','77362','439787','2022-11-01 09:52:33'),('103787',NULL,'29',NULL,'209.2','2534','86430.84','1037951.82','86107.81','1034234.22','2022-11-01 09:52:33'),('103787',NULL,'30',NULL,'205.4','2000.43','80678.53','797310.5','80370.9','794351.68','2022-11-01 09:52:33'),('103787',NULL,'33',NULL,'12','693.4','4943.91','281175.67','4884','277647.72','2022-11-01 09:52:33'),('103787',NULL,'41',NULL,NULL,'6',NULL,'1049.94',NULL,'1050','2022-11-01 09:52:33'),('103787',NULL,'46',NULL,'200','967.8','26198.11','125957.49','25798','123985.02','2022-11-01 09:52:33'),('103787',NULL,'50',NULL,'6','30','1320.17','6047.95','1320','6048','2022-11-01 09:52:33'),('103787',NULL,'51',NULL,'108.86','1309.63','13541.66','160747.46','13542','160689.5','2022-11-01 09:52:33'),('103787',NULL,'55',NULL,'326','4120','14113.43','173595.16','13950','171253.5','2022-11-01 09:52:33'),('103787',NULL,'56',NULL,'911.8','6750','95746.89','704507.91','93909.11','690423.07','2022-11-01 09:52:33'),('103787',NULL,'57',NULL,'150.5','361.2','15656.99','38737.85','15349.73','37998.18','2022-11-01 09:52:33'),('103787',NULL,'64',NULL,'22','175','5056.08','40770.16','4836','38999.95','2022-11-01 09:52:33'),('103787',NULL,'65',NULL,'76','408','8618.86','46613.43','8619','46614','2022-11-01 09:52:33'),('103787',NULL,'68',NULL,'162.88','1232.65','52408.87','394588.5','52409','394544','2022-11-01 09:52:33'),('103787',NULL,'69',NULL,'23.4','182.99','12431.94','96979.09','12432','96978','2022-11-01 09:52:33'),('103787',NULL,'72',NULL,'14','51','1781.88','11565.41','1782','11565','2022-11-01 09:52:33'),('103787',NULL,'79',NULL,'100','1100','2004.96','22054.97','1955','21505','2022-11-01 09:52:33'),('103787',NULL,'85',NULL,NULL,'15.6',NULL,'8347.83',NULL,'8348','2022-11-01 09:52:33'),('103787',NULL,'95',NULL,'0.6','0.6','2765.99','2765.99','2766','2766','2022-11-01 09:52:33'),('103787',NULL,'99',NULL,'16.8','127.2','14303.85','107843.98','14304','107844','2022-11-01 09:52:33'),('103787',NULL,'100',NULL,'6','41','2298.01','15698.16','2298','15699','2022-11-01 09:52:33'),('103787',NULL,'101',NULL,NULL,'11',NULL,'9336.96',NULL,'9338','2022-11-01 09:52:33'),('103787',NULL,'102',NULL,NULL,'6',NULL,'4991.92',NULL,'4992','2022-11-01 09:52:33'),('103787',NULL,'109',NULL,NULL,'51',NULL,'12591.31',NULL,'12082','2022-11-01 09:52:33'),('103787',NULL,'110',NULL,NULL,'206',NULL,'49608.88',NULL,'47430','2022-11-01 09:52:33'),('103787',NULL,'125',NULL,NULL,'6',NULL,'2183.74',NULL,'2184','2022-11-01 09:52:33'),('103787',NULL,'126',NULL,'101.4','703.1','20132.91','138975.92','19877.99','137481','2022-11-01 09:52:33'),('103787',NULL,'222',NULL,'2','30','480','6239.37','480','6240','2022-11-01 09:52:33'),('103787',NULL,'359',NULL,'830','5352','112598.17','726754.89','111768','721226','2022-11-01 09:52:33'),('103787',NULL,'360',NULL,'204','1699','20520.12','171597.26','20316','169860','2022-11-01 09:52:33'),('103787',NULL,'361',NULL,'28','244','2899.97','24619.56','2872','24426','2022-11-01 09:52:33'),('103787',NULL,'556',NULL,NULL,'19',NULL,'5814.02',NULL,'5812','2022-11-01 09:52:33'),('103787',NULL,'562',NULL,'36','248','7304.02','52432.64','7304','52084','2022-11-01 09:52:33'),('103787',NULL,'703',NULL,'16','172','3316.04','35155.12','3316','35154','2022-11-01 09:52:33'),('103787',NULL,'1002',NULL,'8','59.6','4240.4','31682.99','4240','31684','2022-11-01 09:52:33'),('103787',NULL,'1025',NULL,NULL,'6',NULL,'2454',NULL,'2454','2022-11-01 09:52:33'),('103787',NULL,'1026',NULL,NULL,'6',NULL,'1200.62',NULL,'1200','2022-11-01 09:52:33'),('103787',NULL,'1032',NULL,'5','78','750','20699.77','750','20700','2022-11-01 09:52:33'),('103787',NULL,'1033',NULL,NULL,'90',NULL,'3270.17',NULL,'3270','2022-11-01 09:52:33'),('103787',NULL,'1038',NULL,'6','18','3000.48','9002.01','3000','9000','2022-11-01 09:52:33'),('103787',NULL,'1040',NULL,'6','44','3162.24','22688.54','3162','22688','2022-11-01 09:52:33'),('103787',NULL,'1041',NULL,'6','6','3162.24','3162.24','3162','3162','2022-11-01 09:52:33'),('103787',NULL,'1048',NULL,'44','386','8123.97','72335.77','8124','70500','2022-11-01 09:52:33'),('103787',NULL,'1050',NULL,'15.12','200.62','4055.81','50326.25','4056','50080','2022-11-01 09:52:33'),('103787',NULL,'1052',NULL,'4','20','423.78','2120.66','404','2060','2022-11-01 09:52:33'),('103787',NULL,'1057',NULL,'16.02','384.84','2700','22871.13','2700','22870','2022-11-01 09:52:33'),('103787',NULL,'1058',NULL,'185.4','858.5','92071.66','427056.63','92072','427057','2022-11-01 09:52:33'),('103787',NULL,'1064',NULL,NULL,'0.4',NULL,'699.76',NULL,'670','2022-11-01 09:52:33'),('103787',NULL,'1081',NULL,NULL,'90',NULL,'4013.94',NULL,'3879','2022-11-01 09:52:33'),('103787',NULL,'1087',NULL,'96','531','15951.81','87110.4','15712','86087.5','2022-11-01 09:52:33'),('103787',NULL,'1090',NULL,'219.72','917.78','72900.23','302703.67','72900','302703','2022-11-01 09:52:33'),('103787',NULL,'1095',NULL,NULL,'10.64',NULL,'3875.66',NULL,'3869.98','2022-11-01 09:52:33'),('103787',NULL,'1096',NULL,NULL,'1.8',NULL,'450.16',NULL,'450','2022-11-01 09:52:33'),('103787',NULL,'1315',NULL,'119','930','65731.07','563543.66','65732','563544','2022-11-01 09:52:33'),('103787',NULL,'1354',NULL,'88','744','4451.95','36906.48','4320','35790','2022-11-01 09:52:33'),('103787',NULL,'1532',NULL,NULL,'12',NULL,'1871.46',NULL,'1728','2022-11-01 09:52:33'),('103787',NULL,'1797',NULL,'0','0','0','0','0','-8345','2022-11-01 09:52:33'),('103787',NULL,'1814',NULL,'1','16','0','1.44','0','0','2022-11-01 09:52:33'),('103787',NULL,'1A15',NULL,'100','100','4499.72','4499.72','4500','4500','2022-11-01 09:52:33'),('103787',NULL,'2103',NULL,'8','73','3767.97','34484.42','3768','34485','2022-11-01 09:52:33'),('103787',NULL,'2104',NULL,'8','36','3711.96','16654.81','3712','16655','2022-11-01 09:52:33'),('103787',NULL,'2106',NULL,NULL,'1',NULL,'529.99',NULL,'530','2022-11-01 09:52:33'),('103787',NULL,'2355',NULL,'22','130','5701.7','33389.62','5702','32982','2022-11-01 09:52:33'),('103787',NULL,'2356',NULL,'20','150','5095.74','37295.53','5096','36794','2022-11-01 09:52:33'),('103787',NULL,'2357',NULL,NULL,'66',NULL,'16691.94',NULL,'16414','2022-11-01 09:52:33'),('103787',NULL,'4167',NULL,NULL,'3',NULL,'2393.73',NULL,'2169','2022-11-01 09:52:33'),('103787',NULL,'5057',NULL,NULL,'20',NULL,'5933.11',NULL,'5933','2022-11-01 09:52:33'),('103787',NULL,'5060',NULL,'37.848','215.136','11855.68','59519.49','11856','59520','2022-11-01 09:52:33'),('103787',NULL,'5405',NULL,NULL,'30',NULL,'3192.97',NULL,'3193','2022-11-01 09:52:33'),('103787',NULL,'5409',NULL,'5','5','3092.06','3092.06','3092','3092','2022-11-01 09:52:33'),('103787',NULL,'5420',NULL,'3','21','1392.03','8748.39','1392','8748','2022-11-01 09:52:33'),('103787',NULL,'5421',NULL,NULL,'3',NULL,'4374.02',NULL,'4374','2022-11-01 09:52:33'),('103787',NULL,'5424',NULL,NULL,'28',NULL,'2671.54',NULL,'2672','2022-11-01 09:52:33'),('103787',NULL,'5429',NULL,NULL,'39',NULL,'1520.72',NULL,'1500','2022-11-01 09:52:33'),('103787',NULL,'5430',NULL,NULL,'12',NULL,'5903.64',NULL,'5904','2022-11-01 09:52:33'),('103787',NULL,'5438',NULL,NULL,'6',NULL,'5999.96',NULL,'6000','2022-11-01 09:52:33'),('103787',NULL,'5443',NULL,NULL,'41',NULL,'11148.49',NULL,'11148','2022-11-01 09:52:33'),('103787',NULL,'5449',NULL,'7','13','4415.06','8165.14','4415','8165','2022-11-01 09:52:33'),('103787',NULL,'5457',NULL,NULL,'16',NULL,'3071.83',NULL,'3072','2022-11-01 09:52:33'),('103787',NULL,'5491',NULL,'24','111','5819.89','23919.47','5820','23920','2022-11-01 09:52:33'),('103787',NULL,'5497',NULL,'25','25','7937.16','7937.16','7937','7937','2022-11-01 09:52:33'),('103787',NULL,'5610',NULL,NULL,'618',NULL,'59299.89',NULL,'43295','2022-11-01 09:52:33'),('103787',NULL,'5614',NULL,NULL,'50',NULL,'15888.2',NULL,'15888','2022-11-01 09:52:33'),('103787',NULL,'5624',NULL,NULL,'500',NULL,'6580.29',NULL,'6580','2022-11-01 09:52:33'),('103787',NULL,'5626',NULL,NULL,'400',NULL,'49959.84',NULL,'49960','2022-11-01 09:52:33'),('103787',NULL,'5632',NULL,NULL,'402',NULL,'65530.54',NULL,'65530','2022-11-01 09:52:33'),('103787',NULL,'5633',NULL,NULL,'70',NULL,'7742.56',NULL,'7742','2022-11-01 09:52:33'),('103787',NULL,'5658',NULL,NULL,'11',NULL,'2325.72',NULL,'2326','2022-11-01 09:52:33'),('103787',NULL,'5664',NULL,'10','622.6','4030.01','256845.35','4030','256844','2022-11-01 09:52:33'),('103787',NULL,'5677',NULL,NULL,'72',NULL,'13319.87',NULL,'13086','2022-11-01 09:52:33'),('103787',NULL,'5697',NULL,NULL,'430',NULL,'48501.61',NULL,'43290','2022-11-01 09:52:33'),('103787',NULL,'5698',NULL,NULL,'28',NULL,'7349.81',NULL,'7350','2022-11-01 09:52:33'),('103787',NULL,'6057',NULL,NULL,'12',NULL,'6180.02',NULL,'6180','2022-11-01 09:52:33'),('103787',NULL,'6716',NULL,'1396','5786','120388.05','501421.35','120388','501422','2022-11-01 09:52:33'),('103787',NULL,'6718',NULL,NULL,'69',NULL,'39400.16',NULL,'39400','2022-11-01 09:52:33'),('103787',NULL,'6721',NULL,'76','665','5434.45','47499.36','5359','46815','2022-11-01 09:52:33'),('103787',NULL,'6759',NULL,'6','54','719.9','6478.12','600','5820','2022-11-01 09:52:33'),('103787',NULL,'6778',NULL,NULL,'20',NULL,'6397.51',NULL,'5296','2022-11-01 09:52:33'),('103787',NULL,'6779',NULL,NULL,'0.2',NULL,'435.84',NULL,'425','2022-11-01 09:52:33'),('103787',NULL,'6782',NULL,'1280.25','9816.93','484350.9','3712420.77','479229','3673101.18','2022-11-01 09:52:33'),('103787',NULL,'6799',NULL,NULL,'25',NULL,'7080.93',NULL,'7080','2022-11-01 09:52:33'),('103787',NULL,'6804',NULL,NULL,'-5',NULL,'-3900.1',NULL,'-3900','2022-11-01 09:52:33'),('103787',NULL,'6807',NULL,NULL,'-0.17',NULL,'-424.57',NULL,'-425','2022-11-01 09:52:33'),('103787',NULL,'6815',NULL,NULL,'12',NULL,'3468.36',NULL,'3468','2022-11-01 09:52:33'),('103787',NULL,'6817',NULL,NULL,'14',NULL,'4290.01',NULL,'4290','2022-11-01 09:52:33'),('103787',NULL,'6821',NULL,NULL,'40',NULL,'12399.77',NULL,'12400','2022-11-01 09:52:33'),('103787',NULL,'6873',NULL,NULL,'10',NULL,'3200.24',NULL,'3200','2022-11-01 09:52:33'),('103787',NULL,'8057',NULL,'1','2','38000.05','75999.95','38000','76000','2022-11-01 09:52:33'),('103787',NULL,'9442',NULL,NULL,'20',NULL,'2759.72',NULL,'2760','2022-11-01 09:52:33'),('103787',NULL,'9804',NULL,'4.8','70.2','1499.84','24603.9','1500','24605','2022-11-01 09:52:33'),('103787',NULL,'AD01',NULL,'14.4','133.5','3696.79','59783.29','3336.72','56515.02','2022-11-01 09:52:33'),('103787',NULL,'W008',NULL,'2','2','1999.93','1999.93','2000','2000','2022-11-01 09:52:33'),('103787',NULL,'W037',NULL,'-18','41','-3743.98','8527.29','-3744','8528','2022-11-01 09:52:33'),('103787',NULL,'W046',NULL,'2','-2','14420.03','-14419.97','14420','-14420','2022-11-01 09:52:33'),('103787',NULL,'W056',NULL,NULL,'1',NULL,'6419.78',NULL,'6420','2022-11-01 09:52:33'),('103787',NULL,'W061',NULL,'1','2','3399.74','6610.34','3400','6610','2022-11-01 09:52:33'),('103787',NULL,'W063',NULL,NULL,'3',NULL,'9629.92',NULL,'9630','2022-11-01 09:52:33'),('103787',NULL,'W064',NULL,NULL,'1',NULL,'2089.83',NULL,'2090','2022-11-01 09:52:33'),('103787',NULL,'W065',NULL,NULL,'1',NULL,'3209.88',NULL,'3210','2022-11-01 09:52:33'),('103787',NULL,'W066',NULL,NULL,'6',NULL,'15090.8',NULL,'15090','2022-11-01 09:52:33'),('103787',NULL,'W069',NULL,NULL,'4',NULL,'12080.24',NULL,'12080','2022-11-01 09:52:33'),('103787',NULL,'W080',NULL,NULL,'8',NULL,'61359.85',NULL,'61360','2022-11-01 09:52:33'),('103787',NULL,'W081',NULL,NULL,'1',NULL,'7189.95',NULL,'7190','2022-11-01 09:52:33'),('103787',NULL,'W092',NULL,NULL,'16',NULL,'28801.44',NULL,'28800','2022-11-01 09:52:33'),('103787',NULL,'W097',NULL,'1','2','3349.82','5924.6','3350','5925','2022-11-01 09:52:33'),('103787',NULL,'W099',NULL,'1','12','3200.11','38400.61','3200','38400','2022-11-01 09:52:33'),('103787',NULL,'W101',NULL,NULL,'3',NULL,'9600.26',NULL,'9600','2022-11-01 09:52:33'),('103787',NULL,'W102',NULL,NULL,'10',NULL,'53800.08',NULL,'53800','2022-11-01 09:52:33'),('103787',NULL,'W109',NULL,NULL,'10',NULL,'90000.55',NULL,'90000','2022-11-01 09:52:33'),('103787',NULL,'W111',NULL,NULL,'5',NULL,'11499.38',NULL,'11500','2022-11-01 09:52:33'),('103787',NULL,'W112',NULL,'1','6','2299.9','13799.48','2300','13800','2022-11-01 09:52:33'),('103787',NULL,'W113',NULL,NULL,'7',NULL,'25200.29',NULL,'25200','2022-11-01 09:52:33'),('103787',NULL,'W114',NULL,NULL,'1',NULL,'3999.28',NULL,'4000','2022-11-01 09:52:33'),('103787',NULL,'W119',NULL,NULL,'5',NULL,'17999.87',NULL,'18000','2022-11-01 09:52:33'),('103787',NULL,'W120',NULL,NULL,'2',NULL,'7800.2',NULL,'7800','2022-11-01 09:52:33'),('103787',NULL,'W121',NULL,NULL,'7',NULL,'30100.22',NULL,'30100','2022-11-01 09:52:33'),('103787',NULL,'W125',NULL,'1','9','2299.9','18898.22','2300','18900','2022-11-01 09:52:33'),('103787',NULL,'W126',NULL,NULL,'7',NULL,'13649.9',NULL,'13650','2022-11-01 09:52:33'),('103787',NULL,'W127',NULL,NULL,'19',NULL,'85500.44',NULL,'85500','2022-11-01 09:52:33'),('103787',NULL,'W128',NULL,NULL,'-5',NULL,'-19000.36',NULL,'-19000','2022-11-01 09:52:33'),('103787',NULL,'W132',NULL,NULL,'18',NULL,'36447.56',NULL,'36450','2022-11-01 09:52:33'),('103787',NULL,'W133',NULL,'9','39','16649.34','72146.41','16650','72150','2022-11-01 09:52:33'),('103787',NULL,'W135',NULL,'1','9','1849.94','20599.87','1850','20600','2022-11-01 09:52:33'),('103787',NULL,'W136',NULL,'3','16','7199.77','38400.27','7200','38400','2022-11-01 09:52:33'),('103787',NULL,'W139',NULL,NULL,'3',NULL,'14800.98',NULL,'14800','2022-11-01 09:52:33'),('103787',NULL,'W140',NULL,NULL,'8',NULL,'56000.26',NULL,'56000','2022-11-01 09:52:33'),('103787',NULL,'W141',NULL,'0','24','-0.05','65100.13','0','60600','2022-11-01 09:52:33'),('103787',NULL,'W142',NULL,'4','38','8799.75','87799.99','8800','84800','2022-11-01 09:52:33'),('103787',NULL,'W143',NULL,NULL,'3',NULL,'10800.3',NULL,'7800','2022-11-01 09:52:33'),('103787',NULL,'W144',NULL,'2','11','4800.08','33900.28','4800','29400','2022-11-01 09:52:33'),('103787',NULL,'W146',NULL,'2','3','4399.9','6599.95','4400','6600','2022-11-01 09:52:33'),('103787',NULL,'W147',NULL,'2','2','4399.9','4399.9','4400','4400','2022-11-01 09:52:33'),('108539',NULL,'1',NULL,'2166.44','21865.23','436888.99','4425013.37','434723.57','4356841.83','2022-11-01 09:52:33'),('108539',NULL,'4',NULL,'62','1294','9532.06','203367.51','9470','202066','2022-11-01 09:52:33'),('108539',NULL,'5',NULL,'238','3567','33268.48','496935.63','33030','494493','2022-11-01 09:52:33'),('108539',NULL,'7',NULL,'222','1742','34075.9','265663.15','34076','265664','2022-11-01 09:52:33'),('108539',NULL,'9',NULL,NULL,'267.5',NULL,'72398.25',NULL,'72398.5','2022-11-01 09:52:33'),('108539',NULL,'10',NULL,NULL,'0',NULL,'-0.36',NULL,'0','2022-11-01 09:52:33'),('108539',NULL,'11',NULL,'765.06','6102.67','162593.94','1310089.04','161447.41','1301315.85','2022-11-01 09:52:33'),('108539',NULL,'12',NULL,'4231.03','32556.48','896432.39','6913917.51','896432','6911312.25','2022-11-01 09:52:33'),('108539',NULL,'13',NULL,'1924','40834','105439.17','2262058.95','104477','2235869.5','2022-11-01 09:52:33'),('108539',NULL,'17',NULL,'160.95','2819.65','79030.44','1395702.29','78272.78','1386011.28','2022-11-01 09:52:33'),('108539',NULL,'24',NULL,'682.77','9251.18','143707.19','1918879.38','143708','1918401','2022-11-01 09:52:33'),('108539',NULL,'25',NULL,'204','3260','30926.51','493908.81','30620','489890','2022-11-01 09:52:33'),('108539',NULL,'26',NULL,'1346','16580','267625.2','3302029.39','266280','3256987','2022-11-01 09:52:33'),('108539',NULL,'29',NULL,'128.1','1681','52797.38','684513.42','52599.88','682166.66','2022-11-01 09:52:33'),('108539',NULL,'30',NULL,'750.5','14412.3','280936.25','5424136.01','279770.56','5402817.37','2022-11-01 09:52:33'),('108539',NULL,'33',NULL,'91','402.3','36155.93','162254.94','35706.04','160203.92','2022-11-01 09:52:33'),('108539',NULL,'41',NULL,'54','262','9449.39','45501.77','8910','43994','2022-11-01 09:52:33'),('108539',NULL,'46',NULL,'444','5102','55718.98','641959.52','54831','631988','2022-11-01 09:52:33'),('108539',NULL,'50',NULL,NULL,'1230',NULL,'259525.41',NULL,'258724','2022-11-01 09:52:33'),('108539',NULL,'51',NULL,'683.51','4579.99','80839.21','553992.54','80839','553645.4','2022-11-01 09:52:33'),('108539',NULL,'52',NULL,NULL,'5.88',NULL,'792.49',NULL,'792','2022-11-01 09:52:33'),('108539',NULL,'55',NULL,'1886','37052','77147.77','1536724.78','76204','1512703.5','2022-11-01 09:52:33'),('108539',NULL,'56',NULL,'1686.1','10278.3','174844.6','1059516.91','171452.19','1038799.55','2022-11-01 09:52:33'),('108539',NULL,'57',NULL,'873.7','20120.95','85197.16','2057695.79','83448.35','2020663.46','2022-11-01 09:52:33'),('108539',NULL,'64',NULL,'340.4','1865.4','77091.27','428000.28','73612.04','409417.89','2022-11-01 09:52:33'),('108539',NULL,'65',NULL,'654','6314','74760.82','710639.8','74761','710639','2022-11-01 09:52:33'),('108539',NULL,'68',NULL,'1377.76','10658.68','430709.63','3287981.19','430709','3286693.21','2022-11-01 09:52:33'),('108539',NULL,'69',NULL,'22.35','296.37','11844.21','156995.77','11844','156996','2022-11-01 09:52:33'),('108539',NULL,'72',NULL,'3','32','749.61','10215.03','750','10216','2022-11-01 09:52:33'),('108539',NULL,'79',NULL,'6880','79532','130534.45','1547397.97','127095','1501528','2022-11-01 09:52:33'),('108539',NULL,'85',NULL,NULL,'56',NULL,'30037.7',NULL,'30037','2022-11-01 09:52:33'),('108539',NULL,'99',NULL,'6','63.6','4955.97','53388.23','4956','53388','2022-11-01 09:52:33'),('108539',NULL,'102',NULL,'3','7','2495.88','5823.38','2496','5824','2022-11-01 09:52:33'),('108539',NULL,'109',NULL,'204','1631','46408.96','377013.6','44369','358235','2022-11-01 09:52:33'),('108539',NULL,'110',NULL,'418','5323','94493.02','1197578.89','90312','1141636','2022-11-01 09:52:33'),('108539',NULL,'113',NULL,'44','342','9107.89','73241.07','8668','70221','2022-11-01 09:52:33'),('108539',NULL,'125',NULL,NULL,'86',NULL,'29954.85',NULL,'29955','2022-11-01 09:52:33'),('108539',NULL,'126',NULL,'66','514.2','12648.9','99849.67','12484','98598.97','2022-11-01 09:52:33'),('108539',NULL,'222',NULL,'14','80','2880.18','16164.08','2880','16164','2022-11-01 09:52:33'),('108539',NULL,'359',NULL,'506','4532','69059.3','614679.72','68553','608978','2022-11-01 09:52:33'),('108539',NULL,'360',NULL,'977','15777','96338.7','1513058.89','95363','1494039','2022-11-01 09:52:33'),('108539',NULL,'361',NULL,'182','1304','18118.14','131383.85','17936','130032','2022-11-01 09:52:33'),('108539',NULL,'556',NULL,NULL,'34',NULL,'9760.48',NULL,'9760','2022-11-01 09:52:33'),('108539',NULL,'562',NULL,'20','902','4144.09','189515.18','4144','187956','2022-11-01 09:52:33'),('108539',NULL,'703',NULL,'22','418','4314.01','82678.66','4314','82680','2022-11-01 09:52:33'),('108539',NULL,'1002',NULL,NULL,'96.6',NULL,'53414.39',NULL,'53253','2022-11-01 09:52:33'),('108539',NULL,'1007',NULL,'353.01','1969.98','70471.75','406276.53','70472','406275','2022-11-01 09:52:33'),('108539',NULL,'1021',NULL,NULL,'50',NULL,'2150.03',NULL,'2150','2022-11-01 09:52:33'),('108539',NULL,'1023',NULL,NULL,'7.6',NULL,'4784',NULL,'4784','2022-11-01 09:52:33'),('108539',NULL,'1025',NULL,NULL,'36',NULL,'13979.59',NULL,'13980','2022-11-01 09:52:33'),('108539',NULL,'1027',NULL,NULL,'7',NULL,'5599.92',NULL,'5600','2022-11-01 09:52:33'),('108539',NULL,'1032',NULL,'3','189','450.16','38431.77','450','38430','2022-11-01 09:52:33'),('108539',NULL,'1037',NULL,NULL,'250',NULL,'6910.17',NULL,'6910','2022-11-01 09:52:33'),('108539',NULL,'1038',NULL,NULL,'58',NULL,'28684.76',NULL,'28684','2022-11-01 09:52:33'),('108539',NULL,'1039',NULL,NULL,'12',NULL,'5999.98',NULL,'6000','2022-11-01 09:52:33'),('108539',NULL,'1040',NULL,NULL,'234',NULL,'120018.31',NULL,'120018','2022-11-01 09:52:33'),('108539',NULL,'1041',NULL,'32','206','16064.74','105363.23','16064','104018.15','2022-11-01 09:52:33'),('108539',NULL,'1042',NULL,'22','98','8547.51','38010.19','8548','37302.8','2022-11-01 09:52:33'),('108539',NULL,'1045',NULL,NULL,'42',NULL,'10413.62',NULL,'10362','2022-11-01 09:52:33'),('108539',NULL,'1048',NULL,NULL,'14376',NULL,'2556155.24',NULL,'2488119','2022-11-01 09:52:33'),('108539',NULL,'1050',NULL,'-5.22','887.42','-1526','220619.42','-1510','218402','2022-11-01 09:52:33'),('108539',NULL,'1052',NULL,'40','72','4206.72','7582.84','4008','7224','2022-11-01 09:52:33'),('108539',NULL,'1057',NULL,'444.2','2155.8','55879.86','252320.58','54180','250621','2022-11-01 09:52:33'),('108539',NULL,'1058',NULL,NULL,'686.4',NULL,'337349.67',NULL,'337160','2022-11-01 09:52:33'),('108539',NULL,'1081',NULL,'160','1290','7323.51','57737.5','7084','55803','2022-11-01 09:52:33'),('108539',NULL,'1087',NULL,'884','7788','148902.42','1316868.61','146692','1302789','2022-11-01 09:52:33'),('108539',NULL,'1090',NULL,'1586.08','9185.8','439233.74','2437752.19','439235','2435298.6','2022-11-01 09:52:33'),('108539',NULL,'1091',NULL,NULL,'4840',NULL,'72237.12',NULL,'72237','2022-11-01 09:52:33'),('108539',NULL,'1096',NULL,NULL,'48.6',NULL,'12150.34',NULL,'12150','2022-11-01 09:52:33'),('108539',NULL,'1315',NULL,'318','2279','203905.55','1473165.16','203907','1473165','2022-11-01 09:52:33'),('108539',NULL,'1354',NULL,'8','152','448','7798.28','436','7570','2022-11-01 09:52:33'),('108539',NULL,'1532',NULL,NULL,'140',NULL,'21007.04',NULL,'19303','2022-11-01 09:52:33'),('108539',NULL,'1789',NULL,NULL,'12',NULL,'2648.82',NULL,'2613','2022-11-01 09:52:33'),('108539',NULL,'1797',NULL,'0','0','0','0','0','-66253','2022-11-01 09:52:33'),('108539',NULL,'1814',NULL,'1','12','0','0.28','0','0','2022-11-01 09:52:33'),('108539',NULL,'1A15',NULL,NULL,'32',NULL,'1572.46',NULL,'1572','2022-11-01 09:52:33'),('108539',NULL,'2102',NULL,'76','168','32037.22','72465.52','32037','72445','2022-11-01 09:52:33'),('108539',NULL,'2103',NULL,'36','108','16740.09','50460.53','16740','50460','2022-11-01 09:52:33'),('108539',NULL,'2104',NULL,'12','124','5469.95','56947.93','5470','56888','2022-11-01 09:52:33'),('108539',NULL,'2105',NULL,'112','288','53807.28','141412.9','53807','141253','2022-11-01 09:52:33'),('108539',NULL,'2106',NULL,'72','282','36953.18','146238.73','36953','146059','2022-11-01 09:52:33'),('108539',NULL,'2107',NULL,'4','158','2171.98','85026.11','2172','84966','2022-11-01 09:52:33'),('108539',NULL,'2355',NULL,'164','640','39470.42','154918.64','39470','153450','2022-11-01 09:52:33'),('108539',NULL,'2356',NULL,'4','310','808.03','74895.99','808','73874','2022-11-01 09:52:33'),('108539',NULL,'2357',NULL,'10','182','2524.09','44802.16','2524','44096','2022-11-01 09:52:33'),('108539',NULL,'4157',NULL,NULL,'0',NULL,'0.1',NULL,'0','2022-11-01 09:52:33'),('108539',NULL,'4167',NULL,NULL,'52',NULL,'33017.98',NULL,'29658','2022-11-01 09:52:33'),('108539',NULL,'4171',NULL,NULL,'0',NULL,'-0.46',NULL,'0','2022-11-01 09:52:33'),('108539',NULL,'5060',NULL,'5.976','750.984','1295.91','202416.01','1296','202416','2022-11-01 09:52:33'),('108539',NULL,'5423',NULL,NULL,'107',NULL,'37064.67',NULL,'36664','2022-11-01 09:52:33'),('108539',NULL,'5430',NULL,NULL,'40',NULL,'19679.92',NULL,'19660','2022-11-01 09:52:33'),('108539',NULL,'5443',NULL,'187.26','343.44','49679.2','91776.18','49680','91776','2022-11-01 09:52:33'),('108539',NULL,'5448',NULL,NULL,'400',NULL,'8290.47',NULL,'8290','2022-11-01 09:52:33'),('108539',NULL,'5457',NULL,NULL,'120',NULL,'24719.81',NULL,'24300','2022-11-01 09:52:33'),('108539',NULL,'5466',NULL,'24','363','5304.01','70722.82','5304','64104.8','2022-11-01 09:52:33'),('108539',NULL,'5467',NULL,NULL,'20',NULL,'7043.99',NULL,'7044','2022-11-01 09:52:33'),('108539',NULL,'5495',NULL,NULL,'18',NULL,'4589.87',NULL,'4590','2022-11-01 09:52:33'),('108539',NULL,'5610',NULL,'30','5670','2909.98','452441.33','2910','448544','2022-11-01 09:52:33'),('108539',NULL,'5625',NULL,'42','888.5','8105.66','173403.84','8106','171634','2022-11-01 09:52:33'),('108539',NULL,'5626',NULL,NULL,'5474',NULL,'687494.24',NULL,'675654','2022-11-01 09:52:33'),('108539',NULL,'5632',NULL,'20','1024','2849.74','153800.15','2850','153500','2022-11-01 09:52:33'),('108539',NULL,'5664',NULL,'32','1755.2','13120.61','720271.1','13120','719363.95','2022-11-01 09:52:33'),('108539',NULL,'5675',NULL,NULL,'349',NULL,'27530.1',NULL,'26810','2022-11-01 09:52:33'),('108539',NULL,'5677',NULL,'102','1390','18139.81','248601.23','18140','243647','2022-11-01 09:52:33'),('108539',NULL,'5697',NULL,'1376','5782','153039.15','633948.4','132400','554382','2022-11-01 09:52:33'),('108539',NULL,'6715',NULL,'0','6440','0','212199.23','0','195150','2022-11-01 09:52:33'),('108539',NULL,'6716',NULL,'180','654','15299.06','56848.19','15300','56850','2022-11-01 09:52:33'),('108539',NULL,'6718',NULL,'125','354','62500.96','178066.05','62500','178065','2022-11-01 09:52:33'),('108539',NULL,'6721',NULL,'750','2034','52499.65','145287.79','51750','143256','2022-11-01 09:52:33'),('108539',NULL,'6749',NULL,NULL,'63',NULL,'41879.63',NULL,'41714','2022-11-01 09:52:33'),('108539',NULL,'6759',NULL,'-1','323','-120','38760.23','-120','35153.28','2022-11-01 09:52:33'),('108539',NULL,'6777',NULL,'74','372','18244.16','90641.76','18244','90642','2022-11-01 09:52:33'),('108539',NULL,'6782',NULL,'205.4','5705.14','77972.12','2136677.6','77150.4','2114860.68','2022-11-01 09:52:33'),('108539',NULL,'6787',NULL,NULL,'100',NULL,'6949.83',NULL,'6850','2022-11-01 09:52:33'),('108539',NULL,'6789',NULL,'54.6','692.55','17296.04','210450.66','17296','210451','2022-11-01 09:52:33'),('108539',NULL,'6791',NULL,'100','2260','13300.14','289563.44','13300','289564','2022-11-01 09:52:33'),('108539',NULL,'6799',NULL,NULL,'227',NULL,'67410.32',NULL,'67410','2022-11-01 09:52:33'),('108539',NULL,'6817',NULL,NULL,'10',NULL,'5499.76',NULL,'5500','2022-11-01 09:52:33'),('108539',NULL,'6821',NULL,NULL,'32',NULL,'10400.1',NULL,'10400','2022-11-01 09:52:33'),('108539',NULL,'6873',NULL,NULL,'30',NULL,'9000',NULL,'9000','2022-11-01 09:52:33'),('108539',NULL,'8057',NULL,NULL,'6',NULL,'227999.88',NULL,'228000','2022-11-01 09:52:33'),('108539',NULL,'9804',NULL,'-0.4','35.6','-170','12879.5','-170','12880','2022-11-01 09:52:33'),('108539',NULL,'AD01',NULL,'0','90','0','38198.88','0','35908','2022-11-01 09:52:33'),('108539',NULL,'W002',NULL,NULL,'3',NULL,'2999.85',NULL,'3000','2022-11-01 09:52:33'),('108539',NULL,'W005',NULL,NULL,'2',NULL,'1999.88',NULL,'2000','2022-11-01 09:52:33'),('108539',NULL,'W037',NULL,NULL,'254',NULL,'52655.26',NULL,'52656','2022-11-01 09:52:33'),('108539',NULL,'W050',NULL,NULL,'134',NULL,'14257.93',NULL,'14258','2022-11-01 09:52:33'),('108539',NULL,'W064',NULL,NULL,'1',NULL,'3020.04',NULL,'3020','2022-11-01 09:52:33'),('108539',NULL,'W065',NULL,NULL,'2',NULL,'5480.1',NULL,'5480','2022-11-01 09:52:33'),('108539',NULL,'W066',NULL,NULL,'1',NULL,'2740.16',NULL,'2740','2022-11-01 09:52:33'),('108539',NULL,'W069',NULL,NULL,'17',NULL,'51339.87',NULL,'51340','2022-11-01 09:52:33'),('108539',NULL,'W077',NULL,NULL,'6',NULL,'9600.63',NULL,'9600','2022-11-01 09:52:33'),('108539',NULL,'W079',NULL,NULL,'1',NULL,'7189.95',NULL,'7190','2022-11-01 09:52:33'),('108539',NULL,'W084',NULL,NULL,'2',NULL,'6000.16',NULL,'6000','2022-11-01 09:52:33'),('108539',NULL,'W092',NULL,'5','35','9000.43','62999.99','9000','63000','2022-11-01 09:52:33'),('108539',NULL,'W099',NULL,NULL,'8',NULL,'28750.85',NULL,'28750','2022-11-01 09:52:33'),('108539',NULL,'W101',NULL,NULL,'3',NULL,'10399.86',NULL,'10400','2022-11-01 09:52:33'),('108539',NULL,'W102',NULL,NULL,'1',NULL,'3600.37',NULL,'3600','2022-11-01 09:52:33'),('108539',NULL,'W112',NULL,NULL,'7',NULL,'16100.16',NULL,'16100','2022-11-01 09:52:33'),('108539',NULL,'W114',NULL,NULL,'2',NULL,'8000.2',NULL,'8000','2022-11-01 09:52:33'),('108539',NULL,'W121',NULL,NULL,'2',NULL,'8599.88',NULL,'8600','2022-11-01 09:52:33'),('108539',NULL,'W125',NULL,NULL,'7',NULL,'18499.93',NULL,'18500','2022-11-01 09:52:33'),('108539',NULL,'W126',NULL,'2','11','3899.82','21450.21','3900','21450','2022-11-01 09:52:33'),('108539',NULL,'W127',NULL,NULL,'11',NULL,'49500.05',NULL,'49500','2022-11-01 09:52:33'),('108539',NULL,'W128',NULL,NULL,'4',NULL,'15200.06',NULL,'15200','2022-11-01 09:52:33'),('108539',NULL,'W132',NULL,NULL,'6',NULL,'11100.35',NULL,'11100','2022-11-01 09:52:33'),('108539',NULL,'W133',NULL,'3','37','5549.77','68451.28','5550','68450','2022-11-01 09:52:33'),('108539',NULL,'W134',NULL,NULL,'1',NULL,'3000',NULL,'2300','2022-11-01 09:52:33'),('108539',NULL,'W135',NULL,NULL,'1',NULL,'5800',NULL,'4300','2022-11-01 09:52:33'),('108539',NULL,'W136',NULL,NULL,'1',NULL,'5800',NULL,'4300','2022-11-01 09:52:33'),('108539',NULL,'W137',NULL,NULL,'1',NULL,'5800',NULL,'4300','2022-11-01 09:52:33'),('108539',NULL,'W138',NULL,NULL,'2',NULL,'10449.72',NULL,'8450','2022-11-01 09:52:33'),('108539',NULL,'W139',NULL,NULL,'1',NULL,'5800',NULL,'4300','2022-11-01 09:52:33'),('110624',NULL,'1',NULL,'5020.78','38283.04','983985.69','7527406.88','978964.22','7425039.18','2022-11-01 09:52:33'),('110624',NULL,'4',NULL,'1658','9230','269374.26','1497431.76','267716','1487093.69','2022-11-01 09:52:33'),('110624',NULL,'5',NULL,'724','6001','100239.68','831547.48','99516','825494.97','2022-11-01 09:52:33'),('110624',NULL,'9',NULL,'48','816','12261.99','213017.89','12262','212737.95','2022-11-01 09:52:33'),('110624',NULL,'10',NULL,NULL,'0',NULL,'0.29',NULL,'0','2022-11-01 09:52:33'),('110624',NULL,'11',NULL,'993.6','7824.54','217518.85','1704912.09','216028.6','1692628.62','2022-11-01 09:52:33'),('110624',NULL,'12',NULL,'2244.72','16144.86','483885.16','3409042.76','483887','3405148.03','2022-11-01 09:52:33'),('110624',NULL,'13',NULL,'3404','34999','182135.15','1868288.72','180433','1848647.17','2022-11-01 09:52:33'),('110624',NULL,'16',NULL,NULL,'8',NULL,'856.02',NULL,'856','2022-11-01 09:52:33'),('110624',NULL,'17',NULL,'788','6269','394520.66','3154657.23','390580','3116400.06','2022-11-01 09:52:33'),('110624',NULL,'25',NULL,'520','3920','80943.03','627374.51','80163','621516.56','2022-11-01 09:52:33'),('110624',NULL,'26',NULL,'2164','21060','434658.5','4217249.55','432495','4160812.78','2022-11-01 09:52:33'),('110624',NULL,'29',NULL,'1439','7714.6','590016.24','3158167.71','587818.83','3146497.15','2022-11-01 09:52:33'),('110624',NULL,'30',NULL,'3031.55','28366.44','1150824.58','10767597.53','1146166.3','10723224.3','2022-11-01 09:52:33'),('110624',NULL,'33',NULL,NULL,'46',NULL,'18827.55',NULL,'18598','2022-11-01 09:52:33'),('110624',NULL,'46',NULL,'1294','8802','175743.1','1159471.72','173155','1141554.15','2022-11-01 09:52:33'),('110624',NULL,'51',NULL,'1825.18','7152.16','219378.29','866994.13','219378','866124.08','2022-11-01 09:52:33'),('110624',NULL,'53',NULL,'1202','6664','179240.92','996008.64','173232','963910.2','2022-11-01 09:52:33'),('110624',NULL,'55',NULL,'34462','302208','1367440.49','12005118.77','1350209','11840864.45','2022-11-01 09:52:33'),('110624',NULL,'57',NULL,'3368.4','29748.3','350252.5','3027296.19','343471.67','2966767','2022-11-01 09:52:33'),('110624',NULL,'64',NULL,'1653.2','13762.7','378221.16','3141809.69','361670.97','3001963.68','2022-11-01 09:52:33'),('110624',NULL,'65',NULL,'248','7225','27739.14','795220.85','27739','793584.95','2022-11-01 09:52:33'),('110624',NULL,'68',NULL,'321.24','4765.59','98585.05','1456941.3','98585','1455396.17','2022-11-01 09:52:33'),('110624',NULL,'69',NULL,'4.8','202.14','2520','107142.78','2520','107142','2022-11-01 09:52:33'),('110624',NULL,'72',NULL,NULL,'24',NULL,'4365.14',NULL,'4365','2022-11-01 09:52:33'),('110624',NULL,'74',NULL,NULL,'40',NULL,'10487.88',NULL,'10088','2022-11-01 09:52:33'),('110624',NULL,'79',NULL,NULL,'3180',NULL,'65851.47',NULL,'64261','2022-11-01 09:52:33'),('110624',NULL,'95',NULL,NULL,'0.6',NULL,'2766.32',NULL,'2766','2022-11-01 09:52:33'),('110624',NULL,'99',NULL,'2.4','67.2','2196.03','56149.08','2196','56148','2022-11-01 09:52:33'),('110624',NULL,'100',NULL,NULL,'48',NULL,'18384.17',NULL,'18384','2022-11-01 09:52:33'),('110624',NULL,'101',NULL,NULL,'30',NULL,'24958.93',NULL,'24960','2022-11-01 09:52:33'),('110624',NULL,'109',NULL,NULL,'84',NULL,'19204.23',NULL,'18364','2022-11-01 09:52:33'),('110624',NULL,'110',NULL,NULL,'116',NULL,'25834.02',NULL,'24421.25','2022-11-01 09:52:33'),('110624',NULL,'125',NULL,NULL,'38',NULL,'13570.6',NULL,'13570','2022-11-01 09:52:33'),('110624',NULL,'126',NULL,'134','1030.4','26303.19','204056.77','25968','201538.94','2022-11-01 09:52:33'),('110624',NULL,'359',NULL,'3918','16682','532896.3','2281982.26','528978','2262972.97','2022-11-01 09:52:33'),('110624',NULL,'360',NULL,'1964','16864','195235.78','1662754.53','193272','1643669.94','2022-11-01 09:52:33'),('110624',NULL,'562',NULL,'78.5','492.5','16731.99','107229.62','16732','106342.85','2022-11-01 09:52:33'),('110624',NULL,'703',NULL,'86','734','17876.04','148518.23','17876','148400.91','2022-11-01 09:52:33'),('110624',NULL,'1007',NULL,NULL,'21.48',NULL,'4711.88',NULL,'4712','2022-11-01 09:52:33'),('110624',NULL,'1032',NULL,NULL,'64',NULL,'13441.39',NULL,'13440','2022-11-01 09:52:33'),('110624',NULL,'1042',NULL,NULL,'48',NULL,'18551.14',NULL,'17352.4','2022-11-01 09:52:33'),('110624',NULL,'1048',NULL,NULL,'2254',NULL,'398055.88',NULL,'378383.64','2022-11-01 09:52:33'),('110624',NULL,'1050',NULL,NULL,'448',NULL,'110628.97',NULL,'109502.83','2022-11-01 09:52:33'),('110624',NULL,'1052',NULL,NULL,'48',NULL,'5048.2',NULL,'5048','2022-11-01 09:52:33'),('110624',NULL,'1057',NULL,NULL,'803.5',NULL,'52245.37',NULL,'51189','2022-11-01 09:52:33'),('110624',NULL,'1058',NULL,NULL,'619.6',NULL,'309877.26',NULL,'309878','2022-11-01 09:52:33'),('110624',NULL,'1068',NULL,NULL,'4',NULL,'1758.2',NULL,'882.3','2022-11-01 09:52:33'),('110624',NULL,'1069',NULL,NULL,'8',NULL,'3242.47',NULL,'2442','2022-11-01 09:52:33'),('110624',NULL,'1072',NULL,NULL,'240',NULL,'91295.99',NULL,'66496','2022-11-01 09:52:33'),('110624',NULL,'1073',NULL,NULL,'120',NULL,'57827.66',NULL,'45428','2022-11-01 09:52:33'),('110624',NULL,'1081',NULL,NULL,'250',NULL,'11337.76',NULL,'10963','2022-11-01 09:52:33'),('110624',NULL,'1087',NULL,'78','634','13145.99','105265.88','12951','103824.81','2022-11-01 09:52:33'),('110624',NULL,'1090',NULL,'124.92','321.9','41181.35','101370.25','41182','101371','2022-11-01 09:52:33'),('110624',NULL,'1096',NULL,NULL,'1.8',NULL,'450.16',NULL,'450','2022-11-01 09:52:33'),('110624',NULL,'1100',NULL,NULL,'16',NULL,'3115.96',NULL,'3116','2022-11-01 09:52:33'),('110624',NULL,'1315',NULL,'114','831','75041.81','502352.21','75042','501712.28','2022-11-01 09:52:33'),('110624',NULL,'1354',NULL,NULL,'240',NULL,'11042.42',NULL,'10798.36','2022-11-01 09:52:33'),('110624',NULL,'1797',NULL,'0','40','0','0','0','-9439','2022-11-01 09:52:33'),('110624',NULL,'1798',NULL,NULL,'2',NULL,'16933.88',NULL,'0','2022-11-01 09:52:33'),('110624',NULL,'1814',NULL,'1','16','0','-0.14','0','0','2022-11-01 09:52:33'),('110624',NULL,'1A15',NULL,NULL,'40',NULL,'1799.69',NULL,'1800','2022-11-01 09:52:33'),('110624',NULL,'2104',NULL,NULL,'52',NULL,'23735.76',NULL,'23299.93','2022-11-01 09:52:33'),('110624',NULL,'2106',NULL,NULL,'4',NULL,'2066.65',NULL,'2082.9','2022-11-01 09:52:33'),('110624',NULL,'2356',NULL,NULL,'132',NULL,'31152.13',NULL,'30001.29','2022-11-01 09:52:33'),('110624',NULL,'4152',NULL,NULL,'10',NULL,'5147.61',NULL,'4148','2022-11-01 09:52:33'),('110624',NULL,'4156',NULL,NULL,'5',NULL,'2749.87',NULL,'2350','2022-11-01 09:52:33'),('110624',NULL,'4157',NULL,NULL,'0',NULL,'-0.53',NULL,'0','2022-11-01 09:52:33'),('110624',NULL,'5060',NULL,'73.704','625.322','16007.56','147827.4','16008','147679.16','2022-11-01 09:52:33'),('110624',NULL,'5405',NULL,NULL,'30',NULL,'3208.14',NULL,'3208','2022-11-01 09:52:33'),('110624',NULL,'5420',NULL,NULL,'54',NULL,'23063.91',NULL,'23064','2022-11-01 09:52:33'),('110624',NULL,'5424',NULL,NULL,'96',NULL,'9056.65',NULL,'9056','2022-11-01 09:52:33'),('110624',NULL,'5449',NULL,NULL,'6',NULL,'3750.09',NULL,'3750','2022-11-01 09:52:33'),('110624',NULL,'5466',NULL,NULL,'426',NULL,'67063.87',NULL,'63101.86','2022-11-01 09:52:33'),('110624',NULL,'5497',NULL,'50','50','15873.89','15873.89','15874','15874','2022-11-01 09:52:33'),('110624',NULL,'5610',NULL,'78','561','7566.16','53448.36','7566','53298','2022-11-01 09:52:33'),('110624',NULL,'5614',NULL,NULL,'25',NULL,'7944.52',NULL,'7944','2022-11-01 09:52:33'),('110624',NULL,'5626',NULL,NULL,'3860',NULL,'482113.84',NULL,'478514.67','2022-11-01 09:52:33'),('110624',NULL,'5632',NULL,NULL,'48',NULL,'7680.09',NULL,'7680','2022-11-01 09:52:33'),('110624',NULL,'5664',NULL,'31.4','586','12748.04','241636.05','12748','241636','2022-11-01 09:52:33'),('110624',NULL,'5677',NULL,NULL,'448',NULL,'81724.25',NULL,'80339.22','2022-11-01 09:52:33'),('110624',NULL,'6057',NULL,NULL,'8.2',NULL,'2859.92',NULL,'2860','2022-11-01 09:52:33'),('110624',NULL,'6716',NULL,'242','1198','21517.71','108022.73','21518','108022','2022-11-01 09:52:33'),('110624',NULL,'6718',NULL,NULL,'227',NULL,'97919.79',NULL,'96720','2022-11-01 09:52:33'),('110624',NULL,'6721',NULL,'188','1810','13404.38','131271.9','13217','129373.95','2022-11-01 09:52:33'),('110624',NULL,'6782',NULL,NULL,'84.64',NULL,'31839.24',NULL,'31501.44','2022-11-01 09:52:33'),('110624',NULL,'6789',NULL,NULL,'100',NULL,'29744.84',NULL,'29745','2022-11-01 09:52:33'),('110624',NULL,'6799',NULL,NULL,'101',NULL,'23027.86',NULL,'23028','2022-11-01 09:52:33'),('110624',NULL,'6815',NULL,NULL,'30',NULL,'8579.8',NULL,'8580','2022-11-01 09:52:33'),('110624',NULL,'6821',NULL,NULL,'30',NULL,'9300.25',NULL,'9230.25','2022-11-01 09:52:33'),('110624',NULL,'8057',NULL,NULL,'1',NULL,'38000.41',NULL,'37715','2022-11-01 09:52:33'),('110624',NULL,'9804',NULL,NULL,'14.4',NULL,'5250.44',NULL,'5250','2022-11-01 09:52:33'),('110624',NULL,'AD01',NULL,NULL,'48.6',NULL,'20627.87',NULL,'19390.32','2022-11-01 09:52:33'),('110624',NULL,'W037',NULL,NULL,'18',NULL,'3743.94',NULL,'3744','2022-11-01 09:52:33'),('110624',NULL,'W038',NULL,NULL,'1',NULL,'1320.17',NULL,'1320','2022-11-01 09:52:33'),('110624',NULL,'W061',NULL,NULL,'2',NULL,'6419.89',NULL,'6420','2022-11-01 09:52:33'),('110624',NULL,'W063',NULL,NULL,'1',NULL,'3399.74',NULL,'3400','2022-11-01 09:52:33'),('110624',NULL,'W066',NULL,NULL,'5',NULL,'15110.07',NULL,'15110','2022-11-01 09:52:33'),('110624',NULL,'W069',NULL,NULL,'2',NULL,'6040.08',NULL,'6040','2022-11-01 09:52:33'),('110624',NULL,'W096',NULL,NULL,'1',NULL,'1320.17',NULL,'1320','2022-11-01 09:52:33'),('110624',NULL,'W097',NULL,NULL,'3',NULL,'7724.76',NULL,'7725','2022-11-01 09:52:33'),('110624',NULL,'W099',NULL,'1','1','3725.14','3725.14','3725','3725','2022-11-01 09:52:33'),('110624',NULL,'W102',NULL,NULL,'1',NULL,'3600.37',NULL,'3600','2022-11-01 09:52:33'),('110624',NULL,'W111',NULL,NULL,'3',NULL,'6900.3',NULL,'6900','2022-11-01 09:52:33'),('110624',NULL,'W120',NULL,'0','4','-0.28','15598.92','0','15600','2022-11-01 09:52:33'),('110624',NULL,'W125',NULL,'0','5','0.07','11499.27','0','11500','2022-11-01 09:52:33'),('110624',NULL,'W126',NULL,NULL,'1',NULL,'1950.04',NULL,'1950','2022-11-01 09:52:33'),('110624',NULL,'W127',NULL,NULL,'3',NULL,'13499.88',NULL,'13500','2022-11-01 09:52:33'),('110624',NULL,'W128',NULL,NULL,'0',NULL,'0.12',NULL,'0','2022-11-01 09:52:33'),('110624',NULL,'W131',NULL,NULL,'1',NULL,'4399.96',NULL,'4400','2022-11-01 09:52:33'),('110624',NULL,'W133',NULL,NULL,'5',NULL,'9249.96',NULL,'9250','2022-11-01 09:52:33');

--
-- Table structure for table `redirect_urls`
--

CREATE TABLE `redirect_urls` (
  `id` int NOT NULL AUTO_INCREMENT,
  `name` varchar(199) DEFAULT NULL,
  `url` text NOT NULL,
  `redirect_url` text NOT NULL,
  `prefix` text,
  `count` int NOT NULL DEFAULT '0' COMMENT 'how many times url hitted',
  `created_at` timestamp NOT NULL DEFAULT CURRENT_TIMESTAMP,
  `updated_at` timestamp NULL DEFAULT NULL,
  `deleted_at` timestamp NULL DEFAULT NULL,
  PRIMARY KEY (`id`)
) ENGINE=InnoDB AUTO_INCREMENT=50 DEFAULT CHARSET=utf8mb3;

--
-- Dumping data for table `redirect_urls`
--

INSERT INTO `redirect_urls` VALUES (1,'Colour','cilens/coty.html','https://colournext.asianpaints.com/colour-of-the-year/curiosity','cilens',0,'2021-03-30 06:21:05','2021-06-16 09:31:35','2021-06-16 09:31:35'),(2,'Products','cilens/nilaya.html','https://www.asianpaints.com/products/wall-coverings/wallpaper-collection.html','cilens',2,'2021-03-30 06:21:05','2021-06-16 09:31:28','2021-06-16 09:31:28'),(3,'Colour','cilens/calcecruda.html','https://www.asianpaints.com/colourpro/royale-play-material-finishes-interior-designers.html','cilens',0,'2021-03-30 06:22:00','2021-06-16 09:31:22','2021-06-16 09:31:22'),(4,'Products','cilens/rhs.html','https://www.asianpaints.com/products/paints-and-textures/interior-walls/plain-finishes/royale-health-shield.html','cilens',0,'2021-03-30 06:23:45','2021-06-16 09:31:15','2021-06-16 09:31:15'),(5,'Wood and Metals','cilens/emporioclear.html','https://www.asianpaints.com/products/wood-and-metals/wood-paints/woodtech-emporio-pu-clear.html','cilens',0,'2021-03-30 06:23:45','2021-06-16 09:31:08','2021-06-16 09:31:08'),(6,'Products','cilens/polyestergold.html','https://www.asianpaints.com/products/wood-and-metals/wood-paints/woodtech-polyester-gold.html','cilens',0,'2021-03-30 06:23:45','2021-06-16 09:31:03','2021-06-16 09:31:03'),(7,'Products','cilens/pupallete.html','https://www.asianpaints.com/products/wood-and-metals/wood-paints/woodtech-pu-pallete-exterior.html','cilens',0,'2021-03-30 06:26:30','2021-06-16 09:27:59','2021-06-16 09:27:59'),(8,'Products','cilens/emporiopal.html','https://www.asianpaints.com/products/wood-and-metals/wood-paints/woodtech-emporio-pu-palette.html','cilens',0,'2021-03-30 06:26:30','2021-06-16 09:27:29','2021-06-16 09:27:29'),(9,'Products','cilens/goodearth.html','https://www.asianpaints.com/products/wall-coverings/designer-collection.html?f=collection:good%2520earth','cilens',0,'2021-03-30 06:27:30','2021-06-16 09:30:57','2021-06-16 09:30:57'),(10,'Wall covering','cilens/sabyasachi.html','https://www.asianpaints.com/products/wall-coverings/wallpaper-collection.html?f=collection:sabyasachi%25202,sabyasachi%25201','cilens',0,'2021-03-30 06:27:30','2021-06-16 09:30:45','2021-06-16 09:30:45'),(11,'Youtube','cilens/woty.html','https://www.youtube.com/watch?v=Bx9EeWRNFw8','cilens',0,'2021-03-30 06:28:31','2021-06-16 09:30:39','2021-06-16 09:30:39'),(12,'Products','cilens/insignia.html','https://www.asianpaints.com/products/wood-and-metals/wood-paints/woodtech-insignia.html','cilens',0,'2021-03-30 06:28:31','2021-06-16 09:30:29','2021-06-16 09:30:29'),(13,'Paints and Textures','wacart/royaleshyne.html','https://www.asianpaints.com/products/paints-and-textures/interior-walls/plain-finishes/royale-shyne-luxury-emulsion.html','wacart',0,'2021-03-30 06:30:48','2021-06-16 09:30:24','2021-06-16 09:30:24'),(14,'Paints and Textures','wacart/royale.html','https://www.asianpaints.com/products/paints-and-textures/interior-walls/plain-finishes/royale-luxury-emulsion.html','wacart',0,'2021-03-30 06:30:48','2021-06-16 09:30:18','2021-06-16 09:30:18'),(15,'Interior Walls','wacart/royalematt.html','https://www.asianpaints.com/products/paints-and-textures/interior-walls/plain-finishes/royale-matt.html','wacart',0,'2021-03-30 06:33:47','2021-06-16 09:30:14','2021-06-16 09:30:14'),(16,'Products','wacart/ultima.html','https://www.asianpaints.com/products/paints-and-textures/exterior-walls/plain-finishes/apex-ultima.html','wacart',0,'2021-03-30 06:33:47','2021-06-16 09:27:44','2021-06-16 09:27:44'),(17,'Paints and Textures','wacart/protek.html','https://www.asianpaints.com/products/paints-and-textures/exterior-walls/plain-finishes/ultima-protek.html','wacart',0,'2021-03-30 06:36:05','2021-06-16 09:30:07','2021-06-16 09:30:07'),(18,'Paints and Textures','wacart/rpmetallics.html','https://www.asianpaints.com/products/paints-and-textures/interior-walls/textures/royale-play-metallics.html','wacart',0,'2021-03-30 06:36:05','2021-06-16 09:27:36','2021-06-16 09:27:36'),(19,'Paints and Textures','wacart/stucco.html','https://www.asianpaints.com/products/paints-and-textures/interior-walls/textures/royale-play-stucco.html','wacart',0,'2021-03-30 06:36:05','2021-06-16 09:27:15','2021-06-16 09:27:15'),(20,'Paints and Textures','wacart//dune.html','https://www.asianpaints.com/products/paints-and-textures/interior-walls/textures/royale-play-dune.html','wacart',0,'2021-03-30 06:36:05','2021-06-16 09:27:07','2021-06-16 09:27:07'),(21,'Products','wacart/safari.html','https://www.asianpaints.com/products/paints-and-textures/interior-walls/textures/royale-play-safari.html','wacart',0,'2021-03-30 06:36:05','2021-06-16 09:26:59','2021-06-16 09:26:59'),(22,'Paints and Textures','wacart/createxroller.html','https://www.asianpaints.com/products/paints-and-textures/exterior-walls/textures/apex-createx-roller-finish.html','wacart',0,'2021-03-30 06:36:05','2021-06-16 09:20:08','2021-06-16 09:20:08'),(23,'Paints and Textures','wacart/venezio.html','https://www.asianpaints.com/products/paints-and-textures/exterior-walls/textures/ultima-allura-venezio.html','wacart',0,'2021-03-30 06:36:05','2021-06-16 09:20:01','2021-06-16 09:20:01'),(24,'Wood and Metals','wacart/polyester.html','https://www.asianpaints.com/products/wood-and-metals/wood-paints/woodtech-polyester-gold.html','wacart',0,'2021-03-30 06:36:05','2021-06-16 09:26:51','2021-06-16 09:26:51'),(25,'Wood and Metals','wacart/emporio.html','https://www.asianpaints.com/products/wood-and-metals/wood-paints/woodtech-emporio-pu-clear.html','wacart',0,'2021-03-30 06:36:05','2021-06-16 09:19:41','2021-06-16 09:19:41'),(26,'Paints and Textures','wacart/duralife.html','https://www.asianpaints.com/products/paints-and-textures/exterior-walls/plain-finishes/ultima-protek-duralife.html','wacart',0,'2021-03-30 06:36:05','2021-06-16 09:26:45','2021-06-16 09:26:45'),(27,'Shopping','wacart/rhsclear.html','https://www.asianpaints.com/online-shop/Do-it-yourself/DIY-Hygeine-Products/asian-paints-royale-health-shield-clear-soft-sheen.html','wacart',0,'2021-03-30 06:36:05','2021-06-16 09:26:38','2021-06-16 09:26:38'),(28,'Paints and Textures','wacart/torino.html','https://www.asianpaints.com/products/paints-and-textures/exterior-walls/textures/ultima-allura-torino.html','wacart',0,'2021-03-30 06:36:05','2021-06-16 09:26:25','2021-06-16 09:26:25'),(29,'Paints and Textures','wacart/antico.html','https://www.asianpaints.com/products/paints-and-textures/interior-walls/textures/royale-play-antico.html','wacart',0,'2021-03-30 06:36:05','2021-06-16 09:26:16','2021-06-16 09:26:16'),(30,'Water Proof','wacart/db2k.html','https://www.asianpaints.com/products/waterproofing-solutions/smartcare-damp-block-2k.html','wacart',0,'2021-03-30 06:36:05','2021-06-16 09:26:11','2021-06-16 09:26:11'),(31,'Water Proof','wacart/dsexterior.html','https://www.asianpaints.com/products/waterproofing-solutions/damp-sheath-exterior.html','wacart',0,'2021-03-30 06:36:05','2021-06-16 09:25:13','2021-06-16 09:25:13'),(32,'Water Proof','wacart/dsinterior.html','https://www.asianpaints.com/products/waterproofing-solutions/smartcare-damp-sheath-interior.html','wacart',0,'2021-03-30 06:36:05','2021-06-16 09:25:03','2021-06-16 09:25:03'),(33,'Product','wacart/rustshield.html','https://www.asianpaints.com/products/wood-and-metals/metal-enamels/apcolite-rust-shield.html','wacart',0,'2021-03-30 06:36:05','2021-06-15 09:07:54','2021-06-15 09:07:54'),(34,'Paint','https://ciportal.asianpaints.com/asianpaints/paint','https://www.google.com/',NULL,0,'2021-06-11 11:52:08','2021-06-11 11:52:30','2021-06-11 11:52:30'),(35,'Test URL','paint_category.html','https://www.google.com/',NULL,0,'2021-06-11 11:54:15','2021-06-15 09:05:33','2021-06-15 09:05:33'),(36,'COTY','cilens/coty.html','https://colournext.asianpaints.com/colour-of-the-year',NULL,0,'2021-06-15 09:07:41','2021-06-15 09:07:41',NULL),(37,'Nilaya','cilens/nilaya.html','https://www.asianpaints.com/products/wall-coverings/wallpaper-collection.html',NULL,0,'2021-06-16 09:33:35','2021-06-16 09:33:35',NULL),(38,'Calcecruda','cilens/calcecruda.html','https://www.asianpaints.com/colourpro/premium-interior-finishes-architects-interior-designers.html',NULL,0,'2021-06-16 09:36:32','2021-06-16 09:36:32',NULL),(39,'Emporio Clear','cilens/emporioclear.html','https://www.asianpaints.com/products/wood-and-metals/wood-paints/woodtech-emporio-pu-clear.html',NULL,0,'2021-06-16 09:37:46','2021-06-16 09:37:46',NULL),(40,'Emporio Palette','cilens/emporiopal.html','https://www.asianpaints.com/products/wood-and-metals/wood-paints/woodtech-emporio-pu-palette.html',NULL,0,'2021-06-16 09:38:14','2021-06-16 09:38:14',NULL),(41,'Good Earth','cilens/goodearth.html','https://www.asianpaints.com/products/wall-coverings/designer-collection.html?f=collection:good%2520earth',NULL,0,'2021-06-16 09:38:43','2021-06-16 09:38:43',NULL),(42,'Insignia','cilens/insignia.html','https://www.asianpaints.com/products/wood-and-metals/wood-paints/woodtech-insignia.html',NULL,0,'2021-06-16 09:39:16','2021-06-16 09:39:16',NULL),(43,'Polyester Gold','cilens/polyestergold.html','https://www.asianpaints.com/products/wood-and-metals/wood-paints/woodtech-polyester-gold.html',NULL,0,'2021-06-16 09:39:37','2021-06-16 09:39:37',NULL),(44,'PU Palette','cilens/pupallete.html','https://www.asianpaints.com/products/wood-and-metals/wood-paints/woodtech-pu-pallete-exterior.html',NULL,0,'2021-06-16 09:40:09','2021-06-16 09:40:09',NULL),(45,'RHS','cilens/rhs.html','https://www.asianpaints.com/products/paints-and-textures/interior-walls/plain-finishes/royale-health-shield.html',NULL,0,'2021-06-16 09:41:58','2021-06-16 09:41:58',NULL),(46,'Sabyasachi','cilens/sabyasachi.html','https://www.asianpaints.com/products/wall-coverings/wallpaper-collection.html?f=collection%3Asabyasachi',NULL,0,'2021-06-16 09:42:38','2021-06-16 09:42:38',NULL),(47,'WOTY','cilens/woty.html','https://colournext.asianpaints.com/colour-of-the-year#wallpaper',NULL,0,'2021-06-16 09:43:12','2021-06-16 09:43:12',NULL),(48,'Quiz','/quiz','https://forms.office.com/Pages/DesignPage.aspx?auth_pvr=OrgId&auth_upn=P00121226%40ASIANPAINTS.COM&lang=en-US&origin=OfficeDotCom&route=Start#FormId=dQR4QEM_2k6eoxqok-rXpZmenc1lffhKg6yuOZRdgBVUQkVQS09PTUdQVDk3VUVSVlU1ME5HMTlFUC4u',NULL,0,'2021-09-06 15:22:11','2021-09-09 12:30:51',NULL),(49,'test','test','https://www.facebook.com/',NULL,0,'2022-04-02 06:17:03','2022-04-02 06:17:03',NULL);

--
-- Table structure for table `region_states`
--

CREATE TABLE `region_states` (
  `id` int NOT NULL AUTO_INCREMENT,
  `region_id` int DEFAULT NULL,
  `state_id` int DEFAULT NULL,
  `created_by` int DEFAULT NULL,
  `created_at` timestamp NOT NULL DEFAULT CURRENT_TIMESTAMP ON UPDATE CURRENT_TIMESTAMP,
  `updated_at` timestamp NOT NULL DEFAULT CURRENT_TIMESTAMP,
  PRIMARY KEY (`id`)
) ENGINE=InnoDB AUTO_INCREMENT=45 DEFAULT CHARSET=latin1;

--
-- Dumping data for table `region_states`
--

INSERT INTO `region_states` VALUES (2,18,14,NULL,'2022-11-01 09:52:34','2020-11-21 07:18:44'),(3,18,13,NULL,'2022-11-01 09:52:34','2020-11-21 07:18:44'),(5,18,1033,NULL,'2022-11-01 09:52:34','2020-11-21 07:19:19'),(6,17,12,NULL,'2022-11-01 09:52:34','2020-11-21 07:19:48'),(7,17,9,NULL,'2022-11-01 09:52:34','2020-11-21 07:19:48'),(9,16,1034,NULL,'2022-11-01 09:52:34','2020-11-21 07:20:14'),(10,16,1035,NULL,'2022-11-01 09:52:34','2020-11-21 07:21:12'),(11,15,1036,NULL,'2022-11-01 09:52:34','2020-11-21 07:21:24'),(12,14,27,NULL,'2022-11-01 09:52:34','2020-11-21 07:22:24'),(13,13,18,NULL,'2022-11-01 09:52:34','2020-11-21 07:22:52'),(15,12,11,NULL,'2022-11-01 09:52:34','2020-11-21 07:23:16'),(16,11,1037,NULL,'2022-11-01 09:52:34','2020-11-21 07:24:58'),(17,11,29,NULL,'2022-11-01 09:52:34','2020-11-21 07:24:58'),(18,11,23,NULL,'2022-11-01 09:52:34','2020-11-21 07:24:58'),(19,11,22,NULL,'2022-11-01 09:52:34','2020-11-21 07:24:58'),(20,11,21,NULL,'2022-11-01 09:52:34','2020-11-21 07:24:58'),(21,11,20,NULL,'2022-11-01 09:52:34','2020-11-21 07:24:58'),(22,11,5,NULL,'2022-11-01 09:52:34','2020-11-21 07:24:58'),(23,11,4,NULL,'2022-11-01 09:52:34','2020-11-21 07:24:58'),(24,11,3,NULL,'2022-11-01 09:52:34','2020-11-21 07:24:58'),(25,10,24,NULL,'2022-11-01 09:52:34','2020-11-21 07:25:34'),(26,10,15,NULL,'2022-11-01 09:52:34','2020-11-21 07:25:34'),(27,10,6,NULL,'2022-11-01 09:52:34','2020-11-21 07:25:34'),(28,9,2,NULL,'2022-11-01 09:52:34','2020-11-21 07:27:22'),(29,8,1039,NULL,'2022-11-01 09:52:34','2020-11-21 07:27:59'),(32,7,1040,NULL,'2022-11-01 09:52:34','2020-11-21 07:29:12'),(33,7,10,NULL,'2022-11-01 09:52:34','2020-11-21 07:29:12'),(34,6,1043,NULL,'2022-11-01 09:52:34','2020-11-21 07:29:45'),(35,5,17,NULL,'2022-11-01 09:52:34','2020-11-21 07:30:26'),(36,4,1047,NULL,'2022-11-01 09:52:34','2020-11-21 07:31:01'),(37,3,1044,NULL,'2022-11-01 09:52:34','2020-11-21 07:31:33'),(38,2,1045,NULL,'2022-11-01 09:52:34','2020-11-21 07:32:10'),(39,1,1046,NULL,'2022-11-01 09:52:34','2020-11-21 07:32:39'),(40,13,7,NULL,'2022-11-01 09:52:34','2021-02-16 08:44:30'),(42,11,1049,NULL,'2022-11-01 09:52:34','2021-02-16 08:48:10');

--
-- Table structure for table `region_user`
--

CREATE TABLE `region_user` (
  `id` int NOT NULL AUTO_INCREMENT,
  `user_id` int NOT NULL,
  `region_id` int NOT NULL,
  `created_at` timestamp NOT NULL DEFAULT CURRENT_TIMESTAMP,
  `updated_at` timestamp NULL DEFAULT NULL,
  PRIMARY KEY (`id`)
) ENGINE=InnoDB AUTO_INCREMENT=2699 DEFAULT CHARSET=utf8mb3;

--
-- Dumping data for table `region_user`
--

INSERT INTO `region_user` VALUES (1,1288,4,'2021-02-10 05:57:45','2021-06-22 04:39:11'),(1137,1147,12,'2021-06-22 04:39:07',NULL),(1138,1148,12,'2021-06-22 04:39:07',NULL),(1139,1149,12,'2021-06-22 04:39:07',NULL),(1140,1150,12,'2021-06-22 04:39:07',NULL),(1141,1151,12,'2021-06-22 04:39:07',NULL),(1142,1152,12,'2021-06-22 04:39:07',NULL),(1143,1153,12,'2021-06-22 04:39:08',NULL),(1144,1154,12,'2021-06-22 04:39:08',NULL),(1145,1155,12,'2021-06-22 04:39:08',NULL),(1146,1156,12,'2021-06-22 04:39:08',NULL),(1147,1157,12,'2021-06-22 04:39:08',NULL),(1148,1158,12,'2021-06-22 04:39:08',NULL),(1149,1159,12,'2021-06-22 04:39:08',NULL),(1150,1160,12,'2021-06-22 04:39:08',NULL),(1151,1161,12,'2021-06-22 04:39:08',NULL),(1152,1162,12,'2021-06-22 04:39:08',NULL),(1153,1163,12,'2021-06-22 04:39:08',NULL),(1154,1164,12,'2021-06-22 04:39:08',NULL),(1155,1166,12,'2021-06-22 04:39:08',NULL),(1156,1168,12,'2021-06-22 04:39:08',NULL),(1157,1169,13,'2021-06-22 04:39:08',NULL),(1158,1170,13,'2021-06-22 04:39:08',NULL),(1159,1171,13,'2021-06-22 04:39:08',NULL),(1160,1172,13,'2021-06-22 04:39:08',NULL),(1161,1173,13,'2021-06-22 04:39:08',NULL),(1162,1174,13,'2021-06-22 04:39:08',NULL),(1163,1175,13,'2021-06-22 04:39:08',NULL),(1164,1176,13,'2021-06-22 04:39:08',NULL),(1165,1177,13,'2021-06-22 04:39:08',NULL),(1166,1178,13,'2021-06-22 04:39:08',NULL),(1167,1179,13,'2021-06-22 04:39:08',NULL),(1168,1180,13,'2021-06-22 04:39:08',NULL),(1169,1181,13,'2021-06-22 04:39:08',NULL),(1170,1182,13,'2021-06-22 04:39:08',NULL),(1171,1183,13,'2021-06-22 04:39:08',NULL),(1172,1184,13,'2021-06-22 04:39:08',NULL),(1173,1185,13,'2021-06-22 04:39:08',NULL),(1174,1186,13,'2021-06-22 04:39:08',NULL),(1175,1187,14,'2021-06-22 04:39:08',NULL),(1176,1189,14,'2021-06-22 04:39:08',NULL),(1177,1506,14,'2021-06-22 04:39:08',NULL),(1178,1191,14,'2021-06-22 04:39:08',NULL),(1179,1193,14,'2021-06-22 04:39:08',NULL),(1180,1194,14,'2021-06-22 04:39:08',NULL),(1181,1195,14,'2021-06-22 04:39:08',NULL),(1182,1196,14,'2021-06-22 04:39:08',NULL),(1183,1197,10,'2021-06-22 04:39:08',NULL),(1184,1198,8,'2021-06-22 04:39:09',NULL),(1185,1199,10,'2021-06-22 04:39:09',NULL),(1186,1201,11,'2021-06-22 04:39:09',NULL),(1187,1202,8,'2021-06-22 04:39:09',NULL),(1188,1203,8,'2021-06-22 04:39:09',NULL),(1189,1204,10,'2021-06-22 04:39:09',NULL),(1190,1205,8,'2021-06-22 04:39:09',NULL),(1191,1206,8,'2021-06-22 04:39:09',NULL),(1192,1207,8,'2021-06-22 04:39:09',NULL),(1193,1208,8,'2021-06-22 04:39:09',NULL),(1194,1210,8,'2021-06-22 04:39:09',NULL),(1195,1211,10,'2021-06-22 04:39:09',NULL),(1196,1212,10,'2021-06-22 04:39:09',NULL),(1197,1213,8,'2021-06-22 04:39:09',NULL),(1198,1214,8,'2021-06-22 04:39:09',NULL),(1199,1215,8,'2021-06-22 04:39:09',NULL),(1200,1216,8,'2021-06-22 04:39:09',NULL),(1201,1217,8,'2021-06-22 04:39:09',NULL),(1202,1218,8,'2021-06-22 04:39:09',NULL),(1203,1219,11,'2021-06-22 04:39:09',NULL),(1204,1220,11,'2021-06-22 04:39:09',NULL),(1205,1221,8,'2021-06-22 04:39:09',NULL),(1206,1222,10,'2021-06-22 04:39:09',NULL),(1207,1223,11,'2021-06-22 04:39:09',NULL),(1208,1224,10,'2021-06-22 04:39:09',NULL),(1209,1225,11,'2021-06-22 04:39:09',NULL),(1210,1226,10,'2021-06-22 04:39:09',NULL),(1211,1227,9,'2021-06-22 04:39:09',NULL),(1212,1228,8,'2021-06-22 04:39:09',NULL),(1213,1229,11,'2021-06-22 04:39:09',NULL),(1214,1230,8,'2021-06-22 04:39:09',NULL),(1215,1231,11,'2021-06-22 04:39:09',NULL),(1216,1232,9,'2021-06-22 04:39:09',NULL),(1217,1233,11,'2021-06-22 04:39:09',NULL),(1218,1234,10,'2021-06-22 04:39:09',NULL),(1219,1235,10,'2021-06-22 04:39:09',NULL),(1220,1236,10,'2021-06-22 04:39:09',NULL),(1221,1237,10,'2021-06-22 04:39:10',NULL),(1222,1238,10,'2021-06-22 04:39:10',NULL),(1223,1239,10,'2021-06-22 04:39:10',NULL),(1224,1240,9,'2021-06-22 04:39:10',NULL),(1225,1241,10,'2021-06-22 04:39:10',NULL),(1226,1242,10,'2021-06-22 04:39:10',NULL),(1227,1243,8,'2021-06-22 04:39:10',NULL),(1228,1245,11,'2021-06-22 04:39:10',NULL),(1229,1246,11,'2021-06-22 04:39:10',NULL),(1230,1247,8,'2021-06-22 04:39:10',NULL),(1231,1248,11,'2021-06-22 04:39:10',NULL),(1232,1249,8,'2021-06-22 04:39:10',NULL),(1233,1250,11,'2021-06-22 04:39:10',NULL),(1234,1251,10,'2021-06-22 04:39:10',NULL),(1235,1252,10,'2021-06-22 04:39:10',NULL),(1236,1253,2,'2021-06-22 04:39:10',NULL),(1237,1254,2,'2021-06-22 04:39:10',NULL),(1238,1255,2,'2021-06-22 04:39:10',NULL),(1240,1257,2,'2021-06-22 04:39:10',NULL),(1241,1258,4,'2021-06-22 04:39:10',NULL),(1242,1259,2,'2021-06-22 04:39:10',NULL),(1244,1261,4,'2021-06-22 04:39:10',NULL),(1249,1266,4,'2021-06-22 04:39:10',NULL),(1252,1269,2,'2021-06-22 04:39:10',NULL),(1253,1270,4,'2021-06-22 04:39:10',NULL),(1255,1272,4,'2021-06-22 04:39:10',NULL),(1256,1273,4,'2021-06-22 04:39:11',NULL),(1257,1274,2,'2021-06-22 04:39:11',NULL),(1259,1276,2,'2021-06-22 04:39:11',NULL),(1260,1277,2,'2021-06-22 04:39:11',NULL),(1263,1280,2,'2021-06-22 04:39:11',NULL),(1272,1290,2,'2021-06-22 04:39:11',NULL),(1273,1291,2,'2021-06-22 04:39:11',NULL),(1274,1292,4,'2021-06-22 04:39:11',NULL),(1279,1297,2,'2021-06-22 04:39:11',NULL),(1285,1303,2,'2021-06-22 04:39:11',NULL),(1286,1305,2,'2021-06-22 04:39:11',NULL),(1288,1307,2,'2021-06-22 04:39:11',NULL),(1292,1311,4,'2021-06-22 04:39:12',NULL),(1295,1314,4,'2021-06-22 04:39:12',NULL),(1301,1320,4,'2021-06-22 04:39:12',NULL),(1307,1326,2,'2021-06-22 04:39:12',NULL),(1309,1328,2,'2021-06-22 04:39:12',NULL),(1313,1332,2,'2021-06-22 04:39:12',NULL),(1315,1334,18,'2021-06-22 04:39:12',NULL),(1316,1335,18,'2021-06-22 04:39:12',NULL),(1317,1336,18,'2021-06-22 04:39:12',NULL),(1320,1341,16,'2021-06-22 04:39:12','2021-08-04 05:53:19'),(1321,1342,18,'2021-06-22 04:39:12',NULL),(1326,1348,18,'2021-06-22 04:39:13',NULL),(1328,1351,18,'2021-06-22 04:39:13',NULL),(1334,1357,18,'2021-06-22 04:39:13',NULL),(1335,1359,18,'2021-06-22 04:39:13',NULL),(1336,1361,18,'2021-06-22 04:39:13',NULL),(1337,1362,18,'2021-06-22 04:39:13',NULL),(1340,1369,18,'2021-06-22 04:39:13',NULL),(1342,1372,18,'2021-06-22 04:39:13',NULL),(1343,1373,18,'2021-06-22 04:39:13',NULL),(1345,1375,18,'2021-06-22 04:39:13',NULL),(1346,1376,18,'2021-06-22 04:39:13',NULL),(1347,1378,18,'2021-06-22 04:39:13',NULL),(1349,1381,18,'2021-06-22 04:39:13',NULL),(1351,1384,18,'2021-06-22 04:39:13',NULL),(1354,1387,18,'2021-06-22 04:39:14',NULL),(1355,1534,18,'2021-06-22 04:39:14',NULL),(1356,1388,5,'2021-06-22 04:39:14',NULL),(1357,1389,5,'2021-06-22 04:39:14',NULL),(1358,1390,5,'2021-06-22 04:39:14',NULL),(1359,1391,5,'2021-06-22 04:39:14',NULL),(1360,1392,6,'2021-06-22 04:39:14',NULL),(1361,1393,6,'2021-06-22 04:39:14',NULL),(1362,1394,6,'2021-06-22 04:39:14',NULL),(1363,1395,6,'2021-06-22 04:39:14',NULL),(1364,1396,7,'2021-06-22 04:39:14',NULL),(1365,1397,7,'2021-06-22 04:39:14',NULL),(1366,1398,7,'2021-06-22 04:39:14',NULL),(1367,1399,7,'2021-06-22 04:39:14',NULL),(1368,1400,7,'2021-06-22 04:39:14',NULL),(1369,1401,7,'2021-06-22 04:39:14',NULL),(1370,1402,7,'2021-06-22 04:39:14',NULL),(1371,1403,7,'2021-06-22 04:39:14',NULL),(1372,1404,7,'2021-06-22 04:39:14',NULL),(1373,1405,7,'2021-06-22 04:39:14',NULL),(1374,1406,7,'2021-06-22 04:39:14',NULL),(1375,1407,7,'2021-06-22 04:39:14',NULL),(1376,1408,7,'2021-06-22 04:39:14',NULL),(1377,1409,7,'2021-06-22 04:39:14',NULL),(1378,1410,7,'2021-06-22 04:39:14',NULL),(1379,1411,7,'2021-06-22 04:39:14',NULL),(1380,1412,7,'2021-06-22 04:39:14',NULL),(1381,1413,7,'2021-06-22 04:39:14',NULL),(1382,1414,7,'2021-06-22 04:39:14',NULL),(1383,1415,7,'2021-06-22 04:39:14',NULL),(1384,1416,7,'2021-06-22 04:39:14',NULL),(1385,1417,5,'2021-06-22 04:39:14',NULL),(1386,1418,5,'2021-06-22 04:39:14',NULL),(1387,1419,5,'2021-06-22 04:39:14',NULL),(1388,1420,5,'2021-06-22 04:39:14',NULL),(1389,1421,5,'2021-06-22 04:39:14',NULL),(1390,1422,5,'2021-06-22 04:39:14',NULL),(1391,1423,5,'2021-06-22 04:39:14',NULL),(1392,1424,5,'2021-06-22 04:39:14',NULL),(1393,1425,5,'2021-06-22 04:39:14',NULL),(1394,1426,5,'2021-06-22 04:39:14',NULL),(1395,1427,5,'2021-06-22 04:39:14',NULL),(1396,1428,5,'2021-06-22 04:39:14',NULL),(1397,1429,5,'2021-06-22 04:39:14',NULL),(1398,1430,5,'2021-06-22 04:39:14',NULL),(1399,1431,5,'2021-06-22 04:39:15',NULL),(1400,1432,5,'2021-06-22 04:39:15',NULL),(1401,1433,6,'2021-06-22 04:39:15',NULL),(1402,1434,6,'2021-06-22 04:39:15',NULL),(1403,1435,6,'2021-06-22 04:39:15',NULL),(1404,1436,6,'2021-06-22 04:39:15',NULL),(1405,1437,6,'2021-06-22 04:39:15',NULL),(1406,1438,6,'2021-06-22 04:39:15',NULL),(1407,1439,6,'2021-06-22 04:39:15',NULL),(1408,1440,6,'2021-06-22 04:39:15',NULL),(1409,1441,6,'2021-06-22 04:39:15',NULL),(1410,1442,6,'2021-06-22 04:39:15',NULL),(1411,1443,6,'2021-06-22 04:39:15',NULL),(1412,1444,6,'2021-06-22 04:39:15',NULL),(1413,1445,6,'2021-06-22 04:39:15',NULL),(1414,1446,6,'2021-06-22 04:39:15',NULL),(1415,1447,6,'2021-06-22 04:39:15',NULL),(1416,1448,6,'2021-06-22 04:39:15',NULL),(1417,1449,6,'2021-06-22 04:39:15',NULL),(1418,1450,6,'2021-06-22 04:39:15',NULL),(1419,1451,6,'2021-06-22 04:39:15',NULL),(1420,1452,6,'2021-06-22 04:39:15',NULL),(1421,1453,6,'2021-06-22 04:39:15',NULL),(1422,1454,5,'2021-06-22 04:39:15',NULL),(1423,1455,6,'2021-06-22 04:39:15',NULL),(1424,1456,7,'2021-06-22 04:39:15',NULL),(1425,630,17,'2021-06-22 05:24:53',NULL),(1426,603,3,'2021-06-22 09:33:43',NULL),(1427,1256,3,'2021-06-22 10:30:31',NULL),(1428,1260,3,'2021-06-22 10:30:31',NULL),(1429,1264,3,'2021-06-22 10:30:31',NULL),(1430,1265,3,'2021-06-22 10:30:31',NULL),(1431,1275,3,'2021-06-22 10:30:31',NULL),(1432,1281,3,'2021-06-22 10:30:31',NULL),(1433,1283,3,'2021-06-22 10:30:31',NULL),(1434,1284,3,'2021-06-22 10:30:31',NULL),(1435,1289,3,'2021-06-22 10:30:32',NULL),(1436,1295,3,'2021-06-22 10:30:32',NULL),(1437,1300,3,'2021-06-22 10:30:32',NULL),(1438,1301,3,'2021-06-22 10:30:32',NULL),(1439,1316,3,'2021-06-22 10:30:32',NULL),(1440,1317,3,'2021-06-22 10:30:32',NULL),(1441,1318,3,'2021-06-22 10:30:32',NULL),(1442,1319,3,'2021-06-22 10:30:32',NULL),(1443,1322,3,'2021-06-22 10:30:32',NULL),(1444,1324,3,'2021-06-22 10:30:32',NULL),(1445,1325,3,'2021-06-22 10:30:32',NULL),(1446,1327,3,'2021-06-22 10:30:32',NULL),(1447,1330,3,'2021-06-22 10:30:32',NULL),(1448,1337,17,'2021-06-22 10:30:32',NULL),(1449,1339,17,'2021-06-22 10:30:32',NULL),(1450,1343,17,'2021-06-22 10:30:33',NULL),(1451,1344,17,'2021-06-22 10:30:33',NULL),(1452,1346,17,'2021-06-22 10:30:33',NULL),(1453,1347,17,'2021-06-22 10:30:33',NULL),(1454,1350,17,'2021-06-22 10:30:33',NULL),(1455,1352,17,'2021-06-22 10:30:33',NULL),(1456,1353,17,'2021-06-22 10:30:33',NULL),(1457,1354,17,'2021-06-22 10:30:33',NULL),(1458,1355,17,'2021-06-22 10:30:33',NULL),(1459,1356,17,'2021-06-22 10:30:33',NULL),(1460,1365,17,'2021-06-22 10:30:33',NULL),(1461,1368,17,'2021-06-22 10:30:33',NULL),(1462,1370,17,'2021-06-22 10:30:33',NULL),(1463,1374,17,'2021-06-22 10:30:33',NULL),(1464,1380,17,'2021-06-22 10:30:33',NULL),(1465,1383,17,'2021-06-22 10:30:33',NULL),(1466,1385,17,'2021-06-22 10:30:33',NULL),(1467,1386,17,'2021-06-22 10:30:33',NULL),(1468,643,13,'2021-06-22 10:38:06',NULL),(1469,643,12,'2021-06-22 10:38:06',NULL),(1470,643,14,'2021-06-22 10:38:06',NULL),(1471,642,2,'2021-06-22 10:38:06',NULL),(1473,642,3,'2021-06-22 10:38:06',NULL),(1474,642,4,'2021-06-22 10:38:06',NULL),(1475,626,16,'2021-06-22 10:38:07',NULL),(1476,625,2,'2021-06-22 10:38:07',NULL),(1478,624,18,'2021-06-22 10:38:07',NULL),(1479,623,17,'2021-06-22 10:38:07',NULL),(1480,622,17,'2021-06-22 10:38:07',NULL),(1481,621,17,'2021-06-22 10:38:07',NULL),(1482,620,7,'2021-06-22 10:38:07',NULL),(1483,619,7,'2021-06-22 10:38:07',NULL),(1484,618,9,'2021-06-22 10:38:07',NULL),(1485,617,9,'2021-06-22 10:38:07',NULL),(1486,617,11,'2021-06-22 10:38:07',NULL),(1488,615,2,'2021-06-22 10:38:07',NULL),(1489,614,4,'2021-06-22 10:38:07',NULL),(1490,613,3,'2021-06-22 10:38:07',NULL),(1491,612,4,'2021-06-22 10:38:07',NULL),(1492,1575,13,'2021-06-22 10:38:07',NULL),(1493,1575,12,'2021-06-22 10:38:07',NULL),(1494,1575,14,'2021-06-22 10:38:07',NULL),(1495,611,5,'2021-06-22 10:38:07',NULL),(1496,610,6,'2021-06-22 10:38:07',NULL),(1497,609,17,'2021-06-22 10:38:07',NULL),(1498,598,17,'2021-06-22 10:38:07',NULL),(1499,598,18,'2021-06-22 10:38:07',NULL),(1500,598,16,'2021-06-22 10:38:07',NULL),(1501,598,15,'2021-06-22 10:38:07',NULL),(1502,213,7,'2021-06-22 10:38:07',NULL),(1503,213,5,'2021-06-22 10:38:07',NULL),(1504,213,6,'2021-06-22 10:38:07',NULL),(1505,210,7,'2021-06-22 10:38:07',NULL),(1506,210,5,'2021-06-22 10:38:07',NULL),(1507,210,6,'2021-06-22 10:38:07',NULL),(1508,210,13,'2021-06-22 10:38:07',NULL),(1509,210,14,'2021-06-22 10:38:07',NULL),(1510,210,12,'2021-06-22 10:38:07',NULL),(1511,210,11,'2021-06-22 10:38:07',NULL),(1512,210,10,'2021-06-22 10:38:07',NULL),(1513,210,9,'2021-06-22 10:38:07',NULL),(1514,210,8,'2021-06-22 10:38:07',NULL),(1515,210,17,'2021-06-22 10:38:07',NULL),(1516,210,18,'2021-06-22 10:38:07',NULL),(1517,210,16,'2021-06-22 10:38:07',NULL),(1518,210,15,'2021-06-22 10:38:07',NULL),(1520,210,2,'2021-06-22 10:38:07',NULL),(1521,210,3,'2021-06-22 10:38:07',NULL),(1522,210,4,'2021-06-22 10:38:07',NULL),(1523,208,7,'2021-06-22 10:38:07',NULL),(1524,208,5,'2021-06-22 10:38:07',NULL),(1525,208,6,'2021-06-22 10:38:07',NULL),(1526,208,13,'2021-06-22 10:38:07',NULL),(1527,208,14,'2021-06-22 10:38:07',NULL),(1528,208,12,'2021-06-22 10:38:07',NULL),(1529,208,11,'2021-06-22 10:38:07',NULL),(1530,208,10,'2021-06-22 10:38:07',NULL),(1531,208,9,'2021-06-22 10:38:07',NULL),(1532,208,8,'2021-06-22 10:38:07',NULL),(1533,208,17,'2021-06-22 10:38:07',NULL),(1534,208,18,'2021-06-22 10:38:07',NULL),(1535,208,16,'2021-06-22 10:38:07',NULL),(1536,208,15,'2021-06-22 10:38:07',NULL),(1538,208,2,'2021-06-22 10:38:07',NULL),(1539,208,3,'2021-06-22 10:38:07',NULL),(1540,208,4,'2021-06-22 10:38:07',NULL),(1541,207,7,'2021-06-22 10:38:07',NULL),(1542,207,5,'2021-06-22 10:38:07',NULL),(1543,207,6,'2021-06-22 10:38:07',NULL),(1544,207,13,'2021-06-22 10:38:07',NULL),(1545,207,14,'2021-06-22 10:38:07',NULL),(1546,207,12,'2021-06-22 10:38:07',NULL),(1547,207,11,'2021-06-22 10:38:07',NULL),(1548,207,10,'2021-06-22 10:38:07',NULL),(1549,207,9,'2021-06-22 10:38:07',NULL),(1550,207,8,'2021-06-22 10:38:07',NULL),(1551,207,17,'2021-06-22 10:38:07',NULL),(1552,207,18,'2021-06-22 10:38:07',NULL),(1553,207,16,'2021-06-22 10:38:07',NULL),(1554,207,15,'2021-06-22 10:38:07',NULL),(1556,207,2,'2021-06-22 10:38:07',NULL),(1557,207,3,'2021-06-22 10:38:07',NULL),(1558,207,4,'2021-06-22 10:38:07',NULL),(1559,61,11,'2021-06-22 10:38:07',NULL),(1560,61,10,'2021-06-22 10:38:07',NULL),(1561,61,9,'2021-06-22 10:38:07',NULL),(1562,61,8,'2021-06-22 10:38:07',NULL),(1563,58,7,'2021-06-22 10:38:08',NULL),(1564,58,5,'2021-06-22 10:38:08',NULL),(1565,58,6,'2021-06-22 10:38:08',NULL),(1566,58,13,'2021-06-22 10:38:08',NULL),(1567,58,14,'2021-06-22 10:38:08',NULL),(1568,58,12,'2021-06-22 10:38:08',NULL),(1569,58,11,'2021-06-22 10:38:08',NULL),(1570,58,10,'2021-06-22 10:38:08',NULL),(1571,58,9,'2021-06-22 10:38:08',NULL),(1572,58,8,'2021-06-22 10:38:08',NULL),(1573,58,17,'2021-06-22 10:38:08',NULL),(1574,58,18,'2021-06-22 10:38:08',NULL),(1575,58,16,'2021-06-22 10:38:08',NULL),(1576,58,15,'2021-06-22 10:38:08',NULL),(1578,58,2,'2021-06-22 10:38:08',NULL),(1579,58,3,'2021-06-22 10:38:08',NULL),(1580,58,4,'2021-06-22 10:38:08',NULL),(1581,633,1,'2021-06-23 08:34:21','2021-06-23 08:34:21'),(1582,633,2,'2021-06-23 08:34:21','2021-06-23 08:34:21'),(1583,633,3,'2021-06-23 08:34:21','2021-06-23 08:34:21'),(1584,633,4,'2021-06-23 08:34:21','2021-06-23 08:34:21'),(1585,633,5,'2021-06-23 08:34:21','2021-06-23 08:34:21'),(1586,633,6,'2021-06-23 08:34:21','2021-06-23 08:34:21'),(1587,633,7,'2021-06-23 08:34:21','2021-06-23 08:34:21'),(1588,633,8,'2021-06-23 08:34:21','2021-06-23 08:34:21'),(1589,633,9,'2021-06-23 08:34:21','2021-06-23 08:34:21'),(1590,633,10,'2021-06-23 08:34:21','2021-06-23 08:34:21'),(1591,633,11,'2021-06-23 08:34:21','2021-06-23 08:34:21'),(1592,633,12,'2021-06-23 08:34:21','2021-06-23 08:34:21'),(1593,633,13,'2021-06-23 08:34:21','2021-06-23 08:34:21'),(1594,633,14,'2021-06-23 08:34:21','2021-06-23 08:34:21'),(1595,633,15,'2021-06-23 08:34:21','2021-06-23 08:34:21'),(1596,633,16,'2021-06-23 08:34:21','2021-06-23 08:34:21'),(1597,633,17,'2021-06-23 08:34:21','2021-06-23 08:34:21'),(1598,633,18,'2021-06-23 08:34:21','2021-06-23 08:34:21'),(1599,632,1,'2021-06-23 08:34:21','2021-06-23 08:34:21'),(1600,632,2,'2021-06-23 08:34:21','2021-06-23 08:34:21'),(1601,632,3,'2021-06-23 08:34:21','2021-06-23 08:34:21'),(1602,632,4,'2021-06-23 08:34:21','2021-06-23 08:34:21'),(1603,632,5,'2021-06-23 08:34:21','2021-06-23 08:34:21'),(1604,632,6,'2021-06-23 08:34:21','2021-06-23 08:34:21'),(1605,632,7,'2021-06-23 08:34:21','2021-06-23 08:34:21'),(1606,632,8,'2021-06-23 08:34:21','2021-06-23 08:34:21'),(1607,632,9,'2021-06-23 08:34:21','2021-06-23 08:34:21'),(1608,632,10,'2021-06-23 08:34:21','2021-06-23 08:34:21'),(1609,632,11,'2021-06-23 08:34:21','2021-06-23 08:34:21'),(1610,632,12,'2021-06-23 08:34:21','2021-06-23 08:34:21'),(1611,632,13,'2021-06-23 08:34:21','2021-06-23 08:34:21'),(1612,632,14,'2021-06-23 08:34:21','2021-06-23 08:34:21'),(1613,632,15,'2021-06-23 08:34:21','2021-06-23 08:34:21'),(1614,632,16,'2021-06-23 08:34:21','2021-06-23 08:34:21'),(1615,632,17,'2021-06-23 08:34:21','2021-06-23 08:34:21'),(1616,632,18,'2021-06-23 08:34:21','2021-06-23 08:34:21'),(1617,631,1,'2021-06-23 08:34:21','2021-06-23 08:34:21'),(1618,631,2,'2021-06-23 08:34:21','2021-06-23 08:34:21'),(1619,631,3,'2021-06-23 08:34:22','2021-06-23 08:34:22'),(1620,631,4,'2021-06-23 08:34:22','2021-06-23 08:34:22'),(1621,631,5,'2021-06-23 08:34:22','2021-06-23 08:34:22'),(1622,631,6,'2021-06-23 08:34:22','2021-06-23 08:34:22'),(1623,631,7,'2021-06-23 08:34:22','2021-06-23 08:34:22'),(1624,631,8,'2021-06-23 08:34:22','2021-06-23 08:34:22'),(1625,631,9,'2021-06-23 08:34:22','2021-06-23 08:34:22'),(1626,631,10,'2021-06-23 08:34:22','2021-06-23 08:34:22'),(1627,631,11,'2021-06-23 08:34:22','2021-06-23 08:34:22'),(1628,631,12,'2021-06-23 08:34:22','2021-06-23 08:34:22'),(1629,631,13,'2021-06-23 08:34:22','2021-06-23 08:34:22'),(1630,631,14,'2021-06-23 08:34:22','2021-06-23 08:34:22'),(1631,631,15,'2021-06-23 08:34:22','2021-06-23 08:34:22'),(1632,631,16,'2021-06-23 08:34:22','2021-06-23 08:34:22'),(1633,631,17,'2021-06-23 08:34:22','2021-06-23 08:34:22'),(1634,631,18,'2021-06-23 08:34:22','2021-06-23 08:34:22'),(1635,602,1,'2021-06-23 08:34:22','2021-06-23 08:34:22'),(1636,602,2,'2021-06-23 08:34:22','2021-06-23 08:34:22'),(1637,602,3,'2021-06-23 08:34:22','2021-06-23 08:34:22'),(1638,602,4,'2021-06-23 08:34:22','2021-06-23 08:34:22'),(1639,602,5,'2021-06-23 08:34:22','2021-06-23 08:34:22'),(1640,602,6,'2021-06-23 08:34:22','2021-06-23 08:34:22'),(1641,602,7,'2021-06-23 08:34:22','2021-06-23 08:34:22'),(1642,602,8,'2021-06-23 08:34:22','2021-06-23 08:34:22'),(1643,602,9,'2021-06-23 08:34:22','2021-06-23 08:34:22'),(1644,602,10,'2021-06-23 08:34:22','2021-06-23 08:34:22'),(1645,602,11,'2021-06-23 08:34:22','2021-06-23 08:34:22'),(1646,602,12,'2021-06-23 08:34:22','2021-06-23 08:34:22'),(1647,602,13,'2021-06-23 08:34:22','2021-06-23 08:34:22'),(1648,602,14,'2021-06-23 08:34:22','2021-06-23 08:34:22'),(1649,602,15,'2021-06-23 08:34:22','2021-06-23 08:34:22'),(1650,602,16,'2021-06-23 08:34:22','2021-06-23 08:34:22'),(1651,602,17,'2021-06-23 08:34:22','2021-06-23 08:34:22'),(1652,602,18,'2021-06-23 08:34:22','2021-06-23 08:34:22'),(1653,600,1,'2021-06-23 08:34:22','2021-06-23 08:34:22'),(1654,600,2,'2021-06-23 08:34:22','2021-06-23 08:34:22'),(1655,600,3,'2021-06-23 08:34:22','2021-06-23 08:34:22'),(1656,600,4,'2021-06-23 08:34:22','2021-06-23 08:34:22'),(1657,600,5,'2021-06-23 08:34:22','2021-06-23 08:34:22'),(1658,600,6,'2021-06-23 08:34:22','2021-06-23 08:34:22'),(1659,600,7,'2021-06-23 08:34:22','2021-06-23 08:34:22'),(1660,600,8,'2021-06-23 08:34:22','2021-06-23 08:34:22'),(1661,600,9,'2021-06-23 08:34:22','2021-06-23 08:34:22'),(1662,600,10,'2021-06-23 08:34:22','2021-06-23 08:34:22'),(1663,600,11,'2021-06-23 08:34:22','2021-06-23 08:34:22'),(1664,600,12,'2021-06-23 08:34:22','2021-06-23 08:34:22'),(1665,600,13,'2021-06-23 08:34:22','2021-06-23 08:34:22'),(1666,600,14,'2021-06-23 08:34:22','2021-06-23 08:34:22'),(1667,600,15,'2021-06-23 08:34:22','2021-06-23 08:34:22'),(1668,600,16,'2021-06-23 08:34:22','2021-06-23 08:34:22'),(1669,600,17,'2021-06-23 08:34:22','2021-06-23 08:34:22'),(1670,600,18,'2021-06-23 08:34:22','2021-06-23 08:34:22'),(1671,594,1,'2021-06-23 08:34:22','2021-06-23 08:34:22'),(1672,594,2,'2021-06-23 08:34:22','2021-06-23 08:34:22'),(1673,594,3,'2021-06-23 08:34:22','2021-06-23 08:34:22'),(1674,594,4,'2021-06-23 08:34:22','2021-06-23 08:34:22'),(1675,594,5,'2021-06-23 08:34:22','2021-06-23 08:34:22'),(1676,594,6,'2021-06-23 08:34:22','2021-06-23 08:34:22'),(1677,594,7,'2021-06-23 08:34:22','2021-06-23 08:34:22'),(1678,594,8,'2021-06-23 08:34:22','2021-06-23 08:34:22'),(1679,594,9,'2021-06-23 08:34:22','2021-06-23 08:34:22'),(1680,594,10,'2021-06-23 08:34:22','2021-06-23 08:34:22'),(1681,594,11,'2021-06-23 08:34:22','2021-06-23 08:34:22'),(1682,594,12,'2021-06-23 08:34:22','2021-06-23 08:34:22'),(1683,594,13,'2021-06-23 08:34:22','2021-06-23 08:34:22'),(1684,594,14,'2021-06-23 08:34:22','2021-06-23 08:34:22'),(1685,594,15,'2021-06-23 08:34:22','2021-06-23 08:34:22'),(1686,594,16,'2021-06-23 08:34:22','2021-06-23 08:34:22'),(1687,594,17,'2021-06-23 08:34:22','2021-06-23 08:34:22'),(1688,594,18,'2021-06-23 08:34:22','2021-06-23 08:34:22'),(1689,593,1,'2021-06-23 08:34:22','2021-06-23 08:34:22'),(1690,593,2,'2021-06-23 08:34:22','2021-06-23 08:34:22'),(1691,593,3,'2021-06-23 08:34:22','2021-06-23 08:34:22'),(1692,593,4,'2021-06-23 08:34:22','2021-06-23 08:34:22'),(1693,593,5,'2021-06-23 08:34:22','2021-06-23 08:34:22'),(1694,593,6,'2021-06-23 08:34:22','2021-06-23 08:34:22'),(1695,593,7,'2021-06-23 08:34:22','2021-06-23 08:34:22'),(1696,593,8,'2021-06-23 08:34:22','2021-06-23 08:34:22'),(1697,593,9,'2021-06-23 08:34:22','2021-06-23 08:34:22'),(1698,593,10,'2021-06-23 08:34:22','2021-06-23 08:34:22'),(1699,593,11,'2021-06-23 08:34:22','2021-06-23 08:34:22'),(1700,593,12,'2021-06-23 08:34:22','2021-06-23 08:34:22'),(1701,593,13,'2021-06-23 08:34:22','2021-06-23 08:34:22'),(1702,593,14,'2021-06-23 08:34:22','2021-06-23 08:34:22'),(1703,593,15,'2021-06-23 08:34:22','2021-06-23 08:34:22'),(1704,593,16,'2021-06-23 08:34:22','2021-06-23 08:34:22'),(1705,593,17,'2021-06-23 08:34:22','2021-06-23 08:34:22'),(1706,593,18,'2021-06-23 08:34:22','2021-06-23 08:34:22'),(1707,552,1,'2021-06-23 08:34:22','2021-06-23 08:34:22'),(1708,552,2,'2021-06-23 08:34:22','2021-06-23 08:34:22'),(1709,552,3,'2021-06-23 08:34:22','2021-06-23 08:34:22'),(1710,552,4,'2021-06-23 08:34:22','2021-06-23 08:34:22'),(1711,552,5,'2021-06-23 08:34:22','2021-06-23 08:34:22'),(1712,552,6,'2021-06-23 08:34:22','2021-06-23 08:34:22'),(1713,552,7,'2021-06-23 08:34:22','2021-06-23 08:34:22'),(1714,552,8,'2021-06-23 08:34:22','2021-06-23 08:34:22'),(1715,552,9,'2021-06-23 08:34:22','2021-06-23 08:34:22'),(1716,552,10,'2021-06-23 08:34:22','2021-06-23 08:34:22'),(1717,552,11,'2021-06-23 08:34:22','2021-06-23 08:34:22'),(1718,552,12,'2021-06-23 08:34:22','2021-06-23 08:34:22'),(1719,552,13,'2021-06-23 08:34:22','2021-06-23 08:34:22'),(1720,552,14,'2021-06-23 08:34:22','2021-06-23 08:34:22'),(1721,552,15,'2021-06-23 08:34:22','2021-06-23 08:34:22'),(1722,552,16,'2021-06-23 08:34:22','2021-06-23 08:34:22'),(1723,552,17,'2021-06-23 08:34:22','2021-06-23 08:34:22'),(1724,552,18,'2021-06-23 08:34:22','2021-06-23 08:34:22'),(1725,548,1,'2021-06-23 08:34:22','2021-06-23 08:34:22'),(1726,548,2,'2021-06-23 08:34:22','2021-06-23 08:34:22'),(1727,548,3,'2021-06-23 08:34:22','2021-06-23 08:34:22'),(1728,548,4,'2021-06-23 08:34:22','2021-06-23 08:34:22'),(1729,548,5,'2021-06-23 08:34:22','2021-06-23 08:34:22'),(1730,548,6,'2021-06-23 08:34:22','2021-06-23 08:34:22'),(1731,548,7,'2021-06-23 08:34:22','2021-06-23 08:34:22'),(1732,548,8,'2021-06-23 08:34:22','2021-06-23 08:34:22'),(1733,548,9,'2021-06-23 08:34:22','2021-06-23 08:34:22'),(1734,548,10,'2021-06-23 08:34:22','2021-06-23 08:34:22'),(1735,548,11,'2021-06-23 08:34:22','2021-06-23 08:34:22'),(1736,548,12,'2021-06-23 08:34:22','2021-06-23 08:34:22'),(1737,548,13,'2021-06-23 08:34:22','2021-06-23 08:34:22'),(1738,548,14,'2021-06-23 08:34:22','2021-06-23 08:34:22'),(1739,548,15,'2021-06-23 08:34:22','2021-06-23 08:34:22'),(1740,548,16,'2021-06-23 08:34:22','2021-06-23 08:34:22'),(1741,548,17,'2021-06-23 08:34:22','2021-06-23 08:34:22'),(1742,548,18,'2021-06-23 08:34:22','2021-06-23 08:34:22'),(1743,533,1,'2021-06-23 08:34:22','2021-06-23 08:34:22'),(1744,533,2,'2021-06-23 08:34:22','2021-06-23 08:34:22'),(1745,533,3,'2021-06-23 08:34:22','2021-06-23 08:34:22'),(1746,533,4,'2021-06-23 08:34:22','2021-06-23 08:34:22'),(1747,533,5,'2021-06-23 08:34:22','2021-06-23 08:34:22'),(1748,533,6,'2021-06-23 08:34:22','2021-06-23 08:34:22'),(1749,533,7,'2021-06-23 08:34:22','2021-06-23 08:34:22'),(1750,533,8,'2021-06-23 08:34:22','2021-06-23 08:34:22'),(1751,533,9,'2021-06-23 08:34:22','2021-06-23 08:34:22'),(1752,533,10,'2021-06-23 08:34:22','2021-06-23 08:34:22'),(1753,533,11,'2021-06-23 08:34:22','2021-06-23 08:34:22'),(1754,533,12,'2021-06-23 08:34:22','2021-06-23 08:34:22'),(1755,533,13,'2021-06-23 08:34:22','2021-06-23 08:34:22'),(1756,533,14,'2021-06-23 08:34:22','2021-06-23 08:34:22'),(1757,533,15,'2021-06-23 08:34:22','2021-06-23 08:34:22'),(1758,533,16,'2021-06-23 08:34:22','2021-06-23 08:34:22'),(1759,533,17,'2021-06-23 08:34:22','2021-06-23 08:34:22'),(1760,533,18,'2021-06-23 08:34:22','2021-06-23 08:34:22'),(1761,463,1,'2021-06-23 08:34:22','2021-06-23 08:34:22'),(1762,463,2,'2021-06-23 08:34:22','2021-06-23 08:34:22'),(1763,463,3,'2021-06-23 08:34:22','2021-06-23 08:34:22'),(1764,463,4,'2021-06-23 08:34:22','2021-06-23 08:34:22'),(1765,463,5,'2021-06-23 08:34:22','2021-06-23 08:34:22'),(1766,463,6,'2021-06-23 08:34:22','2021-06-23 08:34:22'),(1767,463,7,'2021-06-23 08:34:22','2021-06-23 08:34:22'),(1768,463,8,'2021-06-23 08:34:22','2021-06-23 08:34:22'),(1769,463,9,'2021-06-23 08:34:22','2021-06-23 08:34:22'),(1770,463,10,'2021-06-23 08:34:22','2021-06-23 08:34:22'),(1771,463,11,'2021-06-23 08:34:22','2021-06-23 08:34:22'),(1772,463,12,'2021-06-23 08:34:22','2021-06-23 08:34:22'),(1773,463,13,'2021-06-23 08:34:22','2021-06-23 08:34:22'),(1774,463,14,'2021-06-23 08:34:22','2021-06-23 08:34:22'),(1775,463,15,'2021-06-23 08:34:22','2021-06-23 08:34:22'),(1776,463,16,'2021-06-23 08:34:22','2021-06-23 08:34:22'),(1777,463,17,'2021-06-23 08:34:22','2021-06-23 08:34:22'),(1778,463,18,'2021-06-23 08:34:22','2021-06-23 08:34:22'),(1779,634,1,'2021-06-29 03:27:37','2021-06-29 03:27:37'),(1780,634,2,'2021-06-29 03:27:37','2021-06-29 03:27:37'),(1781,634,3,'2021-06-29 03:27:37','2021-06-29 03:27:37'),(1782,634,4,'2021-06-29 03:27:37','2021-06-29 03:27:37'),(1783,634,5,'2021-06-29 03:27:37','2021-06-29 03:27:37'),(1784,634,6,'2021-06-29 03:27:37','2021-06-29 03:27:37'),(1785,634,7,'2021-06-29 03:27:37','2021-06-29 03:27:37'),(1786,634,8,'2021-06-29 03:27:37','2021-06-29 03:27:37'),(1787,634,9,'2021-06-29 03:27:37','2021-06-29 03:27:37'),(1788,634,10,'2021-06-29 03:27:37','2021-06-29 03:27:37'),(1789,634,11,'2021-06-29 03:27:37','2021-06-29 03:27:37'),(1790,634,12,'2021-06-29 03:27:37','2021-06-29 03:27:37'),(1791,634,13,'2021-06-29 03:27:37','2021-06-29 03:27:37'),(1792,634,14,'2021-06-29 03:27:37','2021-06-29 03:27:37'),(1793,634,15,'2021-06-29 03:27:37','2021-06-29 03:27:37'),(1794,634,16,'2021-06-29 03:27:37','2021-06-29 03:27:37'),(1795,634,17,'2021-06-29 03:27:37','2021-06-29 03:27:37'),(1796,634,18,'2021-06-29 03:27:37','2021-06-29 03:27:37'),(1797,633,1,'2021-06-29 03:27:37','2021-06-29 03:27:37'),(1798,633,2,'2021-06-29 03:27:37','2021-06-29 03:27:37'),(1799,633,3,'2021-06-29 03:27:37','2021-06-29 03:27:37'),(1800,633,4,'2021-06-29 03:27:37','2021-06-29 03:27:37'),(1801,633,5,'2021-06-29 03:27:37','2021-06-29 03:27:37'),(1802,633,6,'2021-06-29 03:27:37','2021-06-29 03:27:37'),(1803,633,7,'2021-06-29 03:27:37','2021-06-29 03:27:37'),(1804,633,8,'2021-06-29 03:27:37','2021-06-29 03:27:37'),(1805,633,9,'2021-06-29 03:27:37','2021-06-29 03:27:37'),(1806,633,10,'2021-06-29 03:27:37','2021-06-29 03:27:37'),(1807,633,11,'2021-06-29 03:27:37','2021-06-29 03:27:37'),(1808,633,12,'2021-06-29 03:27:37','2021-06-29 03:27:37'),(1809,633,13,'2021-06-29 03:27:37','2021-06-29 03:27:37'),(1810,633,14,'2021-06-29 03:27:37','2021-06-29 03:27:37'),(1811,633,15,'2021-06-29 03:27:37','2021-06-29 03:27:37'),(1812,633,16,'2021-06-29 03:27:37','2021-06-29 03:27:37'),(1813,633,17,'2021-06-29 03:27:37','2021-06-29 03:27:37'),(1814,633,18,'2021-06-29 03:27:37','2021-06-29 03:27:37'),(1815,632,1,'2021-06-29 03:27:38','2021-06-29 03:27:38'),(1816,632,2,'2021-06-29 03:27:38','2021-06-29 03:27:38'),(1817,632,3,'2021-06-29 03:27:38','2021-06-29 03:27:38'),(1818,632,4,'2021-06-29 03:27:38','2021-06-29 03:27:38'),(1819,632,5,'2021-06-29 03:27:38','2021-06-29 03:27:38'),(1820,632,6,'2021-06-29 03:27:38','2021-06-29 03:27:38'),(1821,632,7,'2021-06-29 03:27:38','2021-06-29 03:27:38'),(1822,632,8,'2021-06-29 03:27:38','2021-06-29 03:27:38'),(1823,632,9,'2021-06-29 03:27:38','2021-06-29 03:27:38'),(1824,632,10,'2021-06-29 03:27:38','2021-06-29 03:27:38'),(1825,632,11,'2021-06-29 03:27:38','2021-06-29 03:27:38'),(1826,632,12,'2021-06-29 03:27:38','2021-06-29 03:27:38'),(1827,632,13,'2021-06-29 03:27:38','2021-06-29 03:27:38'),(1828,632,14,'2021-06-29 03:27:38','2021-06-29 03:27:38'),(1829,632,15,'2021-06-29 03:27:38','2021-06-29 03:27:38'),(1830,632,16,'2021-06-29 03:27:38','2021-06-29 03:27:38'),(1831,632,17,'2021-06-29 03:27:38','2021-06-29 03:27:38'),(1832,632,18,'2021-06-29 03:27:38','2021-06-29 03:27:38'),(1833,631,1,'2021-06-29 03:27:38','2021-06-29 03:27:38'),(1834,631,2,'2021-06-29 03:27:38','2021-06-29 03:27:38'),(1835,631,3,'2021-06-29 03:27:38','2021-06-29 03:27:38'),(1836,631,4,'2021-06-29 03:27:38','2021-06-29 03:27:38'),(1837,631,5,'2021-06-29 03:27:38','2021-06-29 03:27:38'),(1838,631,6,'2021-06-29 03:27:38','2021-06-29 03:27:38'),(1839,631,7,'2021-06-29 03:27:38','2021-06-29 03:27:38'),(1840,631,8,'2021-06-29 03:27:38','2021-06-29 03:27:38'),(1841,631,9,'2021-06-29 03:27:38','2021-06-29 03:27:38'),(1842,631,10,'2021-06-29 03:27:38','2021-06-29 03:27:38'),(1843,631,11,'2021-06-29 03:27:38','2021-06-29 03:27:38'),(1844,631,12,'2021-06-29 03:27:38','2021-06-29 03:27:38'),(1845,631,13,'2021-06-29 03:27:38','2021-06-29 03:27:38'),(1846,631,14,'2021-06-29 03:27:38','2021-06-29 03:27:38'),(1847,631,15,'2021-06-29 03:27:38','2021-06-29 03:27:38'),(1848,631,16,'2021-06-29 03:27:38','2021-06-29 03:27:38'),(1849,631,17,'2021-06-29 03:27:38','2021-06-29 03:27:38'),(1850,631,18,'2021-06-29 03:27:38','2021-06-29 03:27:38'),(1851,630,1,'2021-06-29 03:27:38','2021-06-29 03:27:38'),(1852,630,2,'2021-06-29 03:27:38','2021-06-29 03:27:38'),(1853,630,3,'2021-06-29 03:27:38','2021-06-29 03:27:38'),(1854,630,4,'2021-06-29 03:27:38','2021-06-29 03:27:38'),(1855,630,5,'2021-06-29 03:27:38','2021-06-29 03:27:38'),(1856,630,6,'2021-06-29 03:27:38','2021-06-29 03:27:38'),(1857,630,7,'2021-06-29 03:27:38','2021-06-29 03:27:38'),(1858,630,8,'2021-06-29 03:27:38','2021-06-29 03:27:38'),(1859,630,9,'2021-06-29 03:27:38','2021-06-29 03:27:38'),(1860,630,10,'2021-06-29 03:27:38','2021-06-29 03:27:38'),(1861,630,11,'2021-06-29 03:27:38','2021-06-29 03:27:38'),(1862,630,12,'2021-06-29 03:27:38','2021-06-29 03:27:38'),(1863,630,13,'2021-06-29 03:27:38','2021-06-29 03:27:38'),(1864,630,14,'2021-06-29 03:27:38','2021-06-29 03:27:38'),(1865,630,15,'2021-06-29 03:27:38','2021-06-29 03:27:38'),(1866,630,16,'2021-06-29 03:27:38','2021-06-29 03:27:38'),(1867,630,17,'2021-06-29 03:27:38','2021-06-29 03:27:38'),(1868,630,18,'2021-06-29 03:27:38','2021-06-29 03:27:38'),(1869,629,1,'2021-06-29 03:27:38','2021-06-29 03:27:38'),(1870,629,2,'2021-06-29 03:27:38','2021-06-29 03:27:38'),(1871,629,3,'2021-06-29 03:27:38','2021-06-29 03:27:38'),(1872,629,4,'2021-06-29 03:27:38','2021-06-29 03:27:38'),(1873,629,5,'2021-06-29 03:27:38','2021-06-29 03:27:38'),(1874,629,6,'2021-06-29 03:27:38','2021-06-29 03:27:38'),(1875,629,7,'2021-06-29 03:27:38','2021-06-29 03:27:38'),(1876,629,8,'2021-06-29 03:27:38','2021-06-29 03:27:38'),(1877,629,9,'2021-06-29 03:27:38','2021-06-29 03:27:38'),(1878,629,10,'2021-06-29 03:27:38','2021-06-29 03:27:38'),(1879,629,11,'2021-06-29 03:27:38','2021-06-29 03:27:38'),(1880,629,12,'2021-06-29 03:27:38','2021-06-29 03:27:38'),(1881,629,13,'2021-06-29 03:27:38','2021-06-29 03:27:38'),(1882,629,14,'2021-06-29 03:27:38','2021-06-29 03:27:38'),(1883,629,15,'2021-06-29 03:27:38','2021-06-29 03:27:38'),(1884,629,16,'2021-06-29 03:27:38','2021-06-29 03:27:38'),(1885,629,17,'2021-06-29 03:27:38','2021-06-29 03:27:38'),(1886,629,18,'2021-06-29 03:27:38','2021-06-29 03:27:38'),(1887,603,1,'2021-06-29 03:27:38','2021-06-29 03:27:38'),(1888,603,2,'2021-06-29 03:27:38','2021-06-29 03:27:38'),(1889,603,3,'2021-06-29 03:27:38','2021-06-29 03:27:38'),(1890,603,4,'2021-06-29 03:27:38','2021-06-29 03:27:38'),(1891,603,5,'2021-06-29 03:27:38','2021-06-29 03:27:38'),(1892,603,6,'2021-06-29 03:27:38','2021-06-29 03:27:38'),(1893,603,7,'2021-06-29 03:27:38','2021-06-29 03:27:38'),(1894,603,8,'2021-06-29 03:27:38','2021-06-29 03:27:38'),(1895,603,9,'2021-06-29 03:27:38','2021-06-29 03:27:38'),(1896,603,10,'2021-06-29 03:27:38','2021-06-29 03:27:38'),(1897,603,11,'2021-06-29 03:27:38','2021-06-29 03:27:38'),(1898,603,12,'2021-06-29 03:27:38','2021-06-29 03:27:38'),(1899,603,13,'2021-06-29 03:27:38','2021-06-29 03:27:38'),(1900,603,14,'2021-06-29 03:27:38','2021-06-29 03:27:38'),(1901,603,15,'2021-06-29 03:27:38','2021-06-29 03:27:38'),(1902,603,16,'2021-06-29 03:27:38','2021-06-29 03:27:38'),(1903,603,17,'2021-06-29 03:27:38','2021-06-29 03:27:38'),(1904,603,18,'2021-06-29 03:27:38','2021-06-29 03:27:38'),(1905,602,1,'2021-06-29 03:27:38','2021-06-29 03:27:38'),(1906,602,2,'2021-06-29 03:27:38','2021-06-29 03:27:38'),(1907,602,3,'2021-06-29 03:27:38','2021-06-29 03:27:38'),(1908,602,4,'2021-06-29 03:27:38','2021-06-29 03:27:38'),(1909,602,5,'2021-06-29 03:27:38','2021-06-29 03:27:38'),(1910,602,6,'2021-06-29 03:27:38','2021-06-29 03:27:38'),(1911,602,7,'2021-06-29 03:27:38','2021-06-29 03:27:38'),(1912,602,8,'2021-06-29 03:27:38','2021-06-29 03:27:38'),(1913,602,9,'2021-06-29 03:27:38','2021-06-29 03:27:38'),(1914,602,10,'2021-06-29 03:27:38','2021-06-29 03:27:38'),(1915,602,11,'2021-06-29 03:27:38','2021-06-29 03:27:38'),(1916,602,12,'2021-06-29 03:27:38','2021-06-29 03:27:38'),(1917,602,13,'2021-06-29 03:27:38','2021-06-29 03:27:38'),(1918,602,14,'2021-06-29 03:27:38','2021-06-29 03:27:38'),(1919,602,15,'2021-06-29 03:27:38','2021-06-29 03:27:38'),(1920,602,16,'2021-06-29 03:27:38','2021-06-29 03:27:38'),(1921,602,17,'2021-06-29 03:27:38','2021-06-29 03:27:38'),(1922,602,18,'2021-06-29 03:27:38','2021-06-29 03:27:38'),(1923,600,1,'2021-06-29 03:27:38','2021-06-29 03:27:38'),(1924,600,2,'2021-06-29 03:27:38','2021-06-29 03:27:38'),(1925,600,3,'2021-06-29 03:27:38','2021-06-29 03:27:38'),(1926,600,4,'2021-06-29 03:27:38','2021-06-29 03:27:38'),(1927,600,5,'2021-06-29 03:27:38','2021-06-29 03:27:38'),(1928,600,6,'2021-06-29 03:27:38','2021-06-29 03:27:38'),(1929,600,7,'2021-06-29 03:27:38','2021-06-29 03:27:38'),(1930,600,8,'2021-06-29 03:27:38','2021-06-29 03:27:38'),(1931,600,9,'2021-06-29 03:27:38','2021-06-29 03:27:38'),(1932,600,10,'2021-06-29 03:27:38','2021-06-29 03:27:38'),(1933,600,11,'2021-06-29 03:27:38','2021-06-29 03:27:38'),(1934,600,12,'2021-06-29 03:27:38','2021-06-29 03:27:38'),(1935,600,13,'2021-06-29 03:27:38','2021-06-29 03:27:38'),(1936,600,14,'2021-06-29 03:27:38','2021-06-29 03:27:38'),(1937,600,15,'2021-06-29 03:27:38','2021-06-29 03:27:38'),(1938,600,16,'2021-06-29 03:27:38','2021-06-29 03:27:38'),(1939,600,17,'2021-06-29 03:27:38','2021-06-29 03:27:38'),(1940,600,18,'2021-06-29 03:27:38','2021-06-29 03:27:38'),(1941,594,1,'2021-06-29 03:27:39','2021-06-29 03:27:39'),(1942,594,2,'2021-06-29 03:27:39','2021-06-29 03:27:39'),(1943,594,3,'2021-06-29 03:27:39','2021-06-29 03:27:39'),(1944,594,4,'2021-06-29 03:27:39','2021-06-29 03:27:39'),(1945,594,5,'2021-06-29 03:27:39','2021-06-29 03:27:39'),(1946,594,6,'2021-06-29 03:27:39','2021-06-29 03:27:39'),(1947,594,7,'2021-06-29 03:27:39','2021-06-29 03:27:39'),(1948,594,8,'2021-06-29 03:27:39','2021-06-29 03:27:39'),(1949,594,9,'2021-06-29 03:27:39','2021-06-29 03:27:39'),(1950,594,10,'2021-06-29 03:27:39','2021-06-29 03:27:39'),(1951,594,11,'2021-06-29 03:27:39','2021-06-29 03:27:39'),(1952,594,12,'2021-06-29 03:27:39','2021-06-29 03:27:39'),(1953,594,13,'2021-06-29 03:27:39','2021-06-29 03:27:39'),(1954,594,14,'2021-06-29 03:27:39','2021-06-29 03:27:39'),(1955,594,15,'2021-06-29 03:27:39','2021-06-29 03:27:39'),(1956,594,16,'2021-06-29 03:27:39','2021-06-29 03:27:39'),(1957,594,17,'2021-06-29 03:27:39','2021-06-29 03:27:39'),(1958,594,18,'2021-06-29 03:27:39','2021-06-29 03:27:39'),(1959,593,1,'2021-06-29 03:27:39','2021-06-29 03:27:39'),(1960,593,2,'2021-06-29 03:27:39','2021-06-29 03:27:39'),(1961,593,3,'2021-06-29 03:27:39','2021-06-29 03:27:39'),(1962,593,4,'2021-06-29 03:27:39','2021-06-29 03:27:39'),(1963,593,5,'2021-06-29 03:27:39','2021-06-29 03:27:39'),(1964,593,6,'2021-06-29 03:27:39','2021-06-29 03:27:39'),(1965,593,7,'2021-06-29 03:27:39','2021-06-29 03:27:39'),(1966,593,8,'2021-06-29 03:27:39','2021-06-29 03:27:39'),(1967,593,9,'2021-06-29 03:27:39','2021-06-29 03:27:39'),(1968,593,10,'2021-06-29 03:27:39','2021-06-29 03:27:39'),(1969,593,11,'2021-06-29 03:27:39','2021-06-29 03:27:39'),(1970,593,12,'2021-06-29 03:27:39','2021-06-29 03:27:39'),(1971,593,13,'2021-06-29 03:27:39','2021-06-29 03:27:39'),(1972,593,14,'2021-06-29 03:27:39','2021-06-29 03:27:39'),(1973,593,15,'2021-06-29 03:27:39','2021-06-29 03:27:39'),(1974,593,16,'2021-06-29 03:27:39','2021-06-29 03:27:39'),(1975,593,17,'2021-06-29 03:27:39','2021-06-29 03:27:39'),(1976,593,18,'2021-06-29 03:27:39','2021-06-29 03:27:39'),(1977,552,1,'2021-06-29 03:27:39','2021-06-29 03:27:39'),(1978,552,2,'2021-06-29 03:27:39','2021-06-29 03:27:39'),(1979,552,3,'2021-06-29 03:27:39','2021-06-29 03:27:39'),(1980,552,4,'2021-06-29 03:27:39','2021-06-29 03:27:39'),(1981,552,5,'2021-06-29 03:27:39','2021-06-29 03:27:39'),(1982,552,6,'2021-06-29 03:27:39','2021-06-29 03:27:39'),(1983,552,7,'2021-06-29 03:27:39','2021-06-29 03:27:39'),(1984,552,8,'2021-06-29 03:27:39','2021-06-29 03:27:39'),(1985,552,9,'2021-06-29 03:27:39','2021-06-29 03:27:39'),(1986,552,10,'2021-06-29 03:27:39','2021-06-29 03:27:39'),(1987,552,11,'2021-06-29 03:27:39','2021-06-29 03:27:39'),(1988,552,12,'2021-06-29 03:27:39','2021-06-29 03:27:39'),(1989,552,13,'2021-06-29 03:27:39','2021-06-29 03:27:39'),(1990,552,14,'2021-06-29 03:27:39','2021-06-29 03:27:39'),(1991,552,15,'2021-06-29 03:27:39','2021-06-29 03:27:39'),(1992,552,16,'2021-06-29 03:27:39','2021-06-29 03:27:39'),(1993,552,17,'2021-06-29 03:27:39','2021-06-29 03:27:39'),(1994,552,18,'2021-06-29 03:27:39','2021-06-29 03:27:39'),(1995,550,1,'2021-06-29 03:27:39','2021-06-29 03:27:39'),(1996,550,2,'2021-06-29 03:27:39','2021-06-29 03:27:39'),(1997,550,3,'2021-06-29 03:27:39','2021-06-29 03:27:39'),(1998,550,4,'2021-06-29 03:27:39','2021-06-29 03:27:39'),(1999,550,5,'2021-06-29 03:27:39','2021-06-29 03:27:39'),(2000,550,6,'2021-06-29 03:27:39','2021-06-29 03:27:39'),(2001,550,7,'2021-06-29 03:27:39','2021-06-29 03:27:39'),(2002,550,8,'2021-06-29 03:27:39','2021-06-29 03:27:39'),(2003,550,9,'2021-06-29 03:27:39','2021-06-29 03:27:39'),(2004,550,10,'2021-06-29 03:27:39','2021-06-29 03:27:39'),(2005,550,11,'2021-06-29 03:27:39','2021-06-29 03:27:39'),(2006,550,12,'2021-06-29 03:27:39','2021-06-29 03:27:39'),(2007,550,13,'2021-06-29 03:27:39','2021-06-29 03:27:39'),(2008,550,14,'2021-06-29 03:27:39','2021-06-29 03:27:39'),(2009,550,15,'2021-06-29 03:27:39','2021-06-29 03:27:39'),(2010,550,16,'2021-06-29 03:27:39','2021-06-29 03:27:39'),(2011,550,17,'2021-06-29 03:27:39','2021-06-29 03:27:39'),(2012,550,18,'2021-06-29 03:27:39','2021-06-29 03:27:39'),(2013,548,1,'2021-06-29 03:27:39','2021-06-29 03:27:39'),(2014,548,2,'2021-06-29 03:27:39','2021-06-29 03:27:39'),(2015,548,3,'2021-06-29 03:27:39','2021-06-29 03:27:39'),(2016,548,4,'2021-06-29 03:27:39','2021-06-29 03:27:39'),(2017,548,5,'2021-06-29 03:27:39','2021-06-29 03:27:39'),(2018,548,6,'2021-06-29 03:27:39','2021-06-29 03:27:39'),(2019,548,7,'2021-06-29 03:27:39','2021-06-29 03:27:39'),(2020,548,8,'2021-06-29 03:27:39','2021-06-29 03:27:39'),(2021,548,9,'2021-06-29 03:27:39','2021-06-29 03:27:39'),(2022,548,10,'2021-06-29 03:27:39','2021-06-29 03:27:39'),(2023,548,11,'2021-06-29 03:27:39','2021-06-29 03:27:39'),(2024,548,12,'2021-06-29 03:27:39','2021-06-29 03:27:39'),(2025,548,13,'2021-06-29 03:27:39','2021-06-29 03:27:39'),(2026,548,14,'2021-06-29 03:27:39','2021-06-29 03:27:39'),(2027,548,15,'2021-06-29 03:27:39','2021-06-29 03:27:39'),(2028,548,16,'2021-06-29 03:27:39','2021-06-29 03:27:39'),(2029,548,17,'2021-06-29 03:27:39','2021-06-29 03:27:39'),(2030,548,18,'2021-06-29 03:27:39','2021-06-29 03:27:39'),(2031,537,1,'2021-06-29 03:27:39','2021-06-29 03:27:39'),(2032,537,2,'2021-06-29 03:27:39','2021-06-29 03:27:39'),(2033,537,3,'2021-06-29 03:27:39','2021-06-29 03:27:39'),(2034,537,4,'2021-06-29 03:27:39','2021-06-29 03:27:39'),(2035,537,5,'2021-06-29 03:27:39','2021-06-29 03:27:39'),(2036,537,6,'2021-06-29 03:27:39','2021-06-29 03:27:39'),(2037,537,7,'2021-06-29 03:27:39','2021-06-29 03:27:39'),(2038,537,8,'2021-06-29 03:27:39','2021-06-29 03:27:39'),(2039,537,9,'2021-06-29 03:27:39','2021-06-29 03:27:39'),(2040,537,10,'2021-06-29 03:27:39','2021-06-29 03:27:39'),(2041,537,11,'2021-06-29 03:27:39','2021-06-29 03:27:39'),(2042,537,12,'2021-06-29 03:27:39','2021-06-29 03:27:39'),(2043,537,13,'2021-06-29 03:27:39','2021-06-29 03:27:39'),(2044,537,14,'2021-06-29 03:27:39','2021-06-29 03:27:39'),(2045,537,15,'2021-06-29 03:27:39','2021-06-29 03:27:39'),(2046,537,16,'2021-06-29 03:27:39','2021-06-29 03:27:39'),(2047,537,17,'2021-06-29 03:27:39','2021-06-29 03:27:39'),(2048,537,18,'2021-06-29 03:27:39','2021-06-29 03:27:39'),(2049,533,1,'2021-06-29 03:27:39','2021-06-29 03:27:39'),(2050,533,2,'2021-06-29 03:27:39','2021-06-29 03:27:39'),(2051,533,3,'2021-06-29 03:27:39','2021-06-29 03:27:39'),(2052,533,4,'2021-06-29 03:27:39','2021-06-29 03:27:39'),(2053,533,5,'2021-06-29 03:27:39','2021-06-29 03:27:39'),(2054,533,6,'2021-06-29 03:27:39','2021-06-29 03:27:39'),(2055,533,7,'2021-06-29 03:27:39','2021-06-29 03:27:39'),(2056,533,8,'2021-06-29 03:27:39','2021-06-29 03:27:39'),(2057,533,9,'2021-06-29 03:27:39','2021-06-29 03:27:39'),(2058,533,10,'2021-06-29 03:27:39','2021-06-29 03:27:39'),(2059,533,11,'2021-06-29 03:27:39','2021-06-29 03:27:39'),(2060,533,12,'2021-06-29 03:27:39','2021-06-29 03:27:39'),(2061,533,13,'2021-06-29 03:27:39','2021-06-29 03:27:39'),(2062,533,14,'2021-06-29 03:27:39','2021-06-29 03:27:39'),(2063,533,15,'2021-06-29 03:27:39','2021-06-29 03:27:39'),(2064,533,16,'2021-06-29 03:27:39','2021-06-29 03:27:39'),(2065,533,17,'2021-06-29 03:27:39','2021-06-29 03:27:39'),(2066,533,18,'2021-06-29 03:27:39','2021-06-29 03:27:39'),(2067,463,1,'2021-06-29 03:27:39','2021-06-29 03:27:39'),(2068,463,2,'2021-06-29 03:27:39','2021-06-29 03:27:39'),(2069,463,3,'2021-06-29 03:27:39','2021-06-29 03:27:39'),(2070,463,4,'2021-06-29 03:27:39','2021-06-29 03:27:39'),(2071,463,5,'2021-06-29 03:27:40','2021-06-29 03:27:40'),(2072,463,6,'2021-06-29 03:27:40','2021-06-29 03:27:40'),(2073,463,7,'2021-06-29 03:27:40','2021-06-29 03:27:40'),(2074,463,8,'2021-06-29 03:27:40','2021-06-29 03:27:40'),(2075,463,9,'2021-06-29 03:27:40','2021-06-29 03:27:40'),(2076,463,10,'2021-06-29 03:27:40','2021-06-29 03:27:40'),(2077,463,11,'2021-06-29 03:27:40','2021-06-29 03:27:40'),(2078,463,12,'2021-06-29 03:27:40','2021-06-29 03:27:40'),(2079,463,13,'2021-06-29 03:27:40','2021-06-29 03:27:40'),(2080,463,14,'2021-06-29 03:27:40','2021-06-29 03:27:40'),(2081,463,15,'2021-06-29 03:27:40','2021-06-29 03:27:40'),(2082,463,16,'2021-06-29 03:27:40','2021-06-29 03:27:40'),(2083,463,17,'2021-06-29 03:27:40','2021-06-29 03:27:40'),(2084,463,18,'2021-06-29 03:27:40','2021-06-29 03:27:40'),(2085,1576,16,'2021-06-29 10:36:40',NULL),(2086,1577,15,'2021-06-29 10:36:40',NULL),(2087,1165,12,'2021-06-29 10:49:27',NULL),(2088,1167,12,'2021-06-29 10:49:27',NULL),(2089,1188,14,'2021-06-29 10:49:28',NULL),(2090,1192,14,'2021-06-29 10:49:29',NULL),(2091,1200,8,'2021-06-29 10:49:29',NULL),(2092,1514,11,'2021-06-29 10:49:33',NULL),(2093,1465,4,'2021-06-29 10:49:34',NULL),(2094,1479,4,'2021-06-29 10:49:40',NULL),(2095,1480,4,'2021-06-29 10:49:40',NULL),(2096,1515,15,'2021-06-29 10:49:41',NULL),(2097,1481,16,'2021-06-29 10:49:41',NULL),(2098,1482,16,'2021-06-29 10:49:42',NULL),(2099,1483,16,'2021-06-29 10:49:42',NULL),(2100,1516,15,'2021-06-29 10:49:42',NULL),(2101,1345,18,'2021-06-29 10:49:42',NULL),(2102,1349,18,'2021-06-29 10:49:43','2021-06-29 11:13:06'),(2103,1485,16,'2021-06-29 10:49:43',NULL),(2104,1486,16,'2021-06-29 10:49:43',NULL),(2105,1517,15,'2021-06-29 10:49:43',NULL),(2106,1518,15,'2021-06-29 10:49:43',NULL),(2107,1358,18,'2021-06-29 10:49:44',NULL),(2108,1360,18,'2021-06-29 10:49:44',NULL),(2109,1487,16,'2021-06-29 10:49:44',NULL),(2110,1364,17,'2021-06-29 10:49:44',NULL),(2111,1529,18,'2021-06-29 10:49:44',NULL),(2112,1519,15,'2021-06-29 10:49:44',NULL),(2113,1366,17,'2021-06-29 10:49:45',NULL),(2114,1520,15,'2021-06-29 10:49:45',NULL),(2115,1495,16,'2021-06-29 10:49:45',NULL),(2116,1377,18,'2021-06-29 10:49:46',NULL),(2117,1379,17,'2021-06-29 10:49:46',NULL),(2118,1382,17,'2021-06-29 10:49:46',NULL),(2119,1528,17,'2021-06-29 10:49:46',NULL),(2120,1496,16,'2021-06-29 10:49:46',NULL),(2121,1521,15,'2021-06-29 10:49:47',NULL),(2122,1498,16,'2021-06-29 10:49:47',NULL),(2123,1522,15,'2021-06-29 10:49:47',NULL),(2124,1500,16,'2021-06-29 10:49:47',NULL),(2125,1457,12,'2021-06-29 10:56:36',NULL),(2126,1458,13,'2021-06-29 10:56:37',NULL),(2127,1459,11,'2021-06-29 10:56:40',NULL),(2128,1209,11,'2021-06-29 10:56:40',NULL),(2129,1502,8,'2021-06-29 10:56:41',NULL),(2130,1460,11,'2021-06-29 10:56:41',NULL),(2131,1461,11,'2021-06-29 10:56:42',NULL),(2132,1462,10,'2021-06-29 10:56:42',NULL),(2133,1463,11,'2021-06-29 10:56:43',NULL),(2134,1540,8,'2021-06-29 10:56:44',NULL),(2135,1464,4,'2021-06-29 10:56:45',NULL),(2136,1466,3,'2021-06-29 10:56:45',NULL),(2137,1467,4,'2021-06-29 10:56:46',NULL),(2138,1468,4,'2021-06-29 10:56:46',NULL),(2139,1469,3,'2021-06-29 10:56:46',NULL),(2140,1470,4,'2021-06-29 10:56:47',NULL),(2142,1472,4,'2021-06-29 10:56:48',NULL),(2143,1473,4,'2021-06-29 10:56:48',NULL),(2145,1475,3,'2021-06-29 10:56:49',NULL),(2147,1477,3,'2021-06-29 10:56:49',NULL),(2148,1478,4,'2021-06-29 10:56:49',NULL),(2149,1536,2,'2021-06-29 10:56:50',NULL),(2150,1304,3,'2021-06-29 10:56:50',NULL),(2151,1338,18,'2021-06-29 10:56:53',NULL),(2152,1340,17,'2021-06-29 10:56:54',NULL),(2153,1484,17,'2021-06-29 10:56:54',NULL),(2154,1488,16,'2021-06-29 10:56:56',NULL),(2155,1363,17,'2021-06-29 10:56:57',NULL),(2156,1503,16,'2021-06-29 10:56:57',NULL),(2157,1504,16,'2021-06-29 10:56:57',NULL),(2158,1489,17,'2021-06-29 10:56:57',NULL),(2159,1490,17,'2021-06-29 10:56:57',NULL),(2160,1491,17,'2021-06-29 10:56:57',NULL),(2161,1367,18,'2021-06-29 10:56:58',NULL),(2162,1493,17,'2021-06-29 10:56:58',NULL),(2163,1494,17,'2021-06-29 10:56:58',NULL),(2164,1497,17,'2021-06-29 10:57:00',NULL),(2165,1499,17,'2021-06-29 10:57:00',NULL),(2166,1530,13,'2021-06-29 11:04:27',NULL),(2167,1525,9,'2021-06-29 11:04:29',NULL),(2168,1507,9,'2021-06-29 11:04:31',NULL),(2169,1508,9,'2021-06-29 11:04:31',NULL),(2170,1509,9,'2021-06-29 11:04:31',NULL),(2171,1532,9,'2021-06-29 11:04:32',NULL),(2172,1510,8,'2021-06-29 11:04:32',NULL),(2173,1511,9,'2021-06-29 11:04:32',NULL),(2174,1512,8,'2021-06-29 11:04:33',NULL),(2175,1513,8,'2021-06-29 11:04:33',NULL),(2176,1471,4,'2021-06-29 11:04:37',NULL),(2177,1492,17,'2021-06-29 11:04:48',NULL),(2178,1527,17,'2021-06-29 11:04:48',NULL),(2179,1538,2,'2021-06-29 11:11:02',NULL),(2180,1542,2,'2021-06-29 11:11:06',NULL),(2181,1526,9,'2021-06-29 11:22:15',NULL),(2182,1543,16,'2021-06-29 11:42:44',NULL),(2183,1541,17,'2021-06-29 11:42:44',NULL),(2184,1571,7,'2021-06-30 07:18:59','2023-02-02 12:54:43'),(2185,1559,1,'2021-06-30 07:18:59',NULL),(2186,1244,8,'2021-06-30 10:36:20',NULL),(2187,1544,18,'2021-06-30 10:36:20',NULL),(2188,1533,1,'2021-06-30 10:36:21',NULL),(2189,1531,11,'2021-06-30 10:40:19',NULL),(2190,1539,1,'2021-07-01 03:16:43',NULL),(2191,1476,1,'2021-07-01 03:31:52',NULL),(2192,1474,1,'2021-07-01 03:31:52',NULL),(2193,1333,1,'2021-07-01 03:31:52',NULL),(2194,1331,1,'2021-07-01 03:31:52',NULL),(2195,1329,1,'2021-07-01 03:31:52',NULL),(2196,1323,1,'2021-07-01 03:31:52',NULL),(2197,1321,1,'2021-07-01 03:31:52',NULL),(2198,1315,1,'2021-07-01 03:31:52',NULL),(2199,1313,1,'2021-07-01 03:31:52',NULL),(2200,1312,1,'2021-07-01 03:31:52',NULL),(2201,1309,1,'2021-07-01 03:31:52',NULL),(2202,1308,1,'2021-07-01 03:31:53',NULL),(2203,1306,1,'2021-07-01 03:31:53',NULL),(2204,1302,1,'2021-07-01 03:31:53',NULL),(2205,1298,1,'2021-07-01 03:31:53',NULL),(2206,1296,1,'2021-07-01 03:31:53',NULL),(2207,1294,1,'2021-07-01 03:31:53',NULL),(2208,1287,1,'2021-07-01 03:31:53',NULL),(2209,1286,1,'2021-07-01 03:31:53',NULL),(2210,1285,1,'2021-07-01 03:31:53',NULL),(2211,1282,1,'2021-07-01 03:31:53',NULL),(2212,1279,1,'2021-07-01 03:31:54',NULL),(2213,1278,1,'2021-07-01 03:31:54',NULL),(2214,1271,1,'2021-07-01 03:31:54',NULL),(2215,1268,1,'2021-07-01 03:31:54',NULL),(2216,1267,1,'2021-07-01 03:31:54',NULL),(2217,1263,1,'2021-07-01 03:31:54',NULL),(2218,1262,1,'2021-07-01 03:31:54',NULL),(2219,1537,17,'2021-07-01 03:37:19','2021-07-01 03:38:28'),(2220,1505,13,'2021-07-01 05:21:31',NULL),(2221,1501,18,'2021-07-01 05:21:31',NULL),(2222,1371,18,'2021-07-01 05:21:31',NULL),(2223,1578,10,'2021-07-13 03:58:16','2021-07-13 03:58:16'),(2224,1579,15,'2021-07-15 08:57:49','2021-07-15 08:57:49'),(2225,1580,12,'2021-07-15 09:12:45','2021-07-15 09:12:45'),(2226,1581,13,'2021-07-15 09:16:42','2021-07-15 09:16:42'),(2227,1582,14,'2021-07-16 05:45:53','2021-07-16 05:45:53'),(2228,1583,6,'2021-07-16 05:57:29','2021-07-16 05:57:29'),(2229,1584,11,'2021-07-16 16:42:27','2021-07-16 16:42:27'),(2230,1585,10,'2021-07-16 16:45:19','2021-07-16 16:45:19'),(2231,1586,8,'2021-07-17 17:07:11','2021-07-17 17:07:11'),(2232,1587,8,'2021-07-17 17:14:04','2021-07-17 17:14:04'),(2233,1588,10,'2021-07-17 17:22:26','2021-07-17 17:22:26'),(2234,1589,18,'2021-07-18 17:22:01','2021-07-18 17:22:01'),(2235,1590,15,'2021-07-19 15:26:10','2021-07-19 15:26:10'),(2236,1591,4,'2021-07-21 01:26:24','2021-07-21 01:26:24'),(2237,1592,2,'2021-07-21 01:30:17','2021-07-21 01:30:17'),(2238,1593,14,'2021-07-30 03:45:59','2021-07-30 03:45:59'),(2239,1293,1,'2021-08-04 05:49:29',NULL),(2240,1299,1,'2021-08-04 05:49:29',NULL),(2241,1310,1,'2021-08-04 05:49:30',NULL),(2242,1594,17,'2021-08-04 05:49:31',NULL),(2243,1595,9,'2021-08-23 04:55:56','2021-08-23 04:55:56'),(2244,1596,6,'2021-09-02 13:01:56','2021-09-02 13:01:56'),(2245,1597,16,'2021-09-04 09:28:16','2021-09-04 09:28:16'),(2246,1598,17,'2021-09-06 15:25:00','2021-09-06 15:25:00'),(2247,1599,10,'2021-09-10 16:40:10','2021-09-10 16:40:10'),(2248,1600,8,'2021-09-11 17:04:23','2021-09-11 17:04:23'),(2249,1601,9,'2021-09-11 17:10:49','2021-09-11 17:10:49'),(2250,1602,11,'2021-09-11 17:13:06','2021-09-11 17:13:06'),(2251,1603,9,'2021-09-11 17:15:11','2021-09-11 17:15:11'),(2252,1604,11,'2021-09-11 17:16:29','2021-09-11 17:16:29'),(2253,1605,14,'2021-09-13 07:52:25','2021-09-13 07:52:25'),(2254,1606,1,'2021-09-29 02:36:54','2021-09-29 02:36:54'),(2255,1607,1,'2021-09-29 02:52:27','2021-09-29 02:52:27'),(2256,1608,1,'2021-09-29 03:01:21','2021-09-29 03:01:21'),(2257,1609,15,'2021-10-04 08:47:30','2021-10-04 08:47:30'),(2258,1610,18,'2021-11-01 12:13:56','2021-11-01 12:13:56'),(2259,1611,17,'2021-11-30 10:12:57',NULL),(2260,1612,11,'2021-11-30 10:12:57',NULL),(2261,1613,7,'2021-11-30 10:12:57',NULL),(2262,1614,1,'2021-11-30 10:12:57',NULL),(2263,1615,13,'2021-11-30 10:12:57',NULL),(2264,1611,18,'2021-11-30 12:18:44',NULL),(2265,1611,15,'2021-11-30 12:19:13',NULL),(2266,1611,16,'2021-11-30 12:19:25',NULL),(2267,1612,8,'2021-11-30 12:19:44',NULL),(2268,1612,9,'2021-11-30 12:20:07',NULL),(2269,1612,10,'2021-11-30 12:20:20',NULL),(2270,1613,5,'2021-11-30 12:20:58',NULL),(2271,1613,6,'2021-11-30 12:21:06',NULL),(2272,1614,2,'2021-11-30 12:21:29',NULL),(2273,1614,3,'2021-11-30 12:21:36',NULL),(2274,1614,4,'2021-11-30 12:21:42',NULL),(2275,1615,14,'2021-11-30 12:22:21',NULL),(2276,1615,12,'2021-11-30 12:22:30',NULL),(2277,1616,2,'2021-12-01 05:50:24','2021-12-01 05:50:24'),(2278,1617,17,'2021-12-01 18:29:45','2021-12-01 18:29:45'),(2279,1618,4,'2021-12-02 08:16:25','2021-12-02 08:16:25'),(2280,1619,8,'2021-12-02 08:23:48','2021-12-02 08:23:48'),(2281,1620,6,'2021-12-16 07:29:13','2021-12-16 07:29:13'),(2282,1621,12,'2021-12-16 16:15:30','2021-12-16 16:15:30'),(2283,1622,12,'2021-12-16 16:18:30','2021-12-16 16:18:30'),(2284,1623,5,'2021-12-17 06:00:14','2021-12-17 06:00:14'),(2285,1624,5,'2021-12-17 06:03:54','2021-12-17 06:03:54'),(2286,1625,5,'2021-12-17 06:42:34','2021-12-17 06:42:34'),(2287,1626,6,'2021-12-17 14:05:31','2021-12-17 14:05:31'),(2288,1627,8,'2021-12-28 09:11:37','2021-12-28 09:11:37'),(2367,463,19,'2023-01-10 04:37:27',NULL),(2368,533,19,'2023-01-10 04:37:27',NULL),(2369,537,19,'2023-01-10 04:37:27',NULL),(2370,548,19,'2023-01-10 04:37:27',NULL),(2371,550,19,'2023-01-10 04:37:27',NULL),(2372,552,19,'2023-01-10 04:37:27',NULL),(2373,593,19,'2023-01-10 04:37:27',NULL),(2374,594,19,'2023-01-10 04:37:27',NULL),(2375,600,19,'2023-01-10 04:37:27',NULL),(2376,602,19,'2023-01-10 04:37:27',NULL),(2377,603,19,'2023-01-10 04:37:27',NULL),(2378,629,19,'2023-01-10 04:37:27',NULL),(2379,630,19,'2023-01-10 04:37:27',NULL),(2380,631,19,'2023-01-10 04:37:27',NULL),(2381,632,19,'2023-01-10 04:37:27',NULL),(2382,633,19,'2023-01-10 04:37:27',NULL),(2383,634,19,'2023-01-10 04:37:27',NULL),(2405,1677,13,'2023-01-31 08:50:08','2023-01-31 08:50:08'),(2406,1678,15,'2023-01-31 08:56:10','2023-01-31 08:56:10'),(2407,1679,9,'2023-02-01 07:08:44','2023-02-01 07:08:44'),(2408,1680,5,'2023-02-04 11:44:19','2023-02-04 11:44:19'),(2409,1681,15,'2023-02-09 08:34:31','2023-02-09 08:34:31'),(2410,1682,15,'2023-02-09 09:44:17','2023-02-09 09:44:17'),(2411,1683,3,'2023-02-14 07:09:15','2023-02-14 07:09:15'),(2412,1684,16,'2023-02-15 09:48:51','2023-02-15 09:48:51'),(2413,1685,18,'2023-02-15 11:01:47','2023-02-15 11:01:47'),(2414,1686,15,'2023-02-16 06:13:34','2023-02-16 06:13:34'),(2415,1687,8,'2023-02-16 07:16:55','2023-02-16 07:16:55'),(2416,1688,19,'2023-02-16 09:38:52','2023-02-16 09:38:52'),(2417,1689,18,'2023-02-16 10:09:52','2023-02-16 10:09:52'),(2418,1690,15,'2023-02-16 10:48:18','2023-02-16 10:48:18'),(2419,1691,4,'2023-02-16 10:56:38','2023-02-16 10:56:38'),(2420,1692,4,'2023-02-16 11:04:49','2023-02-16 11:04:49'),(2421,1693,16,'2023-02-16 11:07:12','2023-02-16 11:07:12'),(2422,1694,6,'2023-02-16 11:12:01','2023-02-16 11:12:01'),(2423,1695,1,'2023-02-16 11:16:42','2023-02-16 11:16:42'),(2424,1696,3,'2023-02-16 11:25:12','2023-02-16 11:25:12'),(2425,1697,5,'2023-02-27 04:45:46','2023-02-27 04:45:46'),(2426,1698,8,'2023-02-28 05:20:39',NULL),(2446,1699,2,'2023-02-28 05:34:42','2023-02-28 05:34:42'),(2447,1700,1,'2023-02-28 05:34:42','2023-02-28 05:34:42'),(2448,1700,2,'2023-02-28 05:34:42','2023-02-28 05:34:42'),(2449,1700,3,'2023-02-28 05:34:42','2023-02-28 05:34:42'),(2450,1700,4,'2023-02-28 05:34:42','2023-02-28 05:34:42'),(2451,1700,5,'2023-02-28 05:34:42','2023-02-28 05:34:42'),(2452,1700,6,'2023-02-28 05:34:42','2023-02-28 05:34:42'),(2453,1700,7,'2023-02-28 05:34:42','2023-02-28 05:34:42'),(2454,1700,8,'2023-02-28 05:34:42','2023-02-28 05:34:42'),(2455,1700,9,'2023-02-28 05:34:42','2023-02-28 05:34:42'),(2456,1700,10,'2023-02-28 05:34:42','2023-02-28 05:34:42'),(2457,1700,11,'2023-02-28 05:34:42','2023-02-28 05:34:42'),(2458,1700,12,'2023-02-28 05:34:42','2023-02-28 05:34:42'),(2459,1700,13,'2023-02-28 05:34:42','2023-02-28 05:34:42'),(2460,1700,14,'2023-02-28 05:34:42','2023-02-28 05:34:42'),(2461,1700,15,'2023-02-28 05:34:42','2023-02-28 05:34:42'),(2462,1700,16,'2023-02-28 05:34:42','2023-02-28 05:34:42'),(2463,1700,17,'2023-02-28 05:34:42','2023-02-28 05:34:42'),(2464,1700,18,'2023-02-28 05:34:42','2023-02-28 05:34:42'),(2465,1700,19,'2023-02-28 05:34:42','2023-02-28 05:34:42'),(2466,1701,1,'2023-02-28 05:34:43','2023-02-28 05:34:43'),(2467,1701,2,'2023-02-28 05:34:43','2023-02-28 05:34:43'),(2468,1701,3,'2023-02-28 05:34:43','2023-02-28 05:34:43'),(2469,1701,4,'2023-02-28 05:34:43','2023-02-28 05:34:43'),(2470,1701,5,'2023-02-28 05:34:43','2023-02-28 05:34:43'),(2471,1701,6,'2023-02-28 05:34:43','2023-02-28 05:34:43'),(2472,1701,7,'2023-02-28 05:34:43','2023-02-28 05:34:43'),(2473,1701,8,'2023-02-28 05:34:43','2023-02-28 05:34:43'),(2474,1701,9,'2023-02-28 05:34:43','2023-02-28 05:34:43'),(2475,1701,10,'2023-02-28 05:34:43','2023-02-28 05:34:43'),(2476,1701,11,'2023-02-28 05:34:43','2023-02-28 05:34:43'),(2477,1701,12,'2023-02-28 05:34:43','2023-02-28 05:34:43'),(2478,1701,13,'2023-02-28 05:34:43','2023-02-28 05:34:43'),(2479,1701,14,'2023-02-28 05:34:43','2023-02-28 05:34:43'),(2480,1701,15,'2023-02-28 05:34:43','2023-02-28 05:34:43'),(2481,1701,16,'2023-02-28 05:34:43','2023-02-28 05:34:43'),(2482,1701,17,'2023-02-28 05:34:43','2023-02-28 05:34:43'),(2483,1701,18,'2023-02-28 05:34:43','2023-02-28 05:34:43'),(2484,1701,19,'2023-02-28 05:34:43','2023-02-28 05:34:43'),(2485,1702,1,'2023-02-28 05:34:44','2023-02-28 05:34:44'),(2486,1702,2,'2023-02-28 05:34:44','2023-02-28 05:34:44'),(2487,1702,3,'2023-02-28 05:34:44','2023-02-28 05:34:44'),(2488,1702,4,'2023-02-28 05:34:44','2023-02-28 05:34:44'),(2489,1702,5,'2023-02-28 05:34:44','2023-02-28 05:34:44'),(2490,1702,6,'2023-02-28 05:34:44','2023-02-28 05:34:44'),(2491,1702,7,'2023-02-28 05:34:44','2023-02-28 05:34:44'),(2492,1702,8,'2023-02-28 05:34:44','2023-02-28 05:34:44'),(2493,1702,9,'2023-02-28 05:34:44','2023-02-28 05:34:44'),(2494,1702,10,'2023-02-28 05:34:44','2023-02-28 05:34:44'),(2495,1702,11,'2023-02-28 05:34:44','2023-02-28 05:34:44'),(2496,1702,12,'2023-02-28 05:34:44','2023-02-28 05:34:44'),(2497,1702,13,'2023-02-28 05:34:44','2023-02-28 05:34:44'),(2498,1702,14,'2023-02-28 05:34:44','2023-02-28 05:34:44'),(2499,1702,15,'2023-02-28 05:34:44','2023-02-28 05:34:44'),(2500,1702,16,'2023-02-28 05:34:44','2023-02-28 05:34:44'),(2501,1702,17,'2023-02-28 05:34:44','2023-02-28 05:34:44'),(2502,1702,18,'2023-02-28 05:34:44','2023-02-28 05:34:44'),(2503,1702,19,'2023-02-28 05:34:44','2023-02-28 05:34:44'),(2504,1703,1,'2023-02-28 05:34:44','2023-02-28 05:34:44'),(2505,1703,2,'2023-02-28 05:34:44','2023-02-28 05:34:44'),(2506,1703,3,'2023-02-28 05:34:44','2023-02-28 05:34:44'),(2507,1703,4,'2023-02-28 05:34:44','2023-02-28 05:34:44'),(2508,1703,5,'2023-02-28 05:34:44','2023-02-28 05:34:44'),(2509,1703,6,'2023-02-28 05:34:44','2023-02-28 05:34:44'),(2510,1703,7,'2023-02-28 05:34:44','2023-02-28 05:34:44'),(2511,1703,8,'2023-02-28 05:34:44','2023-02-28 05:34:44'),(2512,1703,9,'2023-02-28 05:34:44','2023-02-28 05:34:44'),(2513,1703,10,'2023-02-28 05:34:44','2023-02-28 05:34:44'),(2514,1703,11,'2023-02-28 05:34:44','2023-02-28 05:34:44'),(2515,1703,12,'2023-02-28 05:34:44','2023-02-28 05:34:44'),(2516,1703,13,'2023-02-28 05:34:44','2023-02-28 05:34:44'),(2517,1703,14,'2023-02-28 05:34:44','2023-02-28 05:34:44'),(2518,1703,15,'2023-02-28 05:34:44','2023-02-28 05:34:44'),(2519,1703,16,'2023-02-28 05:34:44','2023-02-28 05:34:44'),(2520,1703,17,'2023-02-28 05:34:44','2023-02-28 05:34:44'),(2521,1703,18,'2023-02-28 05:34:45','2023-02-28 05:34:45'),(2522,1703,19,'2023-02-28 05:34:45','2023-02-28 05:34:45'),(2523,1704,1,'2023-02-28 05:34:45','2023-02-28 05:34:45'),(2524,1704,2,'2023-02-28 05:34:45','2023-02-28 05:34:45'),(2525,1704,3,'2023-02-28 05:34:45','2023-02-28 05:34:45'),(2526,1704,4,'2023-02-28 05:34:45','2023-02-28 05:34:45'),(2527,1704,5,'2023-02-28 05:34:45','2023-02-28 05:34:45'),(2528,1704,6,'2023-02-28 05:34:45','2023-02-28 05:34:45'),(2529,1704,7,'2023-02-28 05:34:45','2023-02-28 05:34:45'),(2530,1704,8,'2023-02-28 05:34:45','2023-02-28 05:34:45'),(2531,1704,9,'2023-02-28 05:34:45','2023-02-28 05:34:45'),(2532,1704,10,'2023-02-28 05:34:45','2023-02-28 05:34:45'),(2533,1704,11,'2023-02-28 05:34:45','2023-02-28 05:34:45'),(2534,1704,12,'2023-02-28 05:34:45','2023-02-28 05:34:45'),(2535,1704,13,'2023-02-28 05:34:45','2023-02-28 05:34:45'),(2536,1704,14,'2023-02-28 05:34:45','2023-02-28 05:34:45'),(2537,1704,15,'2023-02-28 05:34:45','2023-02-28 05:34:45'),(2538,1704,16,'2023-02-28 05:34:45','2023-02-28 05:34:45'),(2539,1704,17,'2023-02-28 05:34:45','2023-02-28 05:34:45'),(2540,1704,18,'2023-02-28 05:34:45','2023-02-28 05:34:45'),(2541,1704,19,'2023-02-28 05:34:45','2023-02-28 05:34:45'),(2542,1705,1,'2023-02-28 05:34:46','2023-02-28 05:34:46'),(2543,1705,2,'2023-02-28 05:34:46','2023-02-28 05:34:46'),(2544,1705,3,'2023-02-28 05:34:46','2023-02-28 05:34:46'),(2545,1705,4,'2023-02-28 05:34:46','2023-02-28 05:34:46'),(2546,1705,5,'2023-02-28 05:34:46','2023-02-28 05:34:46'),(2547,1705,6,'2023-02-28 05:34:46','2023-02-28 05:34:46'),(2548,1705,7,'2023-02-28 05:34:46','2023-02-28 05:34:46'),(2549,1705,8,'2023-02-28 05:34:46','2023-02-28 05:34:46'),(2550,1705,9,'2023-02-28 05:34:46','2023-02-28 05:34:46'),(2551,1705,10,'2023-02-28 05:34:46','2023-02-28 05:34:46'),(2552,1705,11,'2023-02-28 05:34:46','2023-02-28 05:34:46'),(2553,1705,12,'2023-02-28 05:34:46','2023-02-28 05:34:46'),(2554,1705,13,'2023-02-28 05:34:46','2023-02-28 05:34:46'),(2555,1705,14,'2023-02-28 05:34:46','2023-02-28 05:34:46'),(2556,1705,15,'2023-02-28 05:34:46','2023-02-28 05:34:46'),(2557,1705,16,'2023-02-28 05:34:46','2023-02-28 05:34:46'),(2558,1705,17,'2023-02-28 05:34:46','2023-02-28 05:34:46'),(2559,1705,18,'2023-02-28 05:34:46','2023-02-28 05:34:46'),(2560,1705,19,'2023-02-28 05:34:46','2023-02-28 05:34:46'),(2561,1706,1,'2023-02-28 05:34:47','2023-02-28 05:34:47'),(2562,1706,2,'2023-02-28 05:34:47','2023-02-28 05:34:47'),(2563,1706,3,'2023-02-28 05:34:47','2023-02-28 05:34:47'),(2564,1706,4,'2023-02-28 05:34:47','2023-02-28 05:34:47'),(2565,1706,5,'2023-02-28 05:34:47','2023-02-28 05:34:47'),(2566,1706,6,'2023-02-28 05:34:47','2023-02-28 05:34:47'),(2567,1706,7,'2023-02-28 05:34:47','2023-02-28 05:34:47'),(2568,1706,8,'2023-02-28 05:34:47','2023-02-28 05:34:47'),(2569,1706,9,'2023-02-28 05:34:47','2023-02-28 05:34:47'),(2570,1706,10,'2023-02-28 05:34:47','2023-02-28 05:34:47'),(2571,1706,11,'2023-02-28 05:34:47','2023-02-28 05:34:47'),(2572,1706,12,'2023-02-28 05:34:47','2023-02-28 05:34:47'),(2573,1706,13,'2023-02-28 05:34:47','2023-02-28 05:34:47'),(2574,1706,14,'2023-02-28 05:34:47','2023-02-28 05:34:47'),(2575,1706,15,'2023-02-28 05:34:47','2023-02-28 05:34:47'),(2576,1706,16,'2023-02-28 05:34:47','2023-02-28 05:34:47'),(2577,1706,17,'2023-02-28 05:34:47','2023-02-28 05:34:47'),(2578,1706,18,'2023-02-28 05:34:47','2023-02-28 05:34:47'),(2579,1706,19,'2023-02-28 05:34:47','2023-02-28 05:34:47'),(2580,1707,1,'2023-02-28 05:34:48','2023-02-28 05:34:48'),(2581,1707,2,'2023-02-28 05:34:48','2023-02-28 05:34:48'),(2582,1707,3,'2023-02-28 05:34:48','2023-02-28 05:34:48'),(2583,1707,4,'2023-02-28 05:34:48','2023-02-28 05:34:48'),(2584,1707,5,'2023-02-28 05:34:48','2023-02-28 05:34:48'),(2585,1707,6,'2023-02-28 05:34:48','2023-02-28 05:34:48'),(2586,1707,7,'2023-02-28 05:34:48','2023-02-28 05:34:48'),(2587,1707,8,'2023-02-28 05:34:48','2023-02-28 05:34:48'),(2588,1707,9,'2023-02-28 05:34:48','2023-02-28 05:34:48'),(2589,1707,10,'2023-02-28 05:34:48','2023-02-28 05:34:48'),(2590,1707,11,'2023-02-28 05:34:48','2023-02-28 05:34:48'),(2591,1707,12,'2023-02-28 05:34:48','2023-02-28 05:34:48'),(2592,1707,13,'2023-02-28 05:34:48','2023-02-28 05:34:48'),(2593,1707,14,'2023-02-28 05:34:48','2023-02-28 05:34:48'),(2594,1707,15,'2023-02-28 05:34:48','2023-02-28 05:34:48'),(2595,1707,16,'2023-02-28 05:34:48','2023-02-28 05:34:48'),(2596,1707,17,'2023-02-28 05:34:48','2023-02-28 05:34:48'),(2597,1707,18,'2023-02-28 05:34:48','2023-02-28 05:34:48'),(2598,1707,19,'2023-02-28 05:34:48','2023-02-28 05:34:48'),(2599,1708,1,'2023-02-28 05:34:49','2023-02-28 05:34:49'),(2600,1708,2,'2023-02-28 05:34:49','2023-02-28 05:34:49'),(2601,1708,3,'2023-02-28 05:34:49','2023-02-28 05:34:49'),(2602,1708,4,'2023-02-28 05:34:49','2023-02-28 05:34:49'),(2603,1708,5,'2023-02-28 05:34:49','2023-02-28 05:34:49'),(2604,1708,6,'2023-02-28 05:34:49','2023-02-28 05:34:49'),(2605,1708,7,'2023-02-28 05:34:49','2023-02-28 05:34:49'),(2606,1708,8,'2023-02-28 05:34:49','2023-02-28 05:34:49'),(2607,1708,9,'2023-02-28 05:34:49','2023-02-28 05:34:49'),(2608,1708,10,'2023-02-28 05:34:49','2023-02-28 05:34:49'),(2609,1708,11,'2023-02-28 05:34:49','2023-02-28 05:34:49'),(2610,1708,12,'2023-02-28 05:34:49','2023-02-28 05:34:49'),(2611,1708,13,'2023-02-28 05:34:49','2023-02-28 05:34:49'),(2612,1708,14,'2023-02-28 05:34:49','2023-02-28 05:34:49'),(2613,1708,15,'2023-02-28 05:34:49','2023-02-28 05:34:49'),(2614,1708,16,'2023-02-28 05:34:49','2023-02-28 05:34:49'),(2615,1708,17,'2023-02-28 05:34:49','2023-02-28 05:34:49'),(2616,1708,18,'2023-02-28 05:34:49','2023-02-28 05:34:49'),(2617,1708,19,'2023-02-28 05:34:49','2023-02-28 05:34:49'),(2618,1709,1,'2023-02-28 05:34:50','2023-02-28 05:34:50'),(2619,1709,2,'2023-02-28 05:34:50','2023-02-28 05:34:50'),(2620,1709,3,'2023-02-28 05:34:50','2023-02-28 05:34:50'),(2621,1709,4,'2023-02-28 05:34:50','2023-02-28 05:34:50'),(2622,1709,5,'2023-02-28 05:34:50','2023-02-28 05:34:50'),(2623,1709,6,'2023-02-28 05:34:50','2023-02-28 05:34:50'),(2624,1709,7,'2023-02-28 05:34:50','2023-02-28 05:34:50'),(2625,1709,8,'2023-02-28 05:34:50','2023-02-28 05:34:50'),(2626,1709,9,'2023-02-28 05:34:50','2023-02-28 05:34:50'),(2627,1709,10,'2023-02-28 05:34:50','2023-02-28 05:34:50'),(2628,1709,11,'2023-02-28 05:34:50','2023-02-28 05:34:50'),(2629,1709,12,'2023-02-28 05:34:50','2023-02-28 05:34:50'),(2630,1709,13,'2023-02-28 05:34:50','2023-02-28 05:34:50'),(2631,1709,14,'2023-02-28 05:34:50','2023-02-28 05:34:50'),(2632,1709,15,'2023-02-28 05:34:50','2023-02-28 05:34:50'),(2633,1709,16,'2023-02-28 05:34:50','2023-02-28 05:34:50'),(2634,1709,17,'2023-02-28 05:34:50','2023-02-28 05:34:50'),(2635,1709,18,'2023-02-28 05:34:50','2023-02-28 05:34:50'),(2636,1709,19,'2023-02-28 05:34:50','2023-02-28 05:34:50'),(2637,1710,1,'2023-02-28 05:34:50','2023-02-28 05:34:50'),(2638,1710,2,'2023-02-28 05:34:50','2023-02-28 05:34:50'),(2639,1710,3,'2023-02-28 05:34:50','2023-02-28 05:34:50'),(2640,1710,4,'2023-02-28 05:34:50','2023-02-28 05:34:50'),(2641,1710,5,'2023-02-28 05:34:50','2023-02-28 05:34:50'),(2642,1710,6,'2023-02-28 05:34:50','2023-02-28 05:34:50'),(2643,1710,7,'2023-02-28 05:34:50','2023-02-28 05:34:50'),(2644,1710,8,'2023-02-28 05:34:50','2023-02-28 05:34:50'),(2645,1710,9,'2023-02-28 05:34:50','2023-02-28 05:34:50'),(2646,1710,10,'2023-02-28 05:34:50','2023-02-28 05:34:50'),(2647,1710,11,'2023-02-28 05:34:50','2023-02-28 05:34:50'),(2648,1710,12,'2023-02-28 05:34:50','2023-02-28 05:34:50'),(2649,1710,13,'2023-02-28 05:34:50','2023-02-28 05:34:50'),(2650,1710,14,'2023-02-28 05:34:50','2023-02-28 05:34:50'),(2651,1710,15,'2023-02-28 05:34:50','2023-02-28 05:34:50'),(2652,1710,16,'2023-02-28 05:34:50','2023-02-28 05:34:50'),(2653,1710,17,'2023-02-28 05:34:50','2023-02-28 05:34:50'),(2654,1710,18,'2023-02-28 05:34:50','2023-02-28 05:34:50'),(2655,1710,19,'2023-02-28 05:34:50','2023-02-28 05:34:50'),(2656,1711,1,'2023-02-28 05:34:51','2023-02-28 05:34:51'),(2657,1711,2,'2023-02-28 05:34:51','2023-02-28 05:34:51'),(2658,1711,3,'2023-02-28 05:34:51','2023-02-28 05:34:51'),(2659,1711,4,'2023-02-28 05:34:51','2023-02-28 05:34:51'),(2660,1711,5,'2023-02-28 05:34:51','2023-02-28 05:34:51'),(2661,1711,6,'2023-02-28 05:34:51','2023-02-28 05:34:51'),(2662,1711,7,'2023-02-28 05:34:51','2023-02-28 05:34:51'),(2663,1711,8,'2023-02-28 05:34:51','2023-02-28 05:34:51'),(2664,1711,9,'2023-02-28 05:34:51','2023-02-28 05:34:51'),(2665,1711,10,'2023-02-28 05:34:51','2023-02-28 05:34:51'),(2666,1711,11,'2023-02-28 05:34:51','2023-02-28 05:34:51'),(2667,1711,12,'2023-02-28 05:34:51','2023-02-28 05:34:51'),(2668,1711,13,'2023-02-28 05:34:51','2023-02-28 05:34:51'),(2669,1711,14,'2023-02-28 05:34:51','2023-02-28 05:34:51'),(2670,1711,15,'2023-02-28 05:34:51','2023-02-28 05:34:51'),(2671,1711,16,'2023-02-28 05:34:51','2023-02-28 05:34:51'),(2672,1711,17,'2023-02-28 05:34:51','2023-02-28 05:34:51'),(2673,1711,18,'2023-02-28 05:34:51','2023-02-28 05:34:51'),(2674,1711,19,'2023-02-28 05:34:52','2023-02-28 05:34:52'),(2675,1712,8,'2023-02-28 05:40:04',NULL),(2676,1713,1,'2023-02-28 05:56:41','2023-02-28 05:56:41'),(2677,1713,2,'2023-02-28 05:56:41','2023-02-28 05:56:41'),(2678,1713,3,'2023-02-28 05:56:41','2023-02-28 05:56:41'),(2679,1713,4,'2023-02-28 05:56:41','2023-02-28 05:56:41'),(2680,1713,5,'2023-02-28 05:56:41','2023-02-28 05:56:41'),(2681,1713,6,'2023-02-28 05:56:41','2023-02-28 05:56:41'),(2682,1713,7,'2023-02-28 05:56:41','2023-02-28 05:56:41'),(2683,1713,8,'2023-02-28 05:56:41','2023-02-28 05:56:41'),(2684,1713,9,'2023-02-28 05:56:41','2023-02-28 05:56:41'),(2685,1713,10,'2023-02-28 05:56:41','2023-02-28 05:56:41'),(2686,1713,11,'2023-02-28 05:56:41','2023-02-28 05:56:41'),(2687,1713,12,'2023-02-28 05:56:41','2023-02-28 05:56:41'),(2688,1713,13,'2023-02-28 05:56:41','2023-02-28 05:56:41'),(2689,1713,14,'2023-02-28 05:56:41','2023-02-28 05:56:41'),(2690,1713,15,'2023-02-28 05:56:41','2023-02-28 05:56:41'),(2691,1713,16,'2023-02-28 05:56:41','2023-02-28 05:56:41'),(2692,1713,17,'2023-02-28 05:56:42','2023-02-28 05:56:42'),(2693,1713,18,'2023-02-28 05:56:42','2023-02-28 05:56:42'),(2694,1713,19,'2023-02-28 05:56:42','2023-02-28 05:56:42'),(2695,1714,15,'2023-02-28 06:48:32','2023-02-28 06:48:32'),(2696,1715,15,'2023-02-28 08:46:57','2023-02-28 08:46:57'),(2697,1716,1,'2023-02-28 09:05:11','2023-02-28 09:05:11'),(2698,1717,8,'2023-02-28 10:20:25','2023-02-28 10:20:25');

--
-- Table structure for table `regions`
--

CREATE TABLE `regions` (
  `id` int NOT NULL AUTO_INCREMENT,
  `region_name` varchar(199) DEFAULT NULL,
  `division_name` varchar(199) DEFAULT NULL,
  `pincode` varchar(199) DEFAULT NULL,
  `address` text,
  `latitude` double DEFAULT NULL,
  `longitude` double DEFAULT NULL,
  `created_at` timestamp NOT NULL DEFAULT CURRENT_TIMESTAMP ON UPDATE CURRENT_TIMESTAMP,
  `updated_at` timestamp NULL DEFAULT NULL,
  `deleted_at` timestamp NULL DEFAULT NULL COMMENT 'for soft delete data',
  PRIMARY KEY (`id`)
) ENGINE=InnoDB AUTO_INCREMENT=20 DEFAULT CHARSET=latin1;

--
-- Dumping data for table `regions`
--

INSERT INTO `regions` VALUES (1,'tns','south',NULL,NULL,NULL,NULL,'2023-01-04 05:34:50','2020-11-21 06:51:36',NULL),(2,'tnn','south',NULL,NULL,NULL,NULL,'2023-01-04 05:35:04','2020-11-21 06:53:35',NULL),(3,'rok','south',NULL,NULL,NULL,NULL,'2023-01-04 05:35:07','2020-11-21 06:53:43',NULL),(4,'gbr','south',NULL,NULL,NULL,NULL,'2023-01-04 05:35:10','2020-11-21 06:54:02',NULL),(5,'kerala','west',NULL,NULL,NULL,NULL,'2023-01-04 05:35:45','2020-11-23 06:40:22',NULL),(6,'rom','west',NULL,NULL,NULL,NULL,'2023-01-04 05:35:47','2020-11-21 06:54:37',NULL),(7,'gomumbai','west',NULL,NULL,NULL,NULL,'2023-01-04 05:35:49','2020-11-21 06:54:52',NULL),(8,'tg','east',NULL,NULL,NULL,NULL,'2023-01-04 05:33:25','2020-11-21 07:00:37',NULL),(9,'ap','east',NULL,NULL,NULL,NULL,'2023-01-04 05:33:34','2020-11-21 07:12:39',NULL),(10,'job','east',NULL,NULL,NULL,NULL,'2023-01-04 05:33:36','2020-11-21 07:13:00',NULL),(11,'newb','east',NULL,NULL,NULL,NULL,'2023-01-04 05:33:31','2020-11-21 07:13:23',NULL),(12,'gujarat','central',NULL,NULL,NULL,NULL,'2023-01-04 05:32:48','2020-11-23 06:39:45',NULL),(13,'mpc','central',NULL,NULL,NULL,NULL,'2023-01-04 05:32:50','2020-11-21 07:13:57',NULL),(14,'rajasthan','central',NULL,NULL,NULL,NULL,'2023-01-04 05:32:52','2020-11-21 07:14:15',NULL),(15,'upe','north',NULL,NULL,NULL,NULL,'2023-01-04 05:34:20','2021-06-29 10:34:58',NULL),(16,'upw','north',NULL,NULL,NULL,NULL,'2023-01-04 05:34:22','2021-06-29 10:35:39',NULL),(17,'ncrh','north',NULL,NULL,NULL,NULL,'2023-01-04 05:34:24','2020-11-21 07:15:04',NULL),(18,'kpunch','north',NULL,NULL,NULL,NULL,'2023-01-04 05:34:26','2020-11-21 07:15:28',NULL),(19,'testtml',NULL,NULL,NULL,NULL,NULL,'2023-02-14 12:12:22','2023-02-14 12:12:22',NULL);

--
-- Table structure for table `roi`
--

CREATE TABLE `roi` (
  `id` int NOT NULL AUTO_INCREMENT,
  `partner_code` varchar(199) NOT NULL,
  `division` varchar(199) NOT NULL,
  `region` varchar(199) NOT NULL,
  `town` varchar(199) NOT NULL,
  `unit_code` varchar(199) NOT NULL,
  `unit_name` varchar(199) NOT NULL,
  `parent_code_dealer_name` varchar(199) NOT NULL,
  `annual_roi_on_the_5_year_period` int NOT NULL,
  `created_at` timestamp NOT NULL DEFAULT CURRENT_TIMESTAMP,
  `updated_at` timestamp NULL DEFAULT NULL,
  PRIMARY KEY (`id`)
) ENGINE=InnoDB AUTO_INCREMENT=28 DEFAULT CHARSET=utf8mb3;

--
-- Dumping data for table `roi`
--

INSERT INTO `roi` VALUES (1,'223643','Central','GUJARAT','Rajkot','1542','APL Rajkot','SHREEJI AGENCY',20,'2021-08-02 11:07:06','2021-10-25 12:44:34'),(2,'261521','Central','MPC','Bhopal','1557','APL Bhopal','AJAY PAINTS',17,'2021-08-02 11:07:06','2021-10-25 12:44:34'),(3,'629333','Central','MPC','Bhopal','1557','APL Bhopal','KAPOOR HARDWARE AND ELECTRICALS',17,'2021-08-02 11:07:06','2021-10-25 12:44:34'),(4,'255592','West','ROM','Nagpur','1552','APL Nagpur','Royal traders',0,'2021-09-13 04:01:24','2021-12-09 03:59:22'),(5,'271073','West','ROM','Urulikanchan','1554','APL Pune Wagholi UPC','Unique Paints',0,'2021-09-13 04:01:24','2021-12-09 03:59:22'),(6,'293779','West','GoMumbai','MUMBAI','1589','APL Mum Jogeshwari','Murtaza Paints',0,'2021-09-13 04:01:24','2021-12-09 03:59:22'),(7,'261670','West','Kerala','Kalayapuram','1615','APL Kollam','Attoor Agency',0,'2021-09-13 04:01:24','2021-12-09 03:59:22'),(8,'273828','SOUTH','TN S','Dindigul','1573','APL Madurai','Abbirami Traders',-6,'2021-09-13 04:01:24','2021-12-09 03:59:22'),(9,'442529','SOUTH','ROK','Udupi','1568','APL Mangalore','Paint Distributors',30,'2021-09-13 04:01:24','2021-12-09 03:59:22'),(10,'433938','SOUTH','ROK','Mangalore','1568','APL Mangalore','Sriram Paints & Hardware',23,'2021-09-13 04:01:24','2021-12-09 03:59:22'),(11,'582665','SOUTH','ROK','Davangere','1579','APL Davangere','Amberkar Yellappa',27,'2021-09-13 04:01:24','2021-12-09 03:59:22'),(12,'255884','SOUTH','ROK','Putur','1568','APL Mangalore','Shree Raghavendra Stores',28,'2021-09-13 04:01:24','2021-12-09 03:59:22'),(13,'665971','North','UPW','Kanpur','1519','APL Kanpur','Meera Paints',36,'2021-11-18 03:44:06','2021-12-09 03:59:22'),(14,'292893','North','KPUNCH','Srinagar','1515','APIL - Jammu','The Qazi Brothers',-1,'2021-11-18 03:44:06','2021-12-09 03:59:22'),(15,'258511','North','NCRH','Gurgaon','1504','APL Gurgaon','Bhojraj & Sons',25,'2021-11-18 03:44:06','2021-12-09 03:59:22'),(16,'280786','North','UPE','Bharaich','1520','APL Lucknow','Metro Paints',-7,'2021-11-18 03:44:06','2021-12-09 03:59:22'),(17,'540866','Central','GUJARAT','Godhra','1541','APL Baroda','Shrinathji Enterprises',10,'2021-11-18 03:44:06','2021-12-09 03:59:22'),(18,'291061','Central','GUJARAT','Ahmedabad','1540','APL Ahmd Aslali City','Malveya Sales',17,'2021-11-18 03:44:06','2021-12-09 03:59:22'),(19,'548697','Central','MPC','Indore','1559','APL Indore','Vishwas Homes',25,'2021-11-18 03:44:06','2021-12-09 03:59:22'),(20,'263365','Central','MPC','Korba','1561','APL Raipur','Pooja Hardware',8,'2021-11-18 03:44:06','2021-12-09 03:59:22'),(21,'603676','Central','MPC','Bhilai','1561','APL Raipur','Khandelwal Traders',17,'2021-11-18 03:44:06','2021-12-09 03:59:22'),(22,'260616','Central','MPC','Indore','1559','APL Indore','Chandan Traders',8,'2021-11-18 03:44:06','2021-12-09 03:59:22'),(23,'261537','Central','MPC','Rewa','1560','APL Jabalpur','Satya Hardware',14,'2021-11-18 03:44:06','2021-12-09 03:59:22'),(24,'276560','Central','Rajasthan','Jodhpur','1513','APL Jodhpur','Shriram Colours',11,'2021-11-18 03:44:06','2021-12-09 03:59:22'),(25,'273470','Central','Rajasthan','Bharatpur','1629','APL Jaipur UPC','Bansal Building Material',9,'2021-11-18 03:44:06','2021-12-09 03:59:22'),(26,'226093','Central','GUJARAT','Jamnagar','1542','APL Rajkot','Badri Corporation',0,'2021-12-09 03:59:22','2021-12-09 03:59:22'),(27,'309462','Central','GUJARAT','Surat','1544','APL Surat','Ravi Colour Company',0,'2021-12-09 03:59:22','2021-12-09 03:59:22');

--
-- Table structure for table `role_has_permissions`
--

CREATE TABLE `role_has_permissions` (
  `permission_id` bigint unsigned NOT NULL,
  `role_id` bigint unsigned NOT NULL,
  PRIMARY KEY (`permission_id`,`role_id`),
  KEY `role_has_permissions_role_id_foreign` (`role_id`),
  CONSTRAINT `role_has_permissions_permission_id_foreign` FOREIGN KEY (`permission_id`) REFERENCES `permissions` (`id`) ON DELETE CASCADE,
  CONSTRAINT `role_has_permissions_role_id_foreign` FOREIGN KEY (`role_id`) REFERENCES `roles` (`id`) ON DELETE CASCADE
) ENGINE=InnoDB DEFAULT CHARSET=utf8mb3;

--
-- Dumping data for table `role_has_permissions`
--

INSERT INTO `role_has_permissions` VALUES (8,1),(10,1),(11,1),(13,1),(14,1),(15,1),(16,1),(17,1),(18,1),(19,1),(20,1),(21,1),(22,1),(23,1),(24,1),(25,1),(38,1),(39,1),(40,1),(41,1),(43,1),(44,1),(45,1),(46,1),(47,1),(50,1),(8,3),(9,3),(11,3),(47,3),(48,3),(8,4),(11,4),(38,4),(42,4),(43,4),(49,4),(50,4),(11,165),(38,165),(42,165),(11,166),(38,166),(42,166),(8,167),(9,167),(10,167),(11,167),(13,167),(14,167),(15,167),(16,167),(17,167),(18,167),(19,167),(20,167),(21,167),(22,167),(23,167),(38,167),(39,167),(40,167),(41,167),(42,167),(43,167),(44,167),(45,167),(46,167),(47,167),(48,167);

--
-- Table structure for table `roles`
--

CREATE TABLE `roles` (
  `id` bigint unsigned NOT NULL AUTO_INCREMENT,
  `parent_id` bigint NOT NULL DEFAULT '0',
  `name` varchar(255) NOT NULL,
  `guard_name` varchar(255) NOT NULL DEFAULT 'web',
  `created_at` timestamp NULL DEFAULT NULL,
  `updated_at` timestamp NULL DEFAULT NULL,
  PRIMARY KEY (`id`),
  UNIQUE KEY `roles_name_unique` (`name`)
) ENGINE=InnoDB AUTO_INCREMENT=168 DEFAULT CHARSET=utf8mb3;

--
-- Dumping data for table `roles`
--

INSERT INTO `roles` VALUES (1,0,'admin','web','2020-06-25 12:00:46','2020-06-25 12:00:46'),(2,0,'employee','web','2020-06-25 12:05:29','2020-06-25 12:05:29'),(3,0,'vendor','web','2020-06-25 12:58:35','2020-06-25 12:58:35'),(4,0,'dealer','web','2020-06-25 12:58:50','2020-06-25 12:58:50'),(164,2,'Systems','web','2020-11-23 06:37:11','2020-11-23 06:37:11'),(165,2,'Senior Designers','web','2021-03-24 03:57:37','2021-03-24 03:57:37'),(166,2,'Designer Associates','web','2021-03-24 03:57:57','2021-03-24 03:57:57'),(167,2,'sales','web','2021-03-25 08:58:47','2021-03-25 08:58:47');

--
-- Table structure for table `sap_categories`
--

CREATE TABLE `sap_categories` (
  `id` int NOT NULL AUTO_INCREMENT,
  `name` varchar(199) NOT NULL,
  `slug` varchar(199) NOT NULL,
  `code` varchar(199) NOT NULL,
  `status` tinyint NOT NULL DEFAULT '1',
  `show_bulk_upload_action` tinyint NOT NULL DEFAULT '1',
  `user_id` int NOT NULL,
  `created_at` timestamp NOT NULL DEFAULT CURRENT_TIMESTAMP ON UPDATE CURRENT_TIMESTAMP,
  `updated_at` timestamp NULL DEFAULT NULL,
  `deleted_at` timestamp NULL DEFAULT NULL,
  PRIMARY KEY (`id`)
) ENGINE=InnoDB AUTO_INCREMENT=30 DEFAULT CHARSET=utf8mb3;

--
-- Dumping data for table `sap_categories`
--

INSERT INTO `sap_categories` VALUES (1,'Digital','0','',1,0,0,'2022-11-01 09:52:34','2021-04-09 06:01:43','2021-04-09 06:01:43'),(2,'Saftey','0','',1,0,0,'2022-11-01 09:52:34','2021-04-09 06:01:48','2021-04-09 06:01:48'),(3,'0','0','',1,0,0,'2022-11-01 09:52:34','2021-03-05 08:30:08','2021-03-05 08:30:08'),(4,'hsgrfhde','hsgrfhde','',1,0,0,'2022-11-01 09:52:34','2021-03-05 08:30:13','2021-03-05 08:30:13'),(5,'Maintenance & Hygiene','q2wrt2','',1,0,0,'2022-11-01 09:52:34','2021-04-09 05:46:16','2021-04-09 05:46:16'),(6,'t261563','t261563','',1,0,0,'2022-11-01 09:52:34','2021-03-05 08:30:37','2021-03-05 08:30:37'),(7,'CX','3t2432','',1,0,0,'2022-11-01 09:52:34','2021-04-09 05:52:51','2021-04-09 05:52:51'),(8,'General Operations','gdfadsa','',1,0,0,'2022-11-01 09:52:34','2021-06-09 09:02:40','2021-06-09 09:02:40'),(9,'','sap-category','',1,0,1,'2022-11-01 09:52:34','2021-04-09 05:52:46','2021-04-09 05:52:46'),(10,'naBGSGDvya','nabgsgdvya','ehjrgyew',1,0,1,'2022-11-01 09:52:34','2021-06-14 08:31:27','2021-06-14 08:31:27'),(11,'Guragon Project','guragon-project','ffffff',1,0,1,'2022-11-01 09:52:34','2021-06-09 09:02:24','2021-06-09 09:02:24'),(12,'Guragon Project','guragon-project-1','tfr',1,0,1,'2022-11-01 09:52:34','2021-06-14 08:31:24','2021-06-14 08:31:24'),(13,'Guragon Projectgg','guragon-projectgg','hjg444',1,1,1,'2022-11-01 09:52:34','2021-06-09 09:02:32','2021-06-09 09:02:32'),(14,'newcat','newcat','newcat55',1,1,1,'2022-11-01 09:52:34','2021-06-14 08:31:21','2021-06-14 08:31:21'),(15,'Super Luxury Emulsions','sup-luxury','SUPLUX',1,0,1,'2022-11-01 09:52:34','2021-07-06 13:43:47',NULL),(16,'SFX (RP, IDC, Createx)','sfx-rp-idc-createx','SFX',1,0,1,'2022-11-01 09:52:34','2021-07-06 13:37:10',NULL),(17,'Paint Total Value','paint-total-value','PTV',1,0,1,'2022-11-01 09:52:34','2021-07-06 13:18:55',NULL),(18,'Nilaya Value','nilaya-value','NV',1,0,1,'2022-11-01 09:52:34','2021-07-06 13:18:47',NULL),(19,'Colour Consultation','colour-consultation','CC',1,1,1,'2022-11-01 09:52:34','2021-06-14 08:42:48',NULL),(20,'Test FSIL CAT','test-fsil-cat','108077',1,0,1524,'2022-11-01 09:52:34','2021-06-09 09:02:52','2021-06-09 09:02:52'),(21,'ABC Cat','abc-cat','ABC56',1,1,1524,'2022-11-01 09:52:34','2021-06-14 08:31:15','2021-06-14 08:31:15'),(22,'Sam Test Cat','sam-test-cat','C009',1,1,1524,'2022-11-01 09:52:34','2021-06-14 08:31:11','2021-06-14 08:31:11'),(23,'SmartCare','smartcare','SmartCare',1,0,1524,'2022-11-01 09:52:34','2022-06-20 05:26:42',NULL),(24,'Wood Finishes','wood-finishes','Wood Finishes',1,0,1524,'2022-11-01 09:52:34','2021-07-06 13:39:41',NULL),(25,'Tools','tools','Tools',1,0,1524,'2022-11-01 09:52:34','2021-07-06 13:38:13',NULL),(26,'Luxury Emulsions','luxury-emulsions','Luxury Emulsion',1,0,1524,'2022-11-01 09:52:34','2021-07-06 13:37:50',NULL),(27,'Premium Emulsions','premium-emulsions','Premium Emulsions',1,0,1524,'2022-11-01 09:52:34','2021-07-06 13:40:22',NULL),(28,'Wallpaper','wallpaper','Wallpaper',1,0,1524,'2022-11-01 09:52:34','2022-06-21 05:29:20',NULL),(29,'Super Luxury Emulsions','super-luxury-emulsions','Super Luxury Emulsions',1,0,1524,'2022-11-01 09:52:34','2021-07-06 13:43:08','2021-07-06 13:43:08');

--
-- Table structure for table `sap_po_numbers`
--

CREATE TABLE `sap_po_numbers` (
  `id` int NOT NULL AUTO_INCREMENT,
  `project_id` int NOT NULL,
  `user_id` int NOT NULL,
  `po_number` varchar(199) NOT NULL,
  `created_at` timestamp NOT NULL DEFAULT CURRENT_TIMESTAMP,
  `updated_at` timestamp NULL DEFAULT NULL,
  `deleted_at` timestamp NULL DEFAULT NULL,
  PRIMARY KEY (`id`)
) ENGINE=InnoDB AUTO_INCREMENT=18 DEFAULT CHARSET=utf8mb3;

--
-- Dumping data for table `sap_po_numbers`
--

INSERT INTO `sap_po_numbers` VALUES (1,21,1,'ABC4567777','2021-05-11 06:39:30','2021-05-11 06:39:30',NULL),(2,21,1,'ABC5897','2021-05-11 06:39:30','2021-05-11 06:39:30',NULL),(3,21,1,'TWO9066','2021-05-11 06:39:30','2021-05-11 06:39:30',NULL),(4,21,1,'FSILA','2021-05-11 06:39:30','2021-05-11 06:39:30',NULL),(5,21,1,'FSILBA','2021-05-11 06:39:30','2021-05-11 06:39:30',NULL),(6,21,1,'FSILCABC','2021-05-11 06:39:30','2021-05-11 06:39:30',NULL),(7,22,1,'qwA','2021-05-11 06:39:30','2021-05-11 06:39:30',NULL),(8,23,1,'po1','2021-05-11 07:39:41','2021-05-11 07:39:41',NULL),(9,23,1,'po2','2021-05-11 07:39:47','2021-05-11 07:39:47',NULL),(10,23,1,'po3','2021-05-11 07:39:52','2021-05-11 07:39:52',NULL),(11,31,1524,'TEY89','2021-06-09 09:01:26','2021-06-09 09:01:26',NULL),(12,44,1524,'9998887776','2021-06-15 12:00:51','2021-06-15 12:00:51',NULL),(13,44,1524,'9998887777','2021-06-15 12:01:04','2021-06-15 12:01:04',NULL),(14,44,1524,'12345','2021-06-15 12:05:10','2021-06-15 12:05:10',NULL),(15,46,1524,'TWO90','2021-06-17 09:04:47','2021-06-17 09:04:47',NULL),(16,47,1524,'123456','2021-06-17 10:38:37','2021-06-17 10:38:37',NULL),(17,47,1524,'23466','2021-06-19 12:56:51','2021-06-19 12:56:51',NULL);

--
-- Table structure for table `score_criteria`
--

CREATE TABLE `score_criteria` (
  `id` int NOT NULL AUTO_INCREMENT,
  `sap_category_id` int NOT NULL,
  `volume` int NOT NULL COMMENT 'litre',
  `Unique_Consolutation` int DEFAULT NULL,
  `Lacs` int DEFAULT NULL,
  `point` int NOT NULL,
  PRIMARY KEY (`id`)
) ENGINE=InnoDB AUTO_INCREMENT=11 DEFAULT CHARSET=utf8mb3;

--
-- Dumping data for table `score_criteria`
--

INSERT INTO `score_criteria` VALUES (1,15,2000,NULL,NULL,1),(2,15,5000,NULL,NULL,2),(3,16,500,NULL,NULL,1),(4,16,1000,NULL,NULL,2),(5,18,3,NULL,NULL,1),(6,18,10,NULL,NULL,2),(7,19,0,480,NULL,1),(8,19,0,720,NULL,2),(9,17,0,0,300000,1),(10,17,0,0,1000000,2);

--
-- Table structure for table `screens`
--

CREATE TABLE `screens` (
  `id` int NOT NULL,
  `name` varchar(199) NOT NULL,
  `url` varchar(199) NOT NULL,
  `created_at` timestamp NOT NULL DEFAULT CURRENT_TIMESTAMP,
  `updated_at` timestamp NULL DEFAULT NULL,
  PRIMARY KEY (`id`)
) ENGINE=InnoDB DEFAULT CHARSET=latin1;

--
-- Dumping data for table `screens`
--


--
-- Table structure for table `task`
--

CREATE TABLE `task` (
  `id` int NOT NULL AUTO_INCREMENT,
  `project_id` int DEFAULT NULL,
  `task_type` int DEFAULT NULL,
  `task_description` varchar(255) CHARACTER SET utf8mb3 COLLATE utf8mb3_unicode_ci DEFAULT NULL,
  `pmc_vendor_id` int DEFAULT NULL,
  `vendor_id` int DEFAULT NULL,
  `start_date` date DEFAULT NULL,
  `planned_end_date` date DEFAULT NULL,
  `status` enum('0','1','2','3','4') CHARACTER SET utf8mb3 COLLATE utf8mb3_unicode_ci DEFAULT NULL COMMENT '0=Pending with PMC for assignment,1=Inprogres with vendor,2=Pending for completion approval with PMC,3=Pending for completion approval with Asian paints,4=Task completed''',
  `approval_date` date DEFAULT NULL,
  `pmc_approval_status` enum('0','1','2','3') CHARACTER SET utf8mb3 COLLATE utf8mb3_unicode_ci DEFAULT NULL COMMENT '0 = Pending, 1 = approval, 2 = ''reject'', 3 = ''resend''',
  `vendor_approval_status` enum('0','1','2') CHARACTER SET utf8mb3 COLLATE utf8mb3_unicode_ci DEFAULT NULL COMMENT '0 = Yet to start, 1 = Completed\r\n, 2 = ''delayed''',
  `employee_approval_status` enum('0','1','2') CHARACTER SET utf8mb3 COLLATE utf8mb3_unicode_ci DEFAULT NULL COMMENT '0=pending,1=approval,2=reject',
  `created_at` timestamp NULL DEFAULT NULL,
  `updated_at` timestamp NULL DEFAULT NULL,
  PRIMARY KEY (`id`)
) ENGINE=InnoDB AUTO_INCREMENT=17 DEFAULT CHARSET=utf8mb3 COLLATE=utf8mb3_unicode_ci;

--
-- Dumping data for table `task`
--

INSERT INTO `task` VALUES (1,134,77,'testing',629,1571,'2023-02-01','2023-02-15','4',NULL,'1','1','1','2023-02-01 07:40:00','2023-02-01 07:40:39'),(2,134,75,'test',629,1559,'2023-02-16','2023-02-22','1',NULL,'0','0','0','2023-02-01 07:48:38','2023-02-01 08:03:23'),(3,134,75,'ddads',629,NULL,'2023-02-01','2023-02-13','1',NULL,'0','0','0','2023-02-01 08:03:14','2023-02-09 09:21:27'),(4,135,72,'test',629,1571,'2023-02-04','2023-02-07','4',NULL,'1','1','1','2023-02-04 11:44:39','2023-02-04 11:52:08'),(5,136,64,'Test',629,1571,'2023-02-09','2023-02-28','4',NULL,'1','1','1','2023-02-09 08:39:28','2023-02-09 09:39:10'),(6,137,71,'Test',629,1571,'2023-02-10','2023-03-02','2',NULL,'0','2','0','2023-02-09 09:44:43','2023-02-09 09:48:20'),(7,132,73,'dsdsd',629,NULL,'2023-02-14','2023-02-23','1',NULL,'0','0','0','2023-02-14 09:16:04','2023-02-16 07:49:50'),(8,134,75,'test',629,1571,'2023-02-14','2023-02-15','2',NULL,'0','2','0','2023-02-14 09:26:23','2023-02-17 07:20:23'),(9,139,77,'Test',629,1571,'2023-02-15','2023-02-15','1',NULL,'0','0','0','2023-02-15 10:12:43','2023-02-16 07:38:29'),(10,140,73,'Task new',629,1571,'2023-02-16','2023-02-23','3',NULL,'1','1','0','2023-02-16 07:44:44','2023-03-23 05:45:48'),(11,141,76,'Test',629,1571,'2023-02-16','2023-02-28','4',NULL,'1','1','1','2023-02-16 10:18:09','2023-03-23 09:03:12'),(12,151,77,'Test',629,NULL,'2023-02-28','2023-02-28','1',NULL,'0','0','0','2023-02-28 10:23:13','2023-02-28 10:23:13'),(13,151,73,'testing',629,1699,'2023-03-23','2023-03-31','1',NULL,'0','0','0','2023-03-23 05:10:01','2023-03-23 09:06:07'),(14,151,76,'xxx',629,1699,'2023-03-23','2023-03-24','2',NULL,'0','0','0','2023-03-23 05:47:39','2023-03-23 06:33:54'),(15,151,77,'complete',629,1699,'2023-03-24','2023-03-31','1',NULL,'0','0','0','2023-03-23 06:08:38','2023-03-23 06:28:37'),(16,151,71,'yk',629,1699,'2023-03-23','2023-03-27','3',NULL,'1','1','0','2023-03-23 09:18:03','2023-03-23 09:22:19');

--
-- Table structure for table `task_timeline`
--

CREATE TABLE `task_timeline` (
  `id` bigint NOT NULL AUTO_INCREMENT,
  `task_id` bigint NOT NULL,
  `showroom_size` bigint DEFAULT NULL,
  `timeline` float DEFAULT NULL,
  `showroom_type` varchar(255) DEFAULT NULL,
  `created_at` timestamp NOT NULL DEFAULT CURRENT_TIMESTAMP ON UPDATE CURRENT_TIMESTAMP,
  `updated_at` timestamp NULL DEFAULT NULL,
  `deleted_at` timestamp NULL DEFAULT NULL,
  `status` tinyint DEFAULT '0',
  PRIMARY KEY (`id`)
) ENGINE=InnoDB AUTO_INCREMENT=62 DEFAULT CHARSET=utf8mb3;

--
-- Dumping data for table `task_timeline`
--

INSERT INTO `task_timeline` VALUES (3,12,5000,10,'standard','2022-11-01 09:52:34','2020-11-25 16:24:27',NULL,0),(4,13,5000,15,'standard','2022-11-01 09:52:34','2020-11-25 16:24:53',NULL,0),(7,37,NULL,7,NULL,'2022-11-01 09:52:34','2021-02-24 13:50:54',NULL,0),(9,39,NULL,4,NULL,'2022-11-01 09:52:34','2021-06-24 03:09:46','2021-06-24 03:09:46',0),(10,40,NULL,2,NULL,'2022-11-01 09:52:34','2021-02-24 13:55:00',NULL,0),(12,42,NULL,5,NULL,'2022-11-01 09:52:34','2021-02-24 13:57:29',NULL,0),(15,47,2000,20,'standard','2022-11-01 09:52:34','2021-04-10 06:15:10',NULL,0),(16,48,300,7,'standard','2022-11-01 09:52:34','2021-05-12 14:44:39',NULL,0),(17,49,300,7,'standard','2022-11-01 09:52:34','2021-05-12 14:45:23',NULL,0),(18,51,120,1,'standard','2022-11-01 09:52:34','2021-05-17 10:09:37','2021-05-17 10:09:37',0),(20,54,10,2,'standard','2022-11-01 09:52:34','2021-06-09 10:53:48',NULL,0),(21,54,10,3,'standard','2022-11-01 09:52:34','2021-06-09 10:53:48',NULL,0),(22,55,20,4,'standard','2022-11-01 09:52:34','2021-06-09 10:54:17',NULL,0),(23,21,200,2,'standard','2022-11-01 09:52:34','2021-06-18 09:57:29',NULL,0),(24,23,200,5,'standard','2022-11-01 09:52:34','2021-06-18 09:58:43',NULL,0),(25,56,500,10,'standard','2022-11-01 09:52:34','2021-06-18 10:01:20',NULL,0),(28,27,200,3,'standard','2022-11-01 09:52:34','2021-06-18 10:27:00',NULL,0),(29,28,600,4,'standard','2022-11-01 09:52:34','2021-06-18 10:27:18',NULL,0),(34,58,100,2,'standard','2022-11-01 09:52:34','2021-06-21 06:13:08',NULL,0),(35,10,5000,10,'standard','2022-11-01 09:52:34','2021-06-22 11:43:01',NULL,0),(36,11,5000,30,'standard','2022-11-01 09:52:34','2021-06-23 11:02:23',NULL,0),(37,45,300,10,'standard','2022-11-01 09:52:34','2021-06-23 11:05:21',NULL,0),(38,30,700,4,'standard','2022-11-01 09:52:34','2021-06-23 11:06:31',NULL,0),(39,30,300,1,'standard','2022-11-01 09:52:34','2021-06-23 11:06:31',NULL,0),(40,29,400,200,'standard','2022-11-01 09:52:34','2021-06-23 11:06:44',NULL,0),(41,32,400,20,'standard','2022-11-01 09:52:34','2021-06-23 11:07:16',NULL,0),(42,31,300,4,'standard','2022-11-01 09:52:34','2021-06-23 11:07:32',NULL,0),(43,52,100,2,'standard','2022-11-01 09:52:34','2021-06-23 11:09:43',NULL,0),(44,60,500,20,'standard','2022-11-01 09:52:34','2021-06-23 16:58:30','2021-06-23 16:58:30',0),(45,62,500,20,'standard','2022-11-01 09:52:34','2021-06-23 16:59:28',NULL,0),(46,63,500,20,'standard','2022-11-01 09:52:34','2021-06-23 16:59:58',NULL,0),(47,64,500,20,'standard','2022-11-01 09:52:34','2021-06-23 17:01:06',NULL,0),(48,65,500,20,'standard','2022-11-01 09:52:34','2021-06-23 17:02:51',NULL,0),(49,41,500,20,'standard','2022-11-01 09:52:34','2021-06-23 17:04:19',NULL,0),(50,67,500,20,'standard','2022-11-01 09:52:34','2021-06-24 03:02:36',NULL,0),(51,69,500,20,'standard','2022-11-01 09:52:34','2021-06-24 03:04:07',NULL,0),(52,70,500,20,'standard','2022-11-01 09:52:34','2021-06-24 03:04:30',NULL,0),(53,72,500,20,'standard','2022-11-01 09:52:34','2021-06-24 03:05:50',NULL,0),(54,73,500,20,'standard','2022-11-01 09:52:34','2021-06-24 03:06:09',NULL,0),(55,33,440,15,'standard','2022-11-01 09:52:34','2021-06-24 03:07:32',NULL,0),(56,44,500,30,'standard','2022-11-01 09:52:34','2021-06-24 03:07:48',NULL,0),(57,34,500,10,'standard','2022-11-01 09:52:34','2021-06-24 03:08:08',NULL,0),(58,35,500,10,'standard','2022-11-01 09:52:34','2021-06-24 03:08:43',NULL,0),(59,38,500,15,'standard','2022-11-01 09:52:34','2021-06-24 03:09:27',NULL,0),(60,76,500,20,'standard','2022-11-01 09:52:34','2021-06-24 03:11:17',NULL,0),(61,77,500,20,'standard','2022-11-01 09:52:34','2021-06-24 03:11:33',NULL,0);

--
-- Table structure for table `task_user`
--

CREATE TABLE `task_user` (
  `id` int NOT NULL AUTO_INCREMENT,
  `user_id` int NOT NULL,
  `task_id` int NOT NULL,
  `region_id` int DEFAULT NULL,
  `deleted_at` timestamp NULL DEFAULT NULL,
  `media_id` int DEFAULT NULL,
  `status` tinyint NOT NULL DEFAULT '0' COMMENT '0=>pending,1=>inprogress,2=>complete',
  `approved_status` tinyint NOT NULL DEFAULT '0',
  `comments` text,
  `created_at` timestamp NOT NULL DEFAULT CURRENT_TIMESTAMP,
  `updated_at` timestamp NULL DEFAULT NULL,
  PRIMARY KEY (`id`)
) ENGINE=InnoDB AUTO_INCREMENT=170 DEFAULT CHARSET=latin1;

--
-- Dumping data for table `task_user`
--

INSERT INTO `task_user` VALUES (2,463,7,1,NULL,NULL,0,0,NULL,'2021-02-24 07:28:03','2021-02-24 07:28:03'),(3,463,7,2,NULL,NULL,0,0,NULL,'2021-02-24 07:28:03','2021-02-24 07:28:03'),(4,463,7,3,NULL,NULL,0,0,NULL,'2021-02-24 07:28:03','2021-02-24 07:28:03'),(5,463,7,4,NULL,NULL,0,0,NULL,'2021-02-24 07:28:03','2021-02-24 07:28:03'),(6,463,7,5,NULL,NULL,0,0,NULL,'2021-02-24 07:28:03','2021-02-24 07:28:03'),(7,463,7,6,NULL,NULL,0,0,NULL,'2021-02-24 07:28:03','2021-02-24 07:28:03'),(8,463,7,7,NULL,NULL,0,0,NULL,'2021-02-24 07:28:03','2021-02-24 07:28:03'),(9,463,7,8,NULL,NULL,0,0,NULL,'2021-02-24 07:28:03','2021-02-24 07:28:03'),(10,463,7,9,NULL,NULL,0,0,NULL,'2021-02-24 07:28:03','2021-02-24 07:28:03'),(11,463,7,10,NULL,NULL,0,0,NULL,'2021-02-24 07:28:03','2021-02-24 07:28:03'),(12,463,7,11,NULL,NULL,0,0,NULL,'2021-02-24 07:28:03','2021-02-24 07:28:03'),(13,463,7,12,NULL,NULL,0,0,NULL,'2021-02-24 07:28:03','2021-02-24 07:28:03'),(14,463,7,13,NULL,NULL,0,0,NULL,'2021-02-24 07:28:03','2021-02-24 07:28:03'),(15,463,7,14,NULL,NULL,0,0,NULL,'2021-02-24 07:28:03','2021-02-24 07:28:03'),(16,463,7,15,NULL,NULL,0,0,NULL,'2021-02-24 07:28:03','2021-02-24 07:28:03'),(17,463,7,16,NULL,NULL,0,0,NULL,'2021-02-24 07:28:03','2021-02-24 07:28:03'),(18,463,7,17,NULL,NULL,0,0,NULL,'2021-02-24 07:28:03','2021-02-24 07:28:03'),(19,463,7,18,NULL,NULL,0,0,NULL,'2021-02-24 07:28:03','2021-02-24 07:28:03'),(20,548,5,1,NULL,NULL,0,0,NULL,'2021-03-12 09:37:54','2021-03-12 09:37:54'),(21,548,5,2,NULL,NULL,0,0,NULL,'2021-03-12 09:37:54','2021-03-12 09:37:54'),(22,548,5,3,NULL,NULL,0,0,NULL,'2021-03-12 09:37:54','2021-03-12 09:37:54'),(23,548,5,4,NULL,NULL,0,0,NULL,'2021-03-12 09:37:54','2021-03-12 09:37:54'),(24,548,5,5,NULL,NULL,0,0,NULL,'2021-03-12 09:37:54','2021-03-12 09:37:54'),(25,548,5,6,NULL,NULL,0,0,NULL,'2021-03-12 09:37:54','2021-03-12 09:37:54'),(26,548,5,7,NULL,NULL,0,0,NULL,'2021-03-12 09:37:54','2021-03-12 09:37:54'),(27,548,5,8,NULL,NULL,0,0,NULL,'2021-03-12 09:37:54','2021-03-12 09:37:54'),(28,548,5,9,NULL,NULL,0,0,NULL,'2021-03-12 09:37:54','2021-03-12 09:37:54'),(29,548,5,10,NULL,NULL,0,0,NULL,'2021-03-12 09:37:54','2021-03-12 09:37:54'),(30,548,5,11,NULL,NULL,0,0,NULL,'2021-03-12 09:37:54','2021-03-12 09:37:54'),(31,548,5,12,NULL,NULL,0,0,NULL,'2021-03-12 09:37:54','2021-03-12 09:37:54'),(32,548,5,13,NULL,NULL,0,0,NULL,'2021-03-12 09:37:54','2021-03-12 09:37:54'),(33,548,5,14,NULL,NULL,0,0,NULL,'2021-03-12 09:37:54','2021-03-12 09:37:54'),(34,548,5,15,NULL,NULL,0,0,NULL,'2021-03-12 09:37:54','2021-03-12 09:37:54'),(35,548,5,16,NULL,NULL,0,0,NULL,'2021-03-12 09:37:54','2021-03-12 09:37:54'),(36,548,5,17,NULL,NULL,0,0,NULL,'2021-03-12 09:37:54','2021-03-12 09:37:54'),(37,548,5,18,NULL,NULL,0,0,NULL,'2021-03-12 09:37:54','2021-03-12 09:37:54'),(38,548,5,19,NULL,NULL,0,0,NULL,'2021-03-12 09:37:54','2021-03-12 09:37:54'),(39,548,4,1,NULL,NULL,0,0,NULL,'2021-03-12 12:05:53','2021-03-12 12:05:53'),(40,548,4,2,NULL,NULL,0,0,NULL,'2021-03-12 12:05:53','2021-03-12 12:05:53'),(41,548,4,3,NULL,NULL,0,0,NULL,'2021-03-12 12:05:53','2021-03-12 12:05:53'),(42,548,4,4,NULL,NULL,0,0,NULL,'2021-03-12 12:05:53','2021-03-12 12:05:53'),(43,548,4,5,NULL,NULL,0,0,NULL,'2021-03-12 12:05:53','2021-03-12 12:05:53'),(44,548,4,6,NULL,NULL,0,0,NULL,'2021-03-12 12:05:53','2021-03-12 12:05:53'),(45,548,4,7,NULL,NULL,0,0,NULL,'2021-03-12 12:05:53','2021-03-12 12:05:53'),(46,548,4,8,NULL,NULL,0,0,NULL,'2021-03-12 12:05:53','2021-03-12 12:05:53'),(47,548,4,9,NULL,NULL,0,0,NULL,'2021-03-12 12:05:53','2021-03-12 12:05:53'),(48,548,4,10,NULL,NULL,0,0,NULL,'2021-03-12 12:05:53','2021-03-12 12:05:53'),(49,548,4,11,NULL,NULL,0,0,NULL,'2021-03-12 12:05:53','2021-03-12 12:05:53'),(50,548,4,12,NULL,NULL,0,0,NULL,'2021-03-12 12:05:53','2021-03-12 12:05:53'),(51,548,4,13,NULL,NULL,0,0,NULL,'2021-03-12 12:05:53','2021-03-12 12:05:53'),(52,548,4,14,NULL,NULL,0,0,NULL,'2021-03-12 12:05:53','2021-03-12 12:05:53'),(53,548,4,15,NULL,NULL,0,0,NULL,'2021-03-12 12:05:53','2021-03-12 12:05:53'),(54,548,4,16,NULL,NULL,0,0,NULL,'2021-03-12 12:05:53','2021-03-12 12:05:53'),(55,548,4,17,NULL,NULL,0,0,NULL,'2021-03-12 12:05:53','2021-03-12 12:05:53'),(56,548,4,18,NULL,NULL,0,0,NULL,'2021-03-12 12:05:53','2021-03-12 12:05:53'),(57,548,4,19,NULL,NULL,0,0,NULL,'2021-03-12 12:05:53','2021-03-12 12:05:53'),(58,463,7,19,NULL,NULL,0,0,NULL,'2021-04-10 16:58:52','2021-04-10 16:58:52'),(59,1546,16,18,NULL,NULL,0,0,NULL,'2021-05-13 04:58:03','2021-05-13 04:58:03'),(60,1546,8,18,NULL,NULL,0,0,NULL,'2021-05-18 10:38:45','2021-05-18 10:38:45'),(61,548,16,1,NULL,NULL,0,0,NULL,'2021-05-24 05:44:26','2021-05-24 05:44:26'),(62,548,16,2,NULL,NULL,0,0,NULL,'2021-05-24 05:44:26','2021-05-24 05:44:26'),(63,548,16,3,NULL,NULL,0,0,NULL,'2021-05-24 05:44:26','2021-05-24 05:44:26'),(64,548,16,4,NULL,NULL,0,0,NULL,'2021-05-24 05:44:26','2021-05-24 05:44:26'),(65,548,16,5,NULL,NULL,0,0,NULL,'2021-05-24 05:44:26','2021-05-24 05:44:26'),(66,548,16,6,NULL,NULL,0,0,NULL,'2021-05-24 05:44:26','2021-05-24 05:44:26'),(67,548,16,7,NULL,NULL,0,0,NULL,'2021-05-24 05:44:26','2021-05-24 05:44:26'),(68,548,16,8,NULL,NULL,0,0,NULL,'2021-05-24 05:44:26','2021-05-24 05:44:26'),(69,548,16,9,NULL,NULL,0,0,NULL,'2021-05-24 05:44:26','2021-05-24 05:44:26'),(70,548,16,10,NULL,NULL,0,0,NULL,'2021-05-24 05:44:26','2021-05-24 05:44:26'),(71,548,16,11,NULL,NULL,0,0,NULL,'2021-05-24 05:44:26','2021-05-24 05:44:26'),(72,548,16,12,NULL,NULL,0,0,NULL,'2021-05-24 05:44:26','2021-05-24 05:44:26'),(73,548,16,13,NULL,NULL,0,0,NULL,'2021-05-24 05:44:26','2021-05-24 05:44:26'),(74,548,16,14,NULL,NULL,0,0,NULL,'2021-05-24 05:44:26','2021-05-24 05:44:26'),(75,548,16,15,NULL,NULL,0,0,NULL,'2021-05-24 05:44:26','2021-05-24 05:44:26'),(76,548,16,16,NULL,NULL,0,0,NULL,'2021-05-24 05:44:26','2021-05-24 05:44:26'),(77,548,16,17,NULL,NULL,0,0,NULL,'2021-05-24 05:44:26','2021-05-24 05:44:26'),(78,463,46,1,NULL,NULL,0,0,NULL,'2021-05-25 05:13:44','2021-05-25 05:13:44'),(79,463,9,1,NULL,NULL,0,0,NULL,'2021-05-25 05:13:44','2021-05-25 05:13:44'),(80,463,8,1,NULL,NULL,0,0,NULL,'2021-05-25 05:13:44','2021-05-25 05:13:44'),(81,463,46,2,NULL,NULL,0,0,NULL,'2021-05-25 05:13:44','2021-05-25 05:13:44'),(82,463,9,2,NULL,NULL,0,0,NULL,'2021-05-25 05:13:44','2021-05-25 05:13:44'),(83,463,8,2,NULL,NULL,0,0,NULL,'2021-05-25 05:13:44','2021-05-25 05:13:44'),(84,463,46,3,NULL,NULL,0,0,NULL,'2021-05-25 05:13:44','2021-05-25 05:13:44'),(85,463,9,3,NULL,NULL,0,0,NULL,'2021-05-25 05:13:44','2021-05-25 05:13:44'),(86,463,8,3,NULL,NULL,0,0,NULL,'2021-05-25 05:13:44','2021-05-25 05:13:44'),(87,463,46,4,NULL,NULL,0,0,NULL,'2021-05-25 05:13:44','2021-05-25 05:13:44'),(88,463,9,4,NULL,NULL,0,0,NULL,'2021-05-25 05:13:44','2021-05-25 05:13:44'),(89,463,8,4,NULL,NULL,0,0,NULL,'2021-05-25 05:13:44','2021-05-25 05:13:44'),(90,463,46,5,NULL,NULL,0,0,NULL,'2021-05-25 05:13:44','2021-05-25 05:13:44'),(91,463,9,5,NULL,NULL,0,0,NULL,'2021-05-25 05:13:44','2021-05-25 05:13:44'),(92,463,8,5,NULL,NULL,0,0,NULL,'2021-05-25 05:13:44','2021-05-25 05:13:44'),(93,463,46,6,NULL,NULL,0,0,NULL,'2021-05-25 05:13:44','2021-05-25 05:13:44'),(94,463,9,6,NULL,NULL,0,0,NULL,'2021-05-25 05:13:44','2021-05-25 05:13:44'),(95,463,8,6,NULL,NULL,0,0,NULL,'2021-05-25 05:13:44','2021-05-25 05:13:44'),(96,463,46,7,NULL,NULL,0,0,NULL,'2021-05-25 05:13:44','2021-05-25 05:13:44'),(97,463,9,7,NULL,NULL,0,0,NULL,'2021-05-25 05:13:44','2021-05-25 05:13:44'),(98,463,8,7,NULL,NULL,0,0,NULL,'2021-05-25 05:13:44','2021-05-25 05:13:44'),(99,463,46,8,NULL,NULL,0,0,NULL,'2021-05-25 05:13:44','2021-05-25 05:13:44'),(100,463,9,8,NULL,NULL,0,0,NULL,'2021-05-25 05:13:44','2021-05-25 05:13:44'),(101,463,8,8,NULL,NULL,0,0,NULL,'2021-05-25 05:13:44','2021-05-25 05:13:44'),(102,463,46,9,NULL,NULL,0,0,NULL,'2021-05-25 05:13:44','2021-05-25 05:13:44'),(103,463,9,9,NULL,NULL,0,0,NULL,'2021-05-25 05:13:44','2021-05-25 05:13:44'),(104,463,8,9,NULL,NULL,0,0,NULL,'2021-05-25 05:13:44','2021-05-25 05:13:44'),(105,463,46,10,NULL,NULL,0,0,NULL,'2021-05-25 05:13:44','2021-05-25 05:13:44'),(106,463,9,10,NULL,NULL,0,0,NULL,'2021-05-25 05:13:44','2021-05-25 05:13:44'),(107,463,8,10,NULL,NULL,0,0,NULL,'2021-05-25 05:13:44','2021-05-25 05:13:44'),(108,463,46,11,NULL,NULL,0,0,NULL,'2021-05-25 05:13:44','2021-05-25 05:13:44'),(109,463,9,11,NULL,NULL,0,0,NULL,'2021-05-25 05:13:44','2021-05-25 05:13:44'),(110,463,8,11,NULL,NULL,0,0,NULL,'2021-05-25 05:13:44','2021-05-25 05:13:44'),(111,463,46,12,NULL,NULL,0,0,NULL,'2021-05-25 05:13:44','2021-05-25 05:13:44'),(112,463,9,12,NULL,NULL,0,0,NULL,'2021-05-25 05:13:44','2021-05-25 05:13:44'),(113,463,8,12,NULL,NULL,0,0,NULL,'2021-05-25 05:13:44','2021-05-25 05:13:44'),(114,463,46,13,NULL,NULL,0,0,NULL,'2021-05-25 05:13:44','2021-05-25 05:13:44'),(115,463,9,13,NULL,NULL,0,0,NULL,'2021-05-25 05:13:44','2021-05-25 05:13:44'),(116,463,8,13,NULL,NULL,0,0,NULL,'2021-05-25 05:13:44','2021-05-25 05:13:44'),(117,463,46,14,NULL,NULL,0,0,NULL,'2021-05-25 05:13:44','2021-05-25 05:13:44'),(118,463,9,14,NULL,NULL,0,0,NULL,'2021-05-25 05:13:44','2021-05-25 05:13:44'),(119,463,8,14,NULL,NULL,0,0,NULL,'2021-05-25 05:13:44','2021-05-25 05:13:44'),(120,463,46,15,NULL,NULL,0,0,NULL,'2021-05-25 05:13:44','2021-05-25 05:13:44'),(121,463,9,15,NULL,NULL,0,0,NULL,'2021-05-25 05:13:44','2021-05-25 05:13:44'),(122,463,8,15,NULL,NULL,0,0,NULL,'2021-05-25 05:13:44','2021-05-25 05:13:44'),(123,463,46,16,NULL,NULL,0,0,NULL,'2021-05-25 05:13:44','2021-05-25 05:13:44'),(124,463,9,16,NULL,NULL,0,0,NULL,'2021-05-25 05:13:44','2021-05-25 05:13:44'),(125,463,8,16,NULL,NULL,0,0,NULL,'2021-05-25 05:13:44','2021-05-25 05:13:44'),(126,463,46,17,NULL,NULL,0,0,NULL,'2021-05-25 05:13:44','2021-05-25 05:13:44'),(127,463,9,17,NULL,NULL,0,0,NULL,'2021-05-25 05:13:44','2021-05-25 05:13:44'),(128,463,8,17,NULL,NULL,0,0,NULL,'2021-05-25 05:13:44','2021-05-25 05:13:44'),(129,463,46,18,NULL,NULL,0,0,NULL,'2021-05-25 05:13:44','2021-05-25 05:13:44'),(130,463,9,18,NULL,NULL,0,0,NULL,'2021-05-25 05:13:44','2021-05-25 05:13:44'),(131,1546,6,18,NULL,NULL,0,0,NULL,'2021-05-25 05:29:22','2021-05-25 05:29:22'),(132,1546,3,18,NULL,NULL,0,0,NULL,'2021-05-25 05:29:22','2021-05-25 05:29:22'),(136,630,3,2,NULL,NULL,0,0,NULL,'2021-06-10 04:02:50','2021-06-10 04:02:50'),(137,630,3,3,NULL,NULL,0,0,NULL,'2021-06-10 04:02:50','2021-06-10 04:02:50'),(138,630,3,4,NULL,NULL,0,0,NULL,'2021-06-10 04:02:50','2021-06-10 04:02:50'),(139,630,3,5,NULL,NULL,0,0,NULL,'2021-06-10 04:02:50','2021-06-10 04:02:50'),(140,630,3,6,NULL,NULL,0,0,NULL,'2021-06-10 04:02:50','2021-06-10 04:02:50'),(141,630,3,7,NULL,NULL,0,0,NULL,'2021-06-10 04:02:50','2021-06-10 04:02:50'),(142,630,3,8,NULL,NULL,0,0,NULL,'2021-06-10 04:02:50','2021-06-10 04:02:50'),(143,630,3,9,NULL,NULL,0,0,NULL,'2021-06-10 04:02:50','2021-06-10 04:02:50'),(144,630,3,10,NULL,NULL,0,0,NULL,'2021-06-10 04:02:50','2021-06-10 04:02:50'),(145,630,3,11,NULL,NULL,0,0,NULL,'2021-06-10 04:02:50','2021-06-10 04:02:50'),(146,630,3,12,NULL,NULL,0,0,NULL,'2021-06-10 04:02:50','2021-06-10 04:02:50'),(147,630,3,13,NULL,NULL,0,0,NULL,'2021-06-10 04:02:50','2021-06-10 04:02:50'),(148,630,3,14,NULL,NULL,0,0,NULL,'2021-06-10 04:02:50','2021-06-10 04:02:50'),(149,630,3,15,NULL,NULL,0,0,NULL,'2021-06-10 04:02:50','2021-06-10 04:02:50'),(150,630,3,16,NULL,NULL,0,0,NULL,'2021-06-10 04:02:50','2021-06-10 04:02:50'),(151,630,3,17,NULL,NULL,0,0,NULL,'2021-06-10 04:02:50','2021-06-10 04:02:50'),(152,630,57,1,NULL,NULL,0,0,NULL,'2021-06-21 06:13:28','2021-06-21 06:13:28'),(153,630,57,2,NULL,NULL,0,0,NULL,'2021-06-21 06:13:28','2021-06-21 06:13:28'),(154,630,57,3,NULL,NULL,0,0,NULL,'2021-06-21 06:13:28','2021-06-21 06:13:28'),(155,630,57,4,NULL,NULL,0,0,NULL,'2021-06-21 06:13:28','2021-06-21 06:13:28'),(156,630,57,5,NULL,NULL,0,0,NULL,'2021-06-21 06:13:28','2021-06-21 06:13:28'),(157,630,57,6,NULL,NULL,0,0,NULL,'2021-06-21 06:13:28','2021-06-21 06:13:28'),(158,630,57,7,NULL,NULL,0,0,NULL,'2021-06-21 06:13:28','2021-06-21 06:13:28'),(159,630,57,8,NULL,NULL,0,0,NULL,'2021-06-21 06:13:28','2021-06-21 06:13:28'),(160,630,57,9,NULL,NULL,0,0,NULL,'2021-06-21 06:13:28','2021-06-21 06:13:28'),(161,630,57,10,NULL,NULL,0,0,NULL,'2021-06-21 06:13:28','2021-06-21 06:13:28'),(162,630,57,11,NULL,NULL,0,0,NULL,'2021-06-21 06:13:28','2021-06-21 06:13:28'),(163,630,57,12,NULL,NULL,0,0,NULL,'2021-06-21 06:13:28','2021-06-21 06:13:28'),(164,630,57,13,NULL,NULL,0,0,NULL,'2021-06-21 06:13:28','2021-06-21 06:13:28'),(165,630,57,14,NULL,NULL,0,0,NULL,'2021-06-21 06:13:28','2021-06-21 06:13:28'),(166,630,57,15,NULL,NULL,0,0,NULL,'2021-06-21 06:13:28','2021-06-21 06:13:28'),(167,630,57,16,NULL,NULL,0,0,NULL,'2021-06-21 06:13:28','2021-06-21 06:13:28'),(168,630,57,17,NULL,NULL,0,0,NULL,'2021-06-21 06:13:28','2021-06-21 06:13:28'),(169,630,57,18,NULL,NULL,0,0,NULL,'2021-06-21 06:13:28','2021-06-21 06:13:28');

--
-- Table structure for table `tasks`
--

